000
CDUS41 KCLE 110534
CLIERI


CLIMATE REPORT
NATIONAL WEATHER SERVICE CLEVELAND OH
1234 AM EST WED JAN 11 2017


...................................

...THE ERIE PA CLIMATE SUMMARY FOR JANUARY 10 2017...

CLIMATE NORMAL PERIOD 1981 TO 2010
CLIMATE RECORD PERIOD 1873 TO 2017


WEATHER ITEM   OBSERVED TIME   RECORD YEAR NORMAL DEPARTURE LAST
                VALUE   (LST)  VALUE       VALUE  FROM      YEAR
                                                  NORMAL
..................................................................
TEMPERATURE (F)
 YESTERDAY
  MAXIMUM         49   1159 PM  60    1950  34     15       50
  MINIMUM         26   1227 AM -15    1875  21      5       23
  AVERAGE         38                        27     11       37

PRECIPITATION (IN)
  YESTERDAY        0.28                      0.11   0.17     0.37
  MONTH TO DATE    1.85                      1.07   0.78     0.89
  SINCE DEC 1      5.73                      4.81   0.92     4.78
  SINCE JAN 1      1.85                      1.07   0.78     0.89

SNOWFALL (IN)
  YESTERDAY        0.5                       1.0   -0.5      1.3
  MONTH TO DATE   20.2                      10.2   10.0      8.0
  SINCE DEC 1     42.4                      37.7    4.7     12.9
  SINCE JUL 1     44.8                      46.4   -1.6     13.4
  SNOW DEPTH       4

DEGREE DAYS
 HEATING
  YESTERDAY       27                        38    -11       28
  MONTH TO DATE  386                       372     14      340
  SINCE DEC 1   1379                      1384     -5      984
  SINCE JUL 1   2159                      2540   -381     1875

 COOLING
  YESTERDAY        0                         0      0        0
  MONTH TO DATE    0                         0      0        0
  SINCE DEC 1      0                         0      0        0
  SINCE JAN 1      0                         0      0        0
..................................................................


WIND (MPH)
  HIGHEST WIND SPEED    45   HIGHEST WIND DIRECTION     S (170)
  HIGHEST GUST SPEED    68   HIGHEST GUST DIRECTION     S (180)
  AVERAGE WIND SPEED    24.8


SKY COVER
  POSSIBLE SUNSHINE  MM
  AVERAGE SKY COVER 1.0


WEATHER CONDITIONS
 THE FOLLOWING WEATHER WAS RECORDED YESTERDAY.
  LIGHT RAIN
  LIGHT SNOW
  FOG
  HAZE


RELATIVE HUMIDITY (PERCENT)
 HIGHEST    78           600 AM
 LOWEST     43           300 AM
 AVERAGE    61

..........................................................


THE ERIE PA CLIMATE NORMALS FOR TODAY
                         NORMAL    RECORD    YEAR
 MAXIMUM TEMPERATURE (F)   34        66      1890
 MINIMUM TEMPERATURE (F)   21        -8      1982


SUNRISE AND SUNSET
JANUARY 11 2017.......SUNRISE   748 AM EST   SUNSET   510 PM EST
JANUARY 12 2017.......SUNRISE   748 AM EST   SUNSET   511 PM EST


-  INDICATES NEGATIVE NUMBERS.
R  INDICATES RECORD WAS SET OR TIED.
MM INDICATES DATA IS MISSING.
T  INDICATES TRACE AMOUNT.




$$
