000
CDUS41 KCLE 052220
CLIERI


CLIMATE REPORT
NATIONAL WEATHER SERVICE CLEVELAND OH
520 PM EST TUE DEC 5 2017


...................................

...THE ERIE PA CLIMATE SUMMARY FOR DECEMBER 5 2017...
VALID TODAY AS OF 0500 PM LOCAL TIME.

CLIMATE NORMAL PERIOD 1981 TO 2010
CLIMATE RECORD PERIOD 1873 TO 2017


WEATHER ITEM   OBSERVED TIME   RECORD YEAR NORMAL DEPARTURE LAST
                VALUE   (LST)  VALUE       VALUE  FROM      YEAR
                                                  NORMAL
..................................................................
TEMPERATURE (F)
 TODAY
  MAXIMUM         54   1216 PM  72    2001  42     12       43
  MINIMUM         45    339 PM  -2    1886  30     15       36
  AVERAGE         50                        36     14       40

PRECIPITATION (IN)
  TODAY            0.24                      0.12   0.12     0.05
  MONTH TO DATE    0.24                      0.62  -0.38     0.90
  SINCE DEC 1      0.24                      0.62  -0.38     0.90
  SINCE JAN 1     46.21                     39.04   7.17    42.68

SNOWFALL (IN)
  TODAY            0.0                       0.7   -0.7       T
  MONTH TO DATE    0.0                       3.2   -3.2       T
  SINCE DEC 1      0.0                       3.2   -3.2       T
  SINCE JUL 1      0.5                      11.9  -11.4      2.4
  SNOW DEPTH       0

DEGREE DAYS
 HEATING
  TODAY           15                        29    -14       25
  MONTH TO DATE  112                       142    -30      126
  SINCE DEC 1    112                       142    -30      126
  SINCE JUL 1   1109                      1298   -189      906

 COOLING
  TODAY            0                         0      0        0
  MONTH TO DATE    0                         0      0        0
  SINCE DEC 1      0                         0      0        0
  SINCE JAN 1    697                       638     59     1017
..................................................................


WIND (MPH)
  HIGHEST WIND SPEED    36   HIGHEST WIND DIRECTION     S (180)
  HIGHEST GUST SPEED    53   HIGHEST GUST DIRECTION     S (180)


SKY COVER
  POSSIBLE SUNSHINE  MM
  AVERAGE SKY COVER 0.9


WEATHER CONDITIONS
 THE FOLLOWING WEATHER WAS RECORDED TODAY.
  THUNDERSTORM
  LIGHT RAIN
  HAZE


RELATIVE HUMIDITY (PERCENT)
 HIGHEST    86           100 PM
 LOWEST     45           100 AM
 AVERAGE    66

..........................................................


THE ERIE PA CLIMATE NORMALS FOR TOMORROW
                         NORMAL    RECORD    YEAR
 MAXIMUM TEMPERATURE (F)   41        69      1998
 MINIMUM TEMPERATURE (F)   30        12      1926
                                             1886
                                             1885


SUNRISE AND SUNSET
DECEMBER  5 2017......SUNRISE   734 AM EST   SUNSET   449 PM EST
DECEMBER  6 2017......SUNRISE   735 AM EST   SUNSET   449 PM EST


-  INDICATES NEGATIVE NUMBERS.
R  INDICATES RECORD WAS SET OR TIED.
MM INDICATES DATA IS MISSING.
T  INDICATES TRACE AMOUNT.




$$
