000
CDUS41 KCLE 152218
CLIERI


CLIMATE REPORT
NATIONAL WEATHER SERVICE CLEVELAND OH
517 PM EST THU FEB 15 2018


...................................

...THE ERIE PA CLIMATE SUMMARY FOR FEBRUARY 15 2018...
VALID TODAY AS OF 0500 PM LOCAL TIME.

CLIMATE NORMAL PERIOD 1981 TO 2010
CLIMATE RECORD PERIOD 1873 TO 2018


WEATHER ITEM   OBSERVED TIME   RECORD YEAR NORMAL DEPARTURE LAST
                VALUE   (LST)  VALUE       VALUE  FROM      YEAR
                                                  NORMAL
..................................................................
TEMPERATURE (F)
 TODAY
  MAXIMUM         59    217 PM  65    1954  35     24       40
  MINIMUM         44   1207 AM  -9    2015  21     23       27
                                      1943
  AVERAGE         52                        28     24       34

PRECIPITATION (IN)
  TODAY            0.04                      0.09  -0.05     0.13
  MONTH TO DATE    1.31                      1.25   0.06     1.79
  SINCE DEC 1     11.58                      7.94   3.64    10.55
  SINCE JAN 1      4.03                      4.20  -0.17     6.67

SNOWFALL (IN)
  TODAY            0.0                       0.6   -0.6      1.6
  MONTH TO DATE   11.0                      10.3    0.7      9.0
  SINCE DEC 1    154.3                      67.4   86.9     64.6
  SINCE JUL 1    154.8                      76.1   78.7     67.0
  SNOW DEPTH       0

DEGREE DAYS
 HEATING
  TODAY           13                        37    -24       31
  MONTH TO DATE  574                       564     10      495
  SINCE DEC 1   2908                      2746    162     2466
  SINCE JUL 1   3905                      3902      3     3246

 COOLING
  TODAY            0                         0      0        0
  MONTH TO DATE    0                         0      0        0
  SINCE DEC 1      0                         0      0        0
  SINCE JAN 1      0                         0      0        0
..................................................................


WIND (MPH)
  HIGHEST WIND SPEED    20   HIGHEST WIND DIRECTION    SW (210)
  HIGHEST GUST SPEED    29   HIGHEST GUST DIRECTION     S (200)


SKY COVER
  POSSIBLE SUNSHINE  MM
  AVERAGE SKY COVER 0.9


WEATHER CONDITIONS
 THE FOLLOWING WEATHER WAS RECORDED TODAY.
  LIGHT RAIN
  FOG


RELATIVE HUMIDITY (PERCENT)
 HIGHEST    93           200 AM
 LOWEST     72          1200 PM
 AVERAGE    83

..........................................................


THE ERIE PA CLIMATE NORMALS FOR TOMORROW
                         NORMAL    RECORD    YEAR
 MAXIMUM TEMPERATURE (F)   36        70      1883
 MINIMUM TEMPERATURE (F)   21       -18      2015


SUNRISE AND SUNSET
FEBRUARY 15 2018......SUNRISE   717 AM EST   SUNSET   554 PM EST
FEBRUARY 16 2018......SUNRISE   715 AM EST   SUNSET   555 PM EST


-  INDICATES NEGATIVE NUMBERS.
R  INDICATES RECORD WAS SET OR TIED.
MM INDICATES DATA IS MISSING.
T  INDICATES TRACE AMOUNT.




$$
