000
CDUS41 KCLE 130545
CLIERI


CLIMATE REPORT
NATIONAL WEATHER SERVICE CLEVELAND OH
145 AM EDT FRI OCT 13 2017


...................................

...THE ERIE PA CLIMATE SUMMARY FOR OCTOBER 12 2017...

CLIMATE NORMAL PERIOD 1981 TO 2010
CLIMATE RECORD PERIOD 1873 TO 2017


WEATHER ITEM   OBSERVED TIME   RECORD YEAR NORMAL DEPARTURE LAST
                VALUE   (LST)  VALUE       VALUE  FROM      YEAR
                                                  NORMAL
..................................................................
TEMPERATURE (F)
 YESTERDAY
  MAXIMUM         68    152 PM  84    1893  62      6       76
  MINIMUM         54    649 AM  30    1891  46      8       52
  AVERAGE         61                        54      7       64

PRECIPITATION (IN)
  YESTERDAY        T                         0.14  -0.14     0.00
  MONTH TO DATE    2.48                      1.73   0.75     0.57
  SINCE SEP 1      6.31                      6.34  -0.03     6.53
  SINCE JAN 1     37.68                     32.17   5.51    33.59

SNOWFALL (IN)
  YESTERDAY        0.0                       0.0    0.0      0.0
  MONTH TO DATE    0.0                       0.0    0.0      0.0
  SINCE SEP 1      0.0                       0.0    0.0      0.0
  SINCE JUL 1      0.0                       0.0    0.0      0.0
  SNOW DEPTH       0

DEGREE DAYS
 HEATING
  YESTERDAY        4                        11     -7        1
  MONTH TO DATE   32                       114    -82       54
  SINCE SEP 1    119                       220   -101       77
  SINCE JUL 1    129                       238   -109       77

 COOLING
  YESTERDAY        0                         0      0        0
  MONTH TO DATE   24                         7     17        8
  SINCE SEP 1    130                        78     52      144
  SINCE JAN 1    692                       636     56      993
..................................................................


WIND (MPH)
  HIGHEST WIND SPEED    25   HIGHEST WIND DIRECTION     S (160)
  HIGHEST GUST SPEED    34   HIGHEST GUST DIRECTION     S (170)
  AVERAGE WIND SPEED    11.3


SKY COVER
  POSSIBLE SUNSHINE  MM
  AVERAGE SKY COVER 0.8


WEATHER CONDITIONS
 THE FOLLOWING WEATHER WAS RECORDED YESTERDAY.
  LIGHT RAIN
  FOG


RELATIVE HUMIDITY (PERCENT)
 HIGHEST    93          1200 AM
 LOWEST     73           200 PM
 AVERAGE    83

..........................................................


THE ERIE PA CLIMATE NORMALS FOR TODAY
                         NORMAL    RECORD    YEAR
 MAXIMUM TEMPERATURE (F)   62        83      1983
 MINIMUM TEMPERATURE (F)   46        33      2012
                                             1957
                                             1934


SUNRISE AND SUNSET
OCTOBER 13 2017.......SUNRISE   731 AM EDT   SUNSET   642 PM EDT
OCTOBER 14 2017.......SUNRISE   732 AM EDT   SUNSET   640 PM EDT


-  INDICATES NEGATIVE NUMBERS.
R  INDICATES RECORD WAS SET OR TIED.
MM INDICATES DATA IS MISSING.
T  INDICATES TRACE AMOUNT.




$$
