000
CDUS41 KCLE 100545
CLIERI


CLIMATE REPORT
NATIONAL WEATHER SERVICE CLEVELAND OH
145 AM EDT TUE OCT 10 2017


...................................

...THE ERIE PA CLIMATE SUMMARY FOR OCTOBER 9 2017...

CLIMATE NORMAL PERIOD 1981 TO 2010
CLIMATE RECORD PERIOD 1873 TO 2017


WEATHER ITEM   OBSERVED TIME   RECORD YEAR NORMAL DEPARTURE LAST
                VALUE   (LST)  VALUE       VALUE  FROM      YEAR
                                                  NORMAL
..................................................................
TEMPERATURE (F)
 YESTERDAY
  MAXIMUM         67    623 AM  82    1883  63      4       60
  MINIMUM         60   1157 PM  34    2000  47     13       50
  AVERAGE         64                        55      9       55

PRECIPITATION (IN)
  YESTERDAY        1.05                      0.14   0.91     0.00
  MONTH TO DATE    2.07                      1.31   0.76     0.57
  SINCE SEP 1      5.90                      5.92  -0.02     6.53
  SINCE JAN 1     37.27                     31.75   5.52    33.59

SNOWFALL (IN)
  YESTERDAY        0.0                       0.0    0.0      0.0
  MONTH TO DATE    0.0                       0.0    0.0      0.0
  SINCE SEP 1      0.0                       0.0    0.0      0.0
  SINCE JUL 1      0.0                       0.0    0.0      0.0
  SNOW DEPTH       0

DEGREE DAYS
 HEATING
  YESTERDAY        1                        10     -9       10
  MONTH TO DATE   21                        81    -60       28
  SINCE SEP 1    108                       187    -79       51
  SINCE JUL 1    118                       205    -87       51

 COOLING
  YESTERDAY        0                         0      0        0
  MONTH TO DATE   24                         7     17        8
  SINCE SEP 1    130                        78     52      144
  SINCE JAN 1    692                       636     56      993
..................................................................


WIND (MPH)
  HIGHEST WIND SPEED    23   HIGHEST WIND DIRECTION     N (20)
  HIGHEST GUST SPEED    29   HIGHEST GUST DIRECTION    NE (30)
  AVERAGE WIND SPEED     6.7


SKY COVER
  POSSIBLE SUNSHINE  MM
  AVERAGE SKY COVER 1.0


WEATHER CONDITIONS
 THE FOLLOWING WEATHER WAS RECORDED YESTERDAY.
  HEAVY RAIN
  RAIN
  LIGHT RAIN
  FOG


RELATIVE HUMIDITY (PERCENT)
 HIGHEST   100           500 AM
 LOWEST     93          1200 AM
 AVERAGE    97

..........................................................


THE ERIE PA CLIMATE NORMALS FOR TODAY
                         NORMAL    RECORD    YEAR
 MAXIMUM TEMPERATURE (F)   63        88      1949
 MINIMUM TEMPERATURE (F)   47        29      1972


SUNRISE AND SUNSET
OCTOBER 10 2017.......SUNRISE   728 AM EDT   SUNSET   647 PM EDT
OCTOBER 11 2017.......SUNRISE   729 AM EDT   SUNSET   645 PM EDT


-  INDICATES NEGATIVE NUMBERS.
R  INDICATES RECORD WAS SET OR TIED.
MM INDICATES DATA IS MISSING.
T  INDICATES TRACE AMOUNT.




$$
