000
CDUS41 KCLE 020540
CLIERI


CLIMATE REPORT
NATIONAL WEATHER SERVICE CLEVELAND OH
1240 AM EST FRI DEC 2 2016


...................................

...THE ERIE PA CLIMATE SUMMARY FOR DECEMBER 1 2016...

CLIMATE NORMAL PERIOD 1981 TO 2010
CLIMATE RECORD PERIOD 1873 TO 2016


WEATHER ITEM   OBSERVED TIME   RECORD YEAR NORMAL DEPARTURE LAST
                VALUE   (LST)  VALUE       VALUE  FROM      YEAR
                                                  NORMAL
..................................................................
TEMPERATURE (F)
 YESTERDAY
  MAXIMUM         46   1231 AM  66    1982  43      3       54
  MINIMUM         36    603 PM   7    1929  32      4       42
  AVERAGE         41                        37      4       48

PRECIPITATION (IN)
  YESTERDAY        0.30                      0.12   0.18     0.05
  MONTH TO DATE    0.30                      0.12   0.18     0.05
  SINCE DEC 1      0.30                      0.12   0.18     0.05
  SINCE JAN 1     42.08                     38.54   3.54    33.53

SNOWFALL (IN)
  YESTERDAY        T                         0.6   -0.6      0.0
  MONTH TO DATE    T                         0.6   -0.6      0.0
  SINCE DEC 1      T                         0.6   -0.6      0.0
  SINCE JUL 1      2.4                       9.3   -6.9      0.5
  SNOW DEPTH       0

DEGREE DAYS
 HEATING
  YESTERDAY       24                        28     -4       17
  MONTH TO DATE   24                        28     -4       17
  SINCE DEC 1     24                        28     -4       17
  SINCE JUL 1    804                      1184   -380      908

 COOLING
  YESTERDAY        0                         0      0        0
  MONTH TO DATE    0                         0      0        0
  SINCE DEC 1      0                         0      0        0
  SINCE JAN 1   1017                       638    379      773
..................................................................


WIND (MPH)
  HIGHEST WIND SPEED    25   HIGHEST WIND DIRECTION    SW (210)
  HIGHEST GUST SPEED    36   HIGHEST GUST DIRECTION     W (270)
  AVERAGE WIND SPEED    16.1


SKY COVER
  POSSIBLE SUNSHINE  MM
  AVERAGE SKY COVER 1.0


WEATHER CONDITIONS
 THE FOLLOWING WEATHER WAS RECORDED YESTERDAY.
  LIGHT RAIN
  LIGHT SNOW
  FOG
  HAZE


RELATIVE HUMIDITY (PERCENT)
 HIGHEST    85           400 PM
 LOWEST     64           900 AM
 AVERAGE    75

..........................................................


THE ERIE PA CLIMATE NORMALS FOR TODAY
                         NORMAL    RECORD    YEAR
 MAXIMUM TEMPERATURE (F)   43        70      1982
 MINIMUM TEMPERATURE (F)   31        10      1976


SUNRISE AND SUNSET
DECEMBER  2 2016......SUNRISE   731 AM EST   SUNSET   450 PM EST
DECEMBER  3 2016......SUNRISE   732 AM EST   SUNSET   449 PM EST


-  INDICATES NEGATIVE NUMBERS.
R  INDICATES RECORD WAS SET OR TIED.
MM INDICATES DATA IS MISSING.
T  INDICATES TRACE AMOUNT.




$$
