855
CDUS41 KCLE 100531
CLIERI


CLIMATE REPORT
NATIONAL WEATHER SERVICE CLEVELAND OH
1230 AM EST WED FEB 10 2016


...................................

...THE ERIE PA CLIMATE SUMMARY FOR FEBRUARY 9 2016...

CLIMATE NORMAL PERIOD 1981 TO 2010
CLIMATE RECORD PERIOD 1873 TO 2016


WEATHER ITEM   OBSERVED TIME   RECORD YEAR NORMAL DEPARTURE LAST
                VALUE   (LST)  VALUE       VALUE  FROM      YEAR
                                                  NORMAL
..................................................................
TEMPERATURE (F)
 YESTERDAY
  MAXIMUM         36   1112 AM  63    2001  34      2       19
  MINIMUM         28   1159 PM -16    1875  20      8       15
  AVERAGE         32                        27      5       17

PRECIPITATION (IN)
  YESTERDAY        0.11                      0.08   0.03     0.09
  MONTH TO DATE    1.02                      0.74   0.28     1.16
  SINCE DEC 1      7.29                      7.43  -0.14     7.35
  SINCE JAN 1      3.40                      3.69  -0.29     4.90

SNOWFALL (IN)
  YESTERDAY        0.9                       0.7    0.2      0.7
  MONTH TO DATE    2.3                       6.5   -4.2     17.3
  SINCE DEC 1     45.6                      63.6  -18.0     60.2
  SINCE JUL 1     46.1                      72.3  -26.2     85.2
  SNOW DEPTH       0

DEGREE DAYS
 HEATING
  YESTERDAY       33                        38     -5       48
  MONTH TO DATE  242                       342   -100      391
  SINCE DEC 1   2005                      2524   -519     2607
  SINCE JUL 1   2896                      3680   -784     3821

 COOLING
  YESTERDAY        0                         0      0        0
  MONTH TO DATE    0                         0      0        0
  SINCE DEC 1      0                         0      0        0
  SINCE JAN 1      0                         0      0        0
..................................................................


WIND (MPH)
  HIGHEST WIND SPEED    23   HIGHEST WIND DIRECTION     W (250)
  HIGHEST GUST SPEED    32   HIGHEST GUST DIRECTION     W (270)
  AVERAGE WIND SPEED    10.7


SKY COVER
  POSSIBLE SUNSHINE  MM
  AVERAGE SKY COVER 1.0


WEATHER CONDITIONS
 THE FOLLOWING WEATHER WAS RECORDED YESTERDAY.
  SNOW
  LIGHT SNOW
  FOG
  HAZE


RELATIVE HUMIDITY (PERCENT)
 HIGHEST    89           500 AM
 LOWEST     69           300 PM
 AVERAGE    79

..........................................................


THE ERIE PA CLIMATE NORMALS FOR TODAY
                         NORMAL    RECORD    YEAR
 MAXIMUM TEMPERATURE (F)   35        62      1965
                                             1932
 MINIMUM TEMPERATURE (F)   21       -12      1899


SUNRISE AND SUNSET
FEBRUARY 10 2016......SUNRISE   724 AM EST   SUNSET   546 PM EST
FEBRUARY 11 2016......SUNRISE   723 AM EST   SUNSET   548 PM EST


-  INDICATES NEGATIVE NUMBERS.
R  INDICATES RECORD WAS SET OR TIED.
MM INDICATES DATA IS MISSING.
T  INDICATES TRACE AMOUNT.




$$
