000
CDUS41 KCLE 110532
CLIERI


CLIMATE REPORT
NATIONAL WEATHER SERVICE CLEVELAND OH
1231 AM EST THU FEB 11 2016


...................................

...THE ERIE PA CLIMATE SUMMARY FOR FEBRUARY 10 2016...

CLIMATE NORMAL PERIOD 1981 TO 2010
CLIMATE RECORD PERIOD 1873 TO 2016


WEATHER ITEM   OBSERVED TIME   RECORD YEAR NORMAL DEPARTURE LAST
                VALUE   (LST)  VALUE       VALUE  FROM      YEAR
                                                  NORMAL
..................................................................
TEMPERATURE (F)
 YESTERDAY
  MAXIMUM         28    320 AM  62    1965  35     -7       22
                                      1932
  MINIMUM         18   1159 PM -12    1899  21     -3       16
  AVERAGE         23                        28     -5       19

PRECIPITATION (IN)
  YESTERDAY        0.37                      0.09   0.28     0.01
  MONTH TO DATE    1.39                      0.83   0.56     1.17
  SINCE DEC 1      7.66                      7.52   0.14     7.36
  SINCE JAN 1      3.77                      3.78  -0.01     4.91

SNOWFALL (IN)
  YESTERDAY        6.1                       0.6    5.5      0.3
  MONTH TO DATE    8.4                       7.1    1.3     17.6
  SINCE DEC 1     51.7                      64.2  -12.5     60.5
  SINCE JUL 1     52.2                      72.9  -20.7     85.5
  SNOW DEPTH       2

DEGREE DAYS
 HEATING
  YESTERDAY       42                        37      5       46
  MONTH TO DATE  284                       379    -95      437
  SINCE DEC 1   2047                      2561   -514     2653
  SINCE JUL 1   2938                      3717   -779     3867

 COOLING
  YESTERDAY        0                         0      0        0
  MONTH TO DATE    0                         0      0        0
  SINCE DEC 1      0                         0      0        0
  SINCE JAN 1      0                         0      0        0
..................................................................


WIND (MPH)
  HIGHEST WIND SPEED    23   HIGHEST WIND DIRECTION     W (290)
  HIGHEST GUST SPEED    32   HIGHEST GUST DIRECTION     W (280)
  AVERAGE WIND SPEED    15.2


SKY COVER
  POSSIBLE SUNSHINE  MM
  AVERAGE SKY COVER 1.0


WEATHER CONDITIONS
 THE FOLLOWING WEATHER WAS RECORDED YESTERDAY.
  HEAVY SNOW
  SNOW
  LIGHT SNOW
  FOG
  FOG W/VISIBILITY <= 1/4 MILE
  HAZE


RELATIVE HUMIDITY (PERCENT)
 HIGHEST    88          1200 PM
 LOWEST     56           700 PM
 AVERAGE    72

..........................................................


THE ERIE PA CLIMATE NORMALS FOR TODAY
                         NORMAL    RECORD    YEAR
 MAXIMUM TEMPERATURE (F)   35        72      1932
 MINIMUM TEMPERATURE (F)   21       -17      1979


SUNRISE AND SUNSET
FEBRUARY 11 2016......SUNRISE   723 AM EST   SUNSET   548 PM EST
FEBRUARY 12 2016......SUNRISE   721 AM EST   SUNSET   549 PM EST


-  INDICATES NEGATIVE NUMBERS.
R  INDICATES RECORD WAS SET OR TIED.
MM INDICATES DATA IS MISSING.
T  INDICATES TRACE AMOUNT.




$$
