000
CDUS41 KCLE 200528
CLIERI


CLIMATE REPORT
NATIONAL WEATHER SERVICE CLEVELAND OH
1227 AM EST FRI JAN 20 2017


...................................

...THE ERIE PA CLIMATE SUMMARY FOR JANUARY 19 2017...

CLIMATE NORMAL PERIOD 1981 TO 2010
CLIMATE RECORD PERIOD 1873 TO 2017


WEATHER ITEM   OBSERVED TIME   RECORD YEAR NORMAL DEPARTURE LAST
                VALUE   (LST)  VALUE       VALUE  FROM      YEAR
                                                  NORMAL
..................................................................
TEMPERATURE (F)
 YESTERDAY
  MAXIMUM         37    119 PM  65    1907  33      4       23
  MINIMUM         30   1153 PM -18    1994  20     10       12
  AVERAGE         34                        27      7       18

PRECIPITATION (IN)
  YESTERDAY        0.00                      0.10  -0.10     0.03
  MONTH TO DATE    3.47                      1.93   1.54     2.13
  SINCE DEC 1      7.35                      5.67   1.68     6.02
  SINCE JAN 1      3.47                      1.93   1.54     2.13

SNOWFALL (IN)
  YESTERDAY        0.0                       0.9   -0.9      0.7
  MONTH TO DATE   20.2                      19.2    1.0     33.6
  SINCE DEC 1     42.4                      46.7   -4.3     38.5
  SINCE JUL 1     44.8                      55.4  -10.6     39.0
  SNOW DEPTH       0

DEGREE DAYS
 HEATING
  YESTERDAY       31                        38     -7       47
  MONTH TO DATE  644                       714    -70      699
  SINCE DEC 1   1637                      1726    -89     1343
  SINCE JUL 1   2417                      2882   -465     2234

 COOLING
  YESTERDAY        0                         0      0        0
  MONTH TO DATE    0                         0      0        0
  SINCE DEC 1      0                         0      0        0
  SINCE JAN 1      0                         0      0        0
..................................................................


WIND (MPH)
  HIGHEST WIND SPEED    15   HIGHEST WIND DIRECTION     W (250)
  HIGHEST GUST SPEED    22   HIGHEST GUST DIRECTION     W (250)
  AVERAGE WIND SPEED     4.4


SKY COVER
  POSSIBLE SUNSHINE  MM
  AVERAGE SKY COVER 0.9


WEATHER CONDITIONS
 THE FOLLOWING WEATHER WAS RECORDED YESTERDAY.
  FOG


RELATIVE HUMIDITY (PERCENT)
 HIGHEST   100           500 AM
 LOWEST     85          1000 AM
 AVERAGE    93

..........................................................


THE ERIE PA CLIMATE NORMALS FOR TODAY
                         NORMAL    RECORD    YEAR
 MAXIMUM TEMPERATURE (F)   33        65      1907
                                             1906
 MINIMUM TEMPERATURE (F)   20       -15      1985


SUNRISE AND SUNSET
JANUARY 20 2017.......SUNRISE   744 AM EST   SUNSET   521 PM EST
JANUARY 21 2017.......SUNRISE   743 AM EST   SUNSET   522 PM EST


-  INDICATES NEGATIVE NUMBERS.
R  INDICATES RECORD WAS SET OR TIED.
MM INDICATES DATA IS MISSING.
T  INDICATES TRACE AMOUNT.




$$
