000
CDUS41 KCLE 140539
CLIERI


CLIMATE REPORT
NATIONAL WEATHER SERVICE CLEVELAND OH
1229 AM EST WED FEB 14 2018


...................................

...THE ERIE PA CLIMATE SUMMARY FOR FEBRUARY 13 2018...

CLIMATE NORMAL PERIOD 1981 TO 2010
CLIMATE RECORD PERIOD 1873 TO 2018


WEATHER ITEM   OBSERVED TIME   RECORD YEAR NORMAL DEPARTURE LAST
                VALUE   (LST)  VALUE       VALUE  FROM      YEAR
                                                  NORMAL
..................................................................
TEMPERATURE (F)
 YESTERDAY
  MAXIMUM         40   1151 PM  63    1990  35      5       32
  MINIMUM          7    510 AM -10    1914  21    -14       24
  AVERAGE         24                        28     -4       28

PRECIPITATION (IN)
  YESTERDAY        0.00                      0.09  -0.09     0.01
  MONTH TO DATE    1.27                      1.08   0.19     1.65
  SINCE DEC 1     11.54                      7.77   3.77    10.41
  SINCE JAN 1      3.99                      4.03  -0.04     6.53

SNOWFALL (IN)
  YESTERDAY        0.0                       0.6   -0.6      0.3
  MONTH TO DATE   11.0                       9.0    2.0      7.4
  SINCE DEC 1    154.3                      66.1   88.2     63.0
  SINCE JUL 1    154.8                      74.8   80.0     65.4
  SNOW DEPTH       3

DEGREE DAYS
 HEATING
  YESTERDAY       41                        37      4       37
  MONTH TO DATE  540                       490     50      435
  SINCE DEC 1   2874                      2672    202     2406
  SINCE JUL 1   3871                      3828     43     3186

 COOLING
  YESTERDAY        0                         0      0        0
  MONTH TO DATE    0                         0      0        0
  SINCE DEC 1      0                         0      0        0
  SINCE JAN 1      0                         0      0        0
..................................................................


WIND (MPH)
  HIGHEST WIND SPEED    13   HIGHEST WIND DIRECTION     S (180)
  HIGHEST GUST SPEED    17   HIGHEST GUST DIRECTION     S (170)
  AVERAGE WIND SPEED     4.6


SKY COVER
  POSSIBLE SUNSHINE  MM
  AVERAGE SKY COVER 0.2


WEATHER CONDITIONS
 THE FOLLOWING WEATHER WAS RECORDED YESTERDAY.
  FOG
  HAZE


RELATIVE HUMIDITY (PERCENT)
 HIGHEST    83           100 AM
 LOWEST     48          1100 PM
 AVERAGE    66

..........................................................


THE ERIE PA CLIMATE NORMALS FOR TODAY
                         NORMAL    RECORD    YEAR
 MAXIMUM TEMPERATURE (F)   35        59      1946
                                             1938
 MINIMUM TEMPERATURE (F)   21       -10      1979


SUNRISE AND SUNSET
FEBRUARY 14 2018......SUNRISE   718 AM EST   SUNSET   552 PM EST
FEBRUARY 15 2018......SUNRISE   717 AM EST   SUNSET   554 PM EST


-  INDICATES NEGATIVE NUMBERS.
R  INDICATES RECORD WAS SET OR TIED.
MM INDICATES DATA IS MISSING.
T  INDICATES TRACE AMOUNT.




$$
