000
CDUS41 KCLE 260537
CLIERI


CLIMATE REPORT
NATIONAL WEATHER SERVICE CLEVELAND OH
135 AM EDT THU MAR 26 2015


...................................

...THE ERIE PA CLIMATE SUMMARY FOR MARCH 25 2015...

CLIMATE NORMAL PERIOD 1981 TO 2010
CLIMATE RECORD PERIOD 1873 TO 2015


WEATHER ITEM   OBSERVED TIME   RECORD YEAR NORMAL DEPARTURE LAST
                VALUE   (LST)  VALUE       VALUE  FROM      YEAR
                                                  NORMAL
..................................................................
TEMPERATURE (F)
 YESTERDAY
  MAXIMUM         52    351 PM  76    1929  47      5       36
  MINIMUM         26    103 AM   8    1888  30     -4       18
  AVERAGE         39                        39      0       27

PRECIPITATION (IN)
  YESTERDAY        0.06                      0.10  -0.04     0.13
  MONTH TO DATE    1.00                      2.33  -1.33     1.92
  SINCE MAR 1      1.00                      2.33  -1.33     1.92
  SINCE JAN 1      6.76                      7.67  -0.91     7.83

SNOWFALL (IN)
  YESTERDAY        0.0                       0.4   -0.4      2.4
  MONTH TO DATE    4.6                      11.9   -7.3     13.4
  SINCE MAR 1      4.6                      11.9   -7.3     13.4
  SINCE JUL 1    104.0                      95.9    8.1    133.0
  SNOW DEPTH       0

DEGREE DAYS
 HEATING
  YESTERDAY       26                        26      0       38
  MONTH TO DATE  846                       762     84      944
  SINCE MAR 1    846                       762     84      944
  SINCE JUL 1   5722                      5127    595     5765

 COOLING
  YESTERDAY        0                         0      0        0
  MONTH TO DATE    0                         0      0        0
  SINCE MAR 1      0                         0      0        0
  SINCE JAN 1      0                         0      0        0
..................................................................


WIND (MPH)
  HIGHEST WIND SPEED    29   HIGHEST WIND DIRECTION    SE (150)
  HIGHEST GUST SPEED    37   HIGHEST GUST DIRECTION     S (160)
  AVERAGE WIND SPEED    14.9


SKY COVER
  POSSIBLE SUNSHINE  MM
  AVERAGE SKY COVER 0.4


WEATHER CONDITIONS
 THE FOLLOWING WEATHER WAS RECORDED YESTERDAY.
  LIGHT RAIN
  FOG
  HAZE


RELATIVE HUMIDITY (PERCENT)
 HIGHEST    89           800 PM
 LOWEST     52           200 AM
 AVERAGE    71

..........................................................


THE ERIE PA CLIMATE NORMALS FOR TODAY
                         NORMAL    RECORD    YEAR
 MAXIMUM TEMPERATURE (F)   48        81      1945
 MINIMUM TEMPERATURE (F)   31        12      2014


SUNRISE AND SUNSET
MARCH 26 2015.........SUNRISE   714 AM EDT   SUNSET   739 PM EDT
MARCH 27 2015.........SUNRISE   712 AM EDT   SUNSET   741 PM EDT


-  INDICATES NEGATIVE NUMBERS.
R  INDICATES RECORD WAS SET OR TIED.
MM INDICATES DATA IS MISSING.
T  INDICATES TRACE AMOUNT.




$$
