000
CDUS41 KCLE 222113
CLIERI


CLIMATE REPORT
NATIONAL WEATHER SERVICE CLEVELAND OH
511 PM EDT WED MAR 22 2017


...................................

...THE ERIE PA CLIMATE SUMMARY FOR MARCH 22 2017...
VALID TODAY AS OF 0500 PM LOCAL TIME.

CLIMATE NORMAL PERIOD 1981 TO 2010
CLIMATE RECORD PERIOD 1873 TO 2017


WEATHER ITEM   OBSERVED TIME   RECORD YEAR NORMAL DEPARTURE LAST
                VALUE   (LST)  VALUE       VALUE  FROM      YEAR
                                                  NORMAL
..................................................................
TEMPERATURE (F)
 TODAY
  MAXIMUM         30    129 AM  82    1938  46    -16       60
  MINIMUM         23    819 AM   0    1885  29     -6       31
  AVERAGE         27                        38    -11       46

PRECIPITATION (IN)
  TODAY            0.00                      0.10  -0.10      T
  MONTH TO DATE    1.82                      2.03  -0.21     1.43
  SINCE MAR 1      1.82                      2.03  -0.21     1.43
  SINCE JAN 1      9.24                      7.37   1.87     7.64

SNOWFALL (IN)
  TODAY            0.0                       0.4   -0.4      0.0
  MONTH TO DATE    9.8                      10.8   -1.0      1.1
  SINCE MAR 1      9.8                      10.8   -1.0      1.1
  SINCE JUL 1     78.1                      94.8  -16.7     68.3
  SNOW DEPTH       0

DEGREE DAYS
 HEATING
  TODAY           38                        27     11       19
  MONTH TO DATE  718                       682     36      520
  SINCE MAR 1    718                       682     36      520
  SINCE JUL 1   4222                      5047   -825     4118

 COOLING
  TODAY            0                         0      0        0
  MONTH TO DATE    0                         0      0        0
  SINCE MAR 1      0                         0      0        0
  SINCE JAN 1      0                         0      0        0
..................................................................


WIND (MPH)
  HIGHEST WIND SPEED    21   HIGHEST WIND DIRECTION     N (10)
  HIGHEST GUST SPEED    29   HIGHEST GUST DIRECTION     N (350)


SKY COVER
  POSSIBLE SUNSHINE  MM
  AVERAGE SKY COVER 0.4


WEATHER CONDITIONS
 THE FOLLOWING WEATHER WAS RECORDED TODAY.
  NO SIGNIFICANT WEATHER WAS OBSERVED.


RELATIVE HUMIDITY (PERCENT)
 HIGHEST    69           300 AM
 LOWEST     42           300 PM
 AVERAGE    56

..........................................................


THE ERIE PA CLIMATE NORMALS FOR TOMORROW
                         NORMAL    RECORD    YEAR
 MAXIMUM TEMPERATURE (F)   46        78      1966
 MINIMUM TEMPERATURE (F)   30         4      1885


SUNRISE AND SUNSET
MARCH 22 2017.........SUNRISE   720 AM EDT   SUNSET   736 PM EDT
MARCH 23 2017.........SUNRISE   718 AM EDT   SUNSET   737 PM EDT


-  INDICATES NEGATIVE NUMBERS.
R  INDICATES RECORD WAS SET OR TIED.
MM INDICATES DATA IS MISSING.
T  INDICATES TRACE AMOUNT.




$$
