000
CDUS41 KCLE 150526
CLIERI


CLIMATE REPORT
NATIONAL WEATHER SERVICE CLEVELAND OH
1225 AM EST SUN JAN 15 2017


...................................

...THE ERIE PA CLIMATE SUMMARY FOR JANUARY 14 2017...

CLIMATE NORMAL PERIOD 1981 TO 2010
CLIMATE RECORD PERIOD 1873 TO 2017


WEATHER ITEM   OBSERVED TIME   RECORD YEAR NORMAL DEPARTURE LAST
                VALUE   (LST)  VALUE       VALUE  FROM      YEAR
                                                  NORMAL
..................................................................
TEMPERATURE (F)
 YESTERDAY
  MAXIMUM         31    803 PM  68    1995  34     -3       45
  MINIMUM         22    506 AM  -5    1893  21      1       17
  AVERAGE         27                        27      0       31

PRECIPITATION (IN)
  YESTERDAY        0.00                      0.10  -0.10     0.12
  MONTH TO DATE    2.83                      1.46   1.37     1.40
  SINCE DEC 1      6.71                      5.20   1.51     5.29
  SINCE JAN 1      2.83                      1.46   1.37     1.40

SNOWFALL (IN)
  YESTERDAY        0.0                       1.0   -1.0      3.5
  MONTH TO DATE   20.2                      14.3    5.9     19.5
  SINCE DEC 1     42.4                      41.8    0.6     24.4
  SINCE JUL 1     44.8                      50.5   -5.7     24.9
  SNOW DEPTH       0

DEGREE DAYS
 HEATING
  YESTERDAY       38                        38      0       34
  MONTH TO DATE  498                       524    -26      510
  SINCE DEC 1   1491                      1536    -45     1154
  SINCE JUL 1   2271                      2692   -421     2045

 COOLING
  YESTERDAY        0                         0      0        0
  MONTH TO DATE    0                         0      0        0
  SINCE DEC 1      0                         0      0        0
  SINCE JAN 1      0                         0      0        0
..................................................................


WIND (MPH)
  HIGHEST WIND SPEED     8   HIGHEST WIND DIRECTION    NE (50)
  HIGHEST GUST SPEED    10   HIGHEST GUST DIRECTION     E (80)
  AVERAGE WIND SPEED     3.1


SKY COVER
  POSSIBLE SUNSHINE  MM
  AVERAGE SKY COVER 0.6


WEATHER CONDITIONS
 THE FOLLOWING WEATHER WAS RECORDED YESTERDAY.
  NO SIGNIFICANT WEATHER WAS OBSERVED.


RELATIVE HUMIDITY (PERCENT)
 HIGHEST    88          1100 PM
 LOWEST     63          1200 AM
 AVERAGE    76

..........................................................


THE ERIE PA CLIMATE NORMALS FOR TODAY
                         NORMAL    RECORD    YEAR
 MAXIMUM TEMPERATURE (F)   34        65      1932
 MINIMUM TEMPERATURE (F)   21        -6      1984
                                             1970


SUNRISE AND SUNSET
JANUARY 15 2017.......SUNRISE   746 AM EST   SUNSET   515 PM EST
JANUARY 16 2017.......SUNRISE   746 AM EST   SUNSET   516 PM EST


-  INDICATES NEGATIVE NUMBERS.
R  INDICATES RECORD WAS SET OR TIED.
MM INDICATES DATA IS MISSING.
T  INDICATES TRACE AMOUNT.




$$
