000
CDUS41 KCLE 270528
CLIERI


CLIMATE REPORT
NATIONAL WEATHER SERVICE CLEVELAND OH
128 AM EDT SAT MAY 27 2017


...................................

...THE ERIE PA CLIMATE SUMMARY FOR MAY 26 2017...

CLIMATE NORMAL PERIOD 1981 TO 2010
CLIMATE RECORD PERIOD 1873 TO 2017


WEATHER ITEM   OBSERVED TIME   RECORD YEAR NORMAL DEPARTURE LAST
                VALUE   (LST)  VALUE       VALUE  FROM      YEAR
                                                  NORMAL
..................................................................
TEMPERATURE (F)
 YESTERDAY
  MAXIMUM         58    925 PM  90    1944  70    -12       87
  MINIMUM         53   1155 PM  34    1969  52      1       69
  AVERAGE         56                        61     -5       78

PRECIPITATION (IN)
  YESTERDAY        0.14                      0.11   0.03      T
  MONTH TO DATE    4.58                      2.87   1.71     1.56
  SINCE MAR 1     12.05                      9.15   2.90     6.55
  SINCE JAN 1     19.47                     14.49   4.98    12.76

SNOWFALL (IN)
  YESTERDAY        0.0                       0.0    0.0      0.0
  MONTH TO DATE    0.0                       0.0    0.0       T
  SINCE MAR 1     10.3                      16.9   -6.6      4.0
  SINCE JUL 1     78.6                     100.9  -22.3     71.2
  SNOW DEPTH       0

DEGREE DAYS
 HEATING
  YESTERDAY        9                         6      3        0
  MONTH TO DATE  269                       241     28      269
  SINCE MAR 1   1545                      1695   -150     1572
  SINCE JUL 1   5049                      6060  -1011     5170

 COOLING
  YESTERDAY        0                         2     -2       13
  MONTH TO DATE   29                        23      6       24
  SINCE MAR 1     38                        30      8       24
  SINCE JAN 1     38                        30      8       24
..................................................................


WIND (MPH)
  HIGHEST WIND SPEED    17   HIGHEST WIND DIRECTION     W (250)
  HIGHEST GUST SPEED    25   HIGHEST GUST DIRECTION     W (280)
  AVERAGE WIND SPEED     9.2


SKY COVER
  POSSIBLE SUNSHINE  MM
  AVERAGE SKY COVER 0.9


WEATHER CONDITIONS
 THE FOLLOWING WEATHER WAS RECORDED YESTERDAY.
  LIGHT RAIN
  FOG


RELATIVE HUMIDITY (PERCENT)
 HIGHEST   100           200 AM
 LOWEST     80           600 PM
 AVERAGE    90

..........................................................


THE ERIE PA CLIMATE NORMALS FOR TODAY
                         NORMAL    RECORD    YEAR
 MAXIMUM TEMPERATURE (F)   70        87      1955
 MINIMUM TEMPERATURE (F)   52        35      1969


SUNRISE AND SUNSET
MAY 27 2017...........SUNRISE   550 AM EDT   SUNSET   846 PM EDT
MAY 28 2017...........SUNRISE   549 AM EDT   SUNSET   847 PM EDT


-  INDICATES NEGATIVE NUMBERS.
R  INDICATES RECORD WAS SET OR TIED.
MM INDICATES DATA IS MISSING.
T  INDICATES TRACE AMOUNT.




$$
