000
CDUS41 KCLE 252114
CLIERI


CLIMATE REPORT
NATIONAL WEATHER SERVICE CLEVELAND OH
514 PM EDT THU SEP 25 2014


...................................

...THE ERIE PA CLIMATE SUMMARY FOR SEPTEMBER 25 2014...
VALID TODAY AS OF 0500 PM LOCAL TIME.

CLIMATE NORMAL PERIOD 1981 TO 2010
CLIMATE RECORD PERIOD 1873 TO 2014


WEATHER ITEM   OBSERVED TIME   RECORD YEAR NORMAL DEPARTURE LAST
                VALUE   (LST)  VALUE       VALUE  FROM      YEAR
                                                  NORMAL
..................................................................
TEMPERATURE (F)
 TODAY
  MAXIMUM         71    159 PM  89    1933  68      3       69
  MINIMUM         53    236 AM  37    1976  53      0       45
  AVERAGE         62                        60      2       57

PRECIPITATION (IN)
  TODAY            0.00                      0.17  -0.17     0.00
  MONTH TO DATE    2.16                      3.77  -1.61     3.95
  SINCE SEP 1      2.16                      3.77  -1.61     3.95
  SINCE JAN 1     29.87                     29.60   0.27    37.82

SNOWFALL (IN)
  TODAY            0.0                       0.0    0.0      0.0
  MONTH TO DATE    0.0                       0.0    0.0      0.0
  SINCE SEP 1      0.0                       0.0    0.0      0.0
  SINCE JUL 1      0.0                       0.0    0.0      0.0
  SNOW DEPTH       0

DEGREE DAYS
 HEATING
  TODAY            3                         6     -3        8
  MONTH TO DATE   89                        71     18      104
  SINCE SEP 1     89                        71     18      104
  SINCE JUL 1    107                        89     18      116

 COOLING
  TODAY            0                         1     -1        0
  MONTH TO DATE   79                        65     14       65
  SINCE SEP 1     79                        65     14       65
  SINCE JAN 1    595                       623    -28      686
..................................................................


WIND (MPH)
  HIGHEST WIND SPEED    14   HIGHEST WIND DIRECTION    NE (30)
  HIGHEST GUST SPEED    18   HIGHEST GUST DIRECTION    NE (50)


SKY COVER
  POSSIBLE SUNSHINE  MM
  AVERAGE SKY COVER 0.0


WEATHER CONDITIONS
 THE FOLLOWING WEATHER WAS RECORDED TODAY.
  NO SIGNIFICANT WEATHER WAS OBSERVED.


RELATIVE HUMIDITY (PERCENT)
 HIGHEST    77           400 AM
 LOWEST     49           100 PM
 AVERAGE    63

..........................................................


THE ERIE PA CLIMATE NORMALS FOR TOMORROW
                         NORMAL    RECORD    YEAR
 MAXIMUM TEMPERATURE (F)   68        89      1998
 MINIMUM TEMPERATURE (F)   52        36      1957


SUNRISE AND SUNSET
SEPTEMBER 25 2014.....SUNRISE   711 AM EDT   SUNSET   713 PM EDT
SEPTEMBER 26 2014.....SUNRISE   712 AM EDT   SUNSET   711 PM EDT


-  INDICATES NEGATIVE NUMBERS.
R  INDICATES RECORD WAS SET OR TIED.
MM INDICATES DATA IS MISSING.
T  INDICATES TRACE AMOUNT.




$$
