000
CDUS41 KCLE 162114
CLIERI


CLIMATE REPORT
NATIONAL WEATHER SERVICE CLEVELAND OH
513 PM EDT SUN JUL 16 2017


...................................

...THE ERIE PA CLIMATE SUMMARY FOR JULY 16 2017...
VALID TODAY AS OF 0500 PM LOCAL TIME.

CLIMATE NORMAL PERIOD 1981 TO 2010
CLIMATE RECORD PERIOD 1873 TO 2017


WEATHER ITEM   OBSERVED TIME   RECORD YEAR NORMAL DEPARTURE LAST
                VALUE   (LST)  VALUE       VALUE  FROM      YEAR
                                                  NORMAL
..................................................................
TEMPERATURE (F)
 TODAY
  MAXIMUM         79    359 PM  96    1988  80     -1       75
  MINIMUM         61    354 AM  49    1957  64     -3       62
                                      1954
  AVERAGE         70                        72     -2       69

PRECIPITATION (IN)
  TODAY            0.00                      0.11  -0.11     0.00
  MONTH TO DATE    0.72                      1.74  -1.02     2.49
  SINCE JUN 1      9.18                      5.50   3.68     4.33
  SINCE JAN 1     29.17                     20.56   8.61    17.10

SNOWFALL (IN)
  TODAY            0.0                       0.0    0.0      0.0
  MONTH TO DATE    0.0                       0.0    0.0      0.0
  SINCE JUN 1      0.0                       0.0    0.0      0.0
  SINCE JUL 1      0.0                       0.0    0.0      0.0
  SNOW DEPTH       0

DEGREE DAYS
 HEATING
  TODAY            0                         0      0        0
  MONTH TO DATE    0                         2     -2        0
  SINCE JUN 1     48                        63    -15       40
  SINCE JUL 1      0                         2     -2        0

 COOLING
  TODAY            5                         7     -2        4
  MONTH TO DATE  102                       110     -8      139
  SINCE JUN 1    249                       233     16      290
  SINCE JAN 1    293                       272     21      365
..................................................................


WIND (MPH)
  HIGHEST WIND SPEED    14   HIGHEST WIND DIRECTION     W (270)
  HIGHEST GUST SPEED    17   HIGHEST GUST DIRECTION     W (280)


SKY COVER
  POSSIBLE SUNSHINE  MM
  AVERAGE SKY COVER 0.1


WEATHER CONDITIONS
 THE FOLLOWING WEATHER WAS RECORDED TODAY.
  NO SIGNIFICANT WEATHER WAS OBSERVED.


RELATIVE HUMIDITY (PERCENT)
 HIGHEST    84          1200 AM
 LOWEST     58          1100 AM
 AVERAGE    71

..........................................................


THE ERIE PA CLIMATE NORMALS FOR TOMORROW
                         NORMAL    RECORD    YEAR
 MAXIMUM TEMPERATURE (F)   80        94      1878
 MINIMUM TEMPERATURE (F)   64        49      1971


SUNRISE AND SUNSET
JULY 16 2017..........SUNRISE   559 AM EDT   SUNSET   854 PM EDT
JULY 17 2017..........SUNRISE   600 AM EDT   SUNSET   853 PM EDT


-  INDICATES NEGATIVE NUMBERS.
R  INDICATES RECORD WAS SET OR TIED.
MM INDICATES DATA IS MISSING.
T  INDICATES TRACE AMOUNT.




$$
