000
CDUS41 KCLE 180528
CLIERI


CLIMATE REPORT
NATIONAL WEATHER SERVICE CLEVELAND OH
127 AM EDT SAT MAR 18 2017


...................................

...THE ERIE PA CLIMATE SUMMARY FOR MARCH 17 2017...

CLIMATE NORMAL PERIOD 1981 TO 2010
CLIMATE RECORD PERIOD 1873 TO 2017


WEATHER ITEM   OBSERVED TIME   RECORD YEAR NORMAL DEPARTURE LAST
                VALUE   (LST)  VALUE       VALUE  FROM      YEAR
                                                  NORMAL
..................................................................
TEMPERATURE (F)
 YESTERDAY
  MAXIMUM         44    235 PM  74    1945  44      0       55
  MINIMUM         21    221 AM   1    1900  28     -7       43
  AVERAGE         33                        36     -3       49

PRECIPITATION (IN)
  YESTERDAY        0.00                      0.09  -0.09     0.00
  MONTH TO DATE    1.64                      1.53   0.11     1.43
  SINCE MAR 1      1.64                      1.53   0.11     1.43
  SINCE JAN 1      9.06                      6.87   2.19     7.64

SNOWFALL (IN)
  YESTERDAY        0.0                       0.4   -0.4      0.0
  MONTH TO DATE    9.7                       8.8    0.9      1.1
  SINCE MAR 1      9.7                       8.8    0.9      1.1
  SINCE JUL 1     78.0                      92.8  -14.8     68.3
  SNOW DEPTH       2

DEGREE DAYS
 HEATING
  YESTERDAY       32                        29      3       16
  MONTH TO DATE  568                       542     26      380
  SINCE MAR 1    568                       542     26      380
  SINCE JUL 1   4072                      4907   -835     3978

 COOLING
  YESTERDAY        0                         0      0        0
  MONTH TO DATE    0                         0      0        0
  SINCE MAR 1      0                         0      0        0
  SINCE JAN 1      0                         0      0        0
..................................................................


WIND (MPH)
  HIGHEST WIND SPEED    16   HIGHEST WIND DIRECTION     S (200)
  HIGHEST GUST SPEED    19   HIGHEST GUST DIRECTION     S (190)
  AVERAGE WIND SPEED     7.1


SKY COVER
  POSSIBLE SUNSHINE  MM
  AVERAGE SKY COVER 0.2


WEATHER CONDITIONS
 THE FOLLOWING WEATHER WAS RECORDED YESTERDAY.
  NO SIGNIFICANT WEATHER WAS OBSERVED.


RELATIVE HUMIDITY (PERCENT)
 HIGHEST    68           300 AM
 LOWEST     33           100 PM
 AVERAGE    51

..........................................................


THE ERIE PA CLIMATE NORMALS FOR TODAY
                         NORMAL    RECORD    YEAR
 MAXIMUM TEMPERATURE (F)   44        75      2012
                                             1894
 MINIMUM TEMPERATURE (F)   28        -5      1916


SUNRISE AND SUNSET
MARCH 18 2017.........SUNRISE   727 AM EDT   SUNSET   731 PM EDT
MARCH 19 2017.........SUNRISE   725 AM EDT   SUNSET   732 PM EDT


-  INDICATES NEGATIVE NUMBERS.
R  INDICATES RECORD WAS SET OR TIED.
MM INDICATES DATA IS MISSING.
T  INDICATES TRACE AMOUNT.




$$
