000
CDUS41 KCLE 170539
CLIERI


CLIMATE REPORT
NATIONAL WEATHER SERVICE CLEVELAND OH
137 AM EDT WED AUG 17 2016


...................................

...THE ERIE PA CLIMATE SUMMARY FOR AUGUST 16 2016...

CLIMATE NORMAL PERIOD 1981 TO 2010
CLIMATE RECORD PERIOD 1873 TO 2016


WEATHER ITEM   OBSERVED TIME   RECORD YEAR NORMAL DEPARTURE LAST
                VALUE   (LST)  VALUE       VALUE  FROM      YEAR
                                                  NORMAL
..................................................................
TEMPERATURE (F)
 YESTERDAY
  MAXIMUM         87   1215 PM  94    1938  79      8       84
  MINIMUM         73   1041 PM  47    1979  63     10       64
                                      1971
  AVERAGE         80                        71      9       74

PRECIPITATION (IN)
  YESTERDAY        0.30                      0.11   0.19     0.00
  MONTH TO DATE    5.41                      1.83   3.58     0.54
  SINCE JUN 1     11.58                      9.13   2.45     8.61
  SINCE JAN 1     24.35                     24.19   0.16    22.80

SNOWFALL (IN)
  YESTERDAY        0.0                       0.0    0.0      0.0
  MONTH TO DATE    0.0                       0.0    0.0      0.0
  SINCE JUN 1      0.0                       0.0    0.0      0.0
  SINCE JUL 1      0.0                       0.0    0.0      0.0
  SNOW DEPTH       0

DEGREE DAYS
 HEATING
  YESTERDAY        0                         0      0        0
  MONTH TO DATE    0                         0      0        0
  SINCE JUN 1     40                        68    -28       49
  SINCE JUL 1      0                         7     -7       12

 COOLING
  YESTERDAY       15                         6      9        9
  MONTH TO DATE  198                       104     94      108
  SINCE JUN 1    636                       440    196      407
  SINCE JAN 1    711                       479    232      519
..................................................................


WIND (MPH)
  HIGHEST WIND SPEED    31   HIGHEST WIND DIRECTION     S (200)
  HIGHEST GUST SPEED    38   HIGHEST GUST DIRECTION     S (200)
  AVERAGE WIND SPEED    11.8


SKY COVER
  POSSIBLE SUNSHINE  MM
  AVERAGE SKY COVER 0.4


WEATHER CONDITIONS
 THE FOLLOWING WEATHER WAS RECORDED YESTERDAY.
  HEAVY RAIN
  LIGHT RAIN
  FOG


RELATIVE HUMIDITY (PERCENT)
 HIGHEST    87           200 AM
 LOWEST     74           800 AM
 AVERAGE    81

..........................................................


THE ERIE PA CLIMATE NORMALS FOR TODAY
                         NORMAL    RECORD    YEAR
 MAXIMUM TEMPERATURE (F)   79        92      1991
                                             1965
 MINIMUM TEMPERATURE (F)   63        48      1971


SUNRISE AND SUNSET
AUGUST 17 2016........SUNRISE   631 AM EDT   SUNSET   818 PM EDT
AUGUST 18 2016........SUNRISE   632 AM EDT   SUNSET   816 PM EDT


-  INDICATES NEGATIVE NUMBERS.
R  INDICATES RECORD WAS SET OR TIED.
MM INDICATES DATA IS MISSING.
T  INDICATES TRACE AMOUNT.




$$
