000
CDUS41 KCLE 270545
CLIERI


CLIMATE REPORT
NATIONAL WEATHER SERVICE CLEVELAND OH
145 AM EDT MON JUL 27 2015


...................................

...THE ERIE PA CLIMATE SUMMARY FOR JULY 26 2015...

CLIMATE NORMAL PERIOD 1981 TO 2010
CLIMATE RECORD PERIOD 1873 TO 2015


WEATHER ITEM   OBSERVED TIME   RECORD YEAR NORMAL DEPARTURE LAST
                VALUE   (LST)  VALUE       VALUE  FROM      YEAR
                                                  NORMAL
..................................................................
TEMPERATURE (F)
 YESTERDAY
  MAXIMUM         81    130 PM  95    1930  80      1       82
  MINIMUM         65   1159 PM  52    1976  64      1       63
  AVERAGE         73                        72      1       73

PRECIPITATION (IN)
  YESTERDAY        0.10                      0.13  -0.03      T
  MONTH TO DATE    2.21                      2.94  -0.73     2.55
  SINCE JUN 1      7.49                      6.70   0.79     7.54
  SINCE JAN 1     21.68                     21.76  -0.08    23.69

SNOWFALL (IN)
  YESTERDAY        0.0                       0.0    0.0      0.0
  MONTH TO DATE    0.0                       0.0    0.0      0.0
  SINCE JUN 1      0.0                       0.0    0.0      0.0
  SINCE JUL 1      0.0                       0.0    0.0      0.0
  SNOW DEPTH       0

DEGREE DAYS
 HEATING
  YESTERDAY        0                         0      0        0
  MONTH TO DATE   12                         2     10        5
  SINCE JUN 1     49                        63    -14       35
  SINCE JUL 1     12                         2     10        5

 COOLING
  YESTERDAY        8                         7      1        8
  MONTH TO DATE  144                       180    -36      133
  SINCE JUN 1    244                       303    -59      298
  SINCE JAN 1    356                       342     14      337
..................................................................


WIND (MPH)
  HIGHEST WIND SPEED    10   HIGHEST WIND DIRECTION    NW (310)
  HIGHEST GUST SPEED    13   HIGHEST GUST DIRECTION    NW (330)
  AVERAGE WIND SPEED     3.5


SKY COVER
  POSSIBLE SUNSHINE  MM
  AVERAGE SKY COVER 0.2


WEATHER CONDITIONS
 THE FOLLOWING WEATHER WAS RECORDED YESTERDAY.
  RAIN
  LIGHT RAIN
  FOG
  HAZE


RELATIVE HUMIDITY (PERCENT)
 HIGHEST    90           500 AM
 LOWEST     42           100 PM
 AVERAGE    66

..........................................................


THE ERIE PA CLIMATE NORMALS FOR TODAY
                         NORMAL    RECORD    YEAR
 MAXIMUM TEMPERATURE (F)   80        90      1955
                                             1941
                                             1894
 MINIMUM TEMPERATURE (F)   64        47      1891


SUNRISE AND SUNSET
JULY 27 2015..........SUNRISE   609 AM EDT   SUNSET   845 PM EDT
JULY 28 2015..........SUNRISE   610 AM EDT   SUNSET   844 PM EDT


-  INDICATES NEGATIVE NUMBERS.
R  INDICATES RECORD WAS SET OR TIED.
MM INDICATES DATA IS MISSING.
T  INDICATES TRACE AMOUNT.




$$
