000
CDUS41 KCLE 242114
CLIERI


CLIMATE REPORT
NATIONAL WEATHER SERVICE CLEVELAND OH
513 PM EDT TUE MAY 24 2016


...................................

...THE ERIE PA CLIMATE SUMMARY FOR MAY 24 2016...
VALID TODAY AS OF 0500 PM LOCAL TIME.

CLIMATE NORMAL PERIOD 1981 TO 2010
CLIMATE RECORD PERIOD 1873 TO 2016


WEATHER ITEM   OBSERVED TIME   RECORD YEAR NORMAL DEPARTURE LAST
                VALUE   (LST)  VALUE       VALUE  FROM      YEAR
                                                  NORMAL
..................................................................
TEMPERATURE (F)
 TODAY
  MAXIMUM         77    359 PM  85    2012  69      8       79
                                      1991
                                      1964
  MINIMUM         50    522 AM  31    1963  51     -1       51
  AVERAGE         64                        60      4       65

PRECIPITATION (IN)
  TODAY            0.00                      0.12  -0.12     0.00
  MONTH TO DATE    1.56                      2.64  -1.08     1.55
  SINCE MAR 1      6.55                      8.92  -2.37     6.52
  SINCE JAN 1     12.76                     14.26  -1.50    12.28

SNOWFALL (IN)
  TODAY            0.0                       0.0    0.0      0.0
  MONTH TO DATE    T                         0.0    0.0      0.0
  SINCE MAR 1      4.0                      16.9  -12.9     10.9
  SINCE JUL 1     71.2                     100.9  -29.7    110.3
  SNOW DEPTH       0

DEGREE DAYS
 HEATING
  TODAY            1                         6     -5        0
  MONTH TO DATE  269                       229     40      154
  SINCE MAR 1   1572                      1683   -111     1730
  SINCE JUL 1   5170                      6048   -878     6606

 COOLING
  TODAY            0                         1     -1        0
  MONTH TO DATE    4                        19    -15       60
  SINCE MAR 1      4                        26    -22       60
  SINCE JAN 1      4                        26    -22       60
..................................................................


WIND (MPH)
  HIGHEST WIND SPEED    16   HIGHEST WIND DIRECTION     W (260)
  HIGHEST GUST SPEED    22   HIGHEST GUST DIRECTION     W (270)


SKY COVER
  POSSIBLE SUNSHINE  MM
  AVERAGE SKY COVER 0.0


WEATHER CONDITIONS
 THE FOLLOWING WEATHER WAS RECORDED TODAY.
  NO SIGNIFICANT WEATHER WAS OBSERVED.


RELATIVE HUMIDITY (PERCENT)
 HIGHEST    80           400 AM
 LOWEST     31           400 PM
 AVERAGE    56

..........................................................


THE ERIE PA CLIMATE NORMALS FOR TOMORROW
                         NORMAL    RECORD    YEAR
 MAXIMUM TEMPERATURE (F)   69        89      1975
 MINIMUM TEMPERATURE (F)   51        31      1956


SUNRISE AND SUNSET
MAY 24 2016...........SUNRISE   552 AM EDT   SUNSET   844 PM EDT
MAY 25 2016...........SUNRISE   551 AM EDT   SUNSET   845 PM EDT


-  INDICATES NEGATIVE NUMBERS.
R  INDICATES RECORD WAS SET OR TIED.
MM INDICATES DATA IS MISSING.
T  INDICATES TRACE AMOUNT.




$$
