036
CDUS41 KCLE 202110
CLIERI


CLIMATE REPORT
NATIONAL WEATHER SERVICE CLEVELAND OH
510 PM EDT SAT MAY 20 2017


...................................

...THE ERIE PA CLIMATE SUMMARY FOR MAY 20 2017...
VALID TODAY AS OF 0500 PM LOCAL TIME.

CLIMATE NORMAL PERIOD 1981 TO 2010
CLIMATE RECORD PERIOD 1873 TO 2017


WEATHER ITEM   OBSERVED TIME   RECORD YEAR NORMAL DEPARTURE LAST
                VALUE   (LST)  VALUE       VALUE  FROM      YEAR
                                                  NORMAL
..................................................................
TEMPERATURE (F)
 TODAY
  MAXIMUM         65    335 PM  88    2013  68     -3       69
                                      1962
  MINIMUM         51    240 AM  30    2002  50      1       40
  AVERAGE         58                        59     -1       55

PRECIPITATION (IN)
  TODAY            0.00                      0.12  -0.12     0.00
  MONTH TO DATE    3.21                      2.18   1.03     1.46
  SINCE MAR 1     10.68                      8.46   2.22     6.45
  SINCE JAN 1     18.10                     13.80   4.30    12.66

SNOWFALL (IN)
  TODAY            0.0                       0.0    0.0      0.0
  MONTH TO DATE    0.0                       0.0    0.0       T
  SINCE MAR 1     10.3                      16.9   -6.6      4.0
  SINCE JUL 1     78.6                     100.9  -22.3     71.2
  SNOW DEPTH       0

DEGREE DAYS
 HEATING
  TODAY            7                         7      0       10
  MONTH TO DATE  247                       202     45      248
  SINCE MAR 1   1523                      1656   -133     1551
  SINCE JUL 1   5027                      6021   -994     5149

 COOLING
  TODAY            0                         1     -1        0
  MONTH TO DATE   27                        15     12        4
  SINCE MAR 1     36                        22     14        4
  SINCE JAN 1     36                        22     14        4
..................................................................


WIND (MPH)
  HIGHEST WIND SPEED    24   HIGHEST WIND DIRECTION    NE (40)
  HIGHEST GUST SPEED    30   HIGHEST GUST DIRECTION    NE (40)


SKY COVER
  POSSIBLE SUNSHINE  MM
  AVERAGE SKY COVER 0.6


WEATHER CONDITIONS
 THE FOLLOWING WEATHER WAS RECORDED TODAY.
  NO SIGNIFICANT WEATHER WAS OBSERVED.


RELATIVE HUMIDITY (PERCENT)
 HIGHEST    89           200 AM
 LOWEST     40           400 PM
 AVERAGE    65

..........................................................


THE ERIE PA CLIMATE NORMALS FOR TOMORROW
                         NORMAL    RECORD    YEAR
 MAXIMUM TEMPERATURE (F)   68        88      1911
 MINIMUM TEMPERATURE (F)   50        32      1954


SUNRISE AND SUNSET
MAY 20 2017...........SUNRISE   555 AM EDT   SUNSET   840 PM EDT
MAY 21 2017...........SUNRISE   554 AM EDT   SUNSET   841 PM EDT


-  INDICATES NEGATIVE NUMBERS.
R  INDICATES RECORD WAS SET OR TIED.
MM INDICATES DATA IS MISSING.
T  INDICATES TRACE AMOUNT.




$$
