000
CDUS41 KCLE 050537
CLIERI


CLIMATE REPORT
NATIONAL WEATHER SERVICE CLEVELAND OH
137 AM EDT SAT APR 5 2014


...................................

...THE ERIE PA CLIMATE SUMMARY FOR APRIL 4 2014...

CLIMATE NORMAL PERIOD 1981 TO 2010
CLIMATE RECORD PERIOD 1873 TO 2014


WEATHER ITEM   OBSERVED TIME   RECORD YEAR NORMAL DEPARTURE LAST
                VALUE   (LST)  VALUE       VALUE  FROM      YEAR
                                                  NORMAL
..................................................................
TEMPERATURE (F)
 YESTERDAY
  MAXIMUM         58    434 PM  77    1928  51      7       50
                                      1892
  MINIMUM         35    103 AM  15    1874  34      1       23
  AVERAGE         47                        43      4       37

PRECIPITATION (IN)
  YESTERDAY        0.35                      0.11   0.24     0.00
  MONTH TO DATE    0.45                      0.45   0.00     0.05
  SINCE MAR 1      3.62                      3.40   0.22     2.65
  SINCE JAN 1      9.53                      8.74   0.79     9.16

SNOWFALL (IN)
  YESTERDAY        0.0                       0.2   -0.2      0.0
  MONTH TO DATE    0.0                       0.9   -0.9       T
  SINCE MAR 1     17.6                      14.6    3.0     25.2
  SINCE JUL 1    137.2                      98.6   38.6    104.5
  SNOW DEPTH       0

DEGREE DAYS
 HEATING
  YESTERDAY       18                        22     -4       28
  MONTH TO DATE   81                        92    -11      123
  SINCE MAR 1   1220                      1003    217     1118
  SINCE JUL 1   6041                      5368    673     5212

 COOLING
  YESTERDAY        0                         0      0        0
  MONTH TO DATE    0                         0      0        0
  SINCE MAR 1      0                         1     -1        0
  SINCE JAN 1      0                         1     -1        0
..................................................................


WIND (MPH)
  HIGHEST WIND SPEED    32   HIGHEST WIND DIRECTION     W (250)
  HIGHEST GUST SPEED    53   HIGHEST GUST DIRECTION    SW (240)
  AVERAGE WIND SPEED    15.8


SKY COVER
  POSSIBLE SUNSHINE  MM
  AVERAGE SKY COVER 1.0


WEATHER CONDITIONS
 THE FOLLOWING WEATHER WAS RECORDED YESTERDAY.
  THUNDERSTORM
  RAIN
  LIGHT RAIN
  FOG


RELATIVE HUMIDITY (PERCENT)
 HIGHEST    93           700 AM
 LOWEST     65          1000 PM
 AVERAGE    79

..........................................................


THE ERIE PA CLIMATE NORMALS FOR TODAY
                         NORMAL    RECORD    YEAR
 MAXIMUM TEMPERATURE (F)   52        82      1910
 MINIMUM TEMPERATURE (F)   35        11      1881


SUNRISE AND SUNSET
APRIL  5 2014.........SUNRISE   657 AM EDT   SUNSET   751 PM EDT
APRIL  6 2014.........SUNRISE   655 AM EDT   SUNSET   752 PM EDT


-  INDICATES NEGATIVE NUMBERS.
R  INDICATES RECORD WAS SET OR TIED.
MM INDICATES DATA IS MISSING.
T  INDICATES TRACE AMOUNT.




$$
