190
CDUS41 KCLE 200545
CLIERI


CLIMATE REPORT
NATIONAL WEATHER SERVICE CLEVELAND OH
145 AM EDT TUE JUN 20 2017


...................................

...THE ERIE PA CLIMATE SUMMARY FOR JUNE 19 2017...

CLIMATE NORMAL PERIOD 1981 TO 2010
CLIMATE RECORD PERIOD 1873 TO 2017


WEATHER ITEM   OBSERVED TIME   RECORD YEAR NORMAL DEPARTURE LAST
                VALUE   (LST)  VALUE       VALUE  FROM      YEAR
                                                  NORMAL
..................................................................
TEMPERATURE (F)
 YESTERDAY
  MAXIMUM         77    440 PM  92    1931  77      0       86
  MINIMUM         61   1113 PM  44    1979  60      1       65
  AVERAGE         69                        68      1       76

PRECIPITATION (IN)
  YESTERDAY        0.07                      0.13  -0.06     0.00
  MONTH TO DATE    5.69                      2.40   3.29     1.06
  SINCE JUN 1      5.69                      2.40   3.29     1.06
  SINCE JAN 1     25.68                     17.46   8.22    13.83

SNOWFALL (IN)
  YESTERDAY        0.0                       0.0    0.0      0.0
  MONTH TO DATE    0.0                       0.0    0.0      0.0
  SINCE JUN 1      0.0                       0.0    0.0      0.0
  SINCE JUL 1     78.6                     100.9  -22.3     71.2
  SNOW DEPTH       0

DEGREE DAYS
 HEATING
  YESTERDAY        0                         1     -1        0
  MONTH TO DATE   38                        51    -13       40
  SINCE JUN 1     38                        51    -13       40
  SINCE JUL 1   5095                      6137  -1042     5210

 COOLING
  YESTERDAY        4                         5     -1       11
  MONTH TO DATE  108                        62     46       78
  SINCE JUN 1    108                        62     46       78
  SINCE JAN 1    152                       101     51      153
..................................................................


WIND (MPH)
  HIGHEST WIND SPEED    22   HIGHEST WIND DIRECTION     W (260)
  HIGHEST GUST SPEED    33   HIGHEST GUST DIRECTION     W (270)
  AVERAGE WIND SPEED     8.0


SKY COVER
  POSSIBLE SUNSHINE  MM
  AVERAGE SKY COVER 0.5


WEATHER CONDITIONS
 THE FOLLOWING WEATHER WAS RECORDED YESTERDAY.
  THUNDERSTORM
  RAIN
  LIGHT RAIN
  FOG


RELATIVE HUMIDITY (PERCENT)
 HIGHEST    93           500 AM
 LOWEST     46           600 PM
 AVERAGE    70

..........................................................


THE ERIE PA CLIMATE NORMALS FOR TODAY
                         NORMAL    RECORD    YEAR
 MAXIMUM TEMPERATURE (F)   77        92      2016
                                             1931
 MINIMUM TEMPERATURE (F)   60        42      1970


SUNRISE AND SUNSET
JUNE 20 2017..........SUNRISE   545 AM EDT   SUNSET   900 PM EDT
JUNE 21 2017..........SUNRISE   545 AM EDT   SUNSET   900 PM EDT


-  INDICATES NEGATIVE NUMBERS.
R  INDICATES RECORD WAS SET OR TIED.
MM INDICATES DATA IS MISSING.
T  INDICATES TRACE AMOUNT.




$$
