000
CDUS41 KCLE 160546
CLIERI


CLIMATE REPORT
NATIONAL WEATHER SERVICE CLEVELAND OH
145 AM EDT TUE AUG 16 2016


...................................

...THE ERIE PA CLIMATE SUMMARY FOR AUGUST 15 2016...

CLIMATE NORMAL PERIOD 1981 TO 2010
CLIMATE RECORD PERIOD 1873 TO 2016


WEATHER ITEM   OBSERVED TIME   RECORD YEAR NORMAL DEPARTURE LAST
                VALUE   (LST)  VALUE       VALUE  FROM      YEAR
                                                  NORMAL
..................................................................
TEMPERATURE (F)
 YESTERDAY
  MAXIMUM         81        MM  92    1959  79      2       80
  MINIMUM         70        MM  50    1968  63      7       66
  AVERAGE         76                        71      5       73

PRECIPITATION (IN)
  YESTERDAY        0.03                      0.11  -0.08      T
  MONTH TO DATE    5.11                      1.72   3.39     0.54
  SINCE JUN 1     11.28                      9.02   2.26     8.61
  SINCE JAN 1     24.05                     24.08  -0.03    22.80

SNOWFALL (IN)
  YESTERDAY        0.0                       0.0    0.0      0.0
  MONTH TO DATE    0.0                       0.0    0.0      0.0
  SINCE JUN 1      0.0                       0.0    0.0      0.0
  SINCE JUL 1      0.0                       0.0    0.0      0.0
  SNOW DEPTH       0

DEGREE DAYS
 HEATING
  YESTERDAY        0                         0      0        0
  MONTH TO DATE    0                         0      0        0
  SINCE JUN 1     40                        68    -28       49
  SINCE JUL 1      0                         7     -7       12

 COOLING
  YESTERDAY       11                         6      5        8
  MONTH TO DATE  183                        98     85       99
  SINCE JUN 1    621                       434    187      398
  SINCE JAN 1    696                       473    223      510
..................................................................


WIND (MPH)
  HIGHEST WIND SPEED     9   HIGHEST WIND DIRECTION     S (160)
  HIGHEST GUST SPEED    MM   HIGHEST GUST DIRECTION    MM
  AVERAGE WIND SPEED     5.7


SKY COVER
  POSSIBLE SUNSHINE  MM
  AVERAGE SKY COVER 0.3


WEATHER CONDITIONS
 THE FOLLOWING WEATHER WAS RECORDED YESTERDAY.
  LIGHT RAIN


RELATIVE HUMIDITY (PERCENT)
 HIGHEST    90           200 AM
 LOWEST     69           200 PM
 AVERAGE    80

..........................................................


THE ERIE PA CLIMATE NORMALS FOR TODAY
                         NORMAL    RECORD    YEAR
 MAXIMUM TEMPERATURE (F)   79        94      1938
 MINIMUM TEMPERATURE (F)   63        47      1979
                                             1971


SUNRISE AND SUNSET
AUGUST 16 2016........SUNRISE   630 AM EDT   SUNSET   819 PM EDT
AUGUST 17 2016........SUNRISE   631 AM EDT   SUNSET   818 PM EDT


-  INDICATES NEGATIVE NUMBERS.
R  INDICATES RECORD WAS SET OR TIED.
MM INDICATES DATA IS MISSING.
T  INDICATES TRACE AMOUNT.




$$
