000
CDUS41 KCLE 262112
CLIERI


CLIMATE REPORT
NATIONAL WEATHER SERVICE CLEVELAND OH
511 PM EDT FRI JUN 26 2015


...................................

...THE ERIE PA CLIMATE SUMMARY FOR JUNE 26 2015...
VALID TODAY AS OF 0500 PM LOCAL TIME.

CLIMATE NORMAL PERIOD 1981 TO 2010
CLIMATE RECORD PERIOD 1873 TO 2015


WEATHER ITEM   OBSERVED TIME   RECORD YEAR NORMAL DEPARTURE LAST
                VALUE   (LST)  VALUE       VALUE  FROM      YEAR
                                                  NORMAL
..................................................................
TEMPERATURE (F)
 TODAY
  MAXIMUM         73    334 PM  92    1952  78     -5       74
  MINIMUM         56    419 AM  46    2004  61     -5       64
  AVERAGE         65                        70     -5       69

PRECIPITATION (IN)
  TODAY            0.00                      0.13  -0.13     0.00
  MONTH TO DATE    3.46                      3.27   0.19     4.19
  SINCE JUN 1      3.46                      3.27   0.19     4.19
  SINCE JAN 1     17.65                     18.33  -0.68    20.34

SNOWFALL (IN)
  TODAY            0.0                       0.0    0.0      0.0
  MONTH TO DATE    0.0                       0.0    0.0      0.0
  SINCE JUN 1      0.0                       0.0    0.0      0.0
  SINCE JUL 1    110.3                     100.9    9.4    138.4
  SNOW DEPTH       0

DEGREE DAYS
 HEATING
  TODAY            0                         1     -1        0
  MONTH TO DATE   33                        58    -25       30
  SINCE JUN 1     33                        58    -25       30
  SINCE JUL 1   6647                      6144    503     6757

 COOLING
  TODAY            0                         6     -6        4
  MONTH TO DATE   96                        99     -3      118
  SINCE JUN 1     96                        99     -3      118
  SINCE JAN 1    208                       138     70      157
..................................................................


WIND (MPH)
  HIGHEST WIND SPEED    22   HIGHEST WIND DIRECTION    NE (50)
  HIGHEST GUST SPEED    28   HIGHEST GUST DIRECTION    NE (50)


SKY COVER
  POSSIBLE SUNSHINE  MM
  AVERAGE SKY COVER 0.2


WEATHER CONDITIONS
 THE FOLLOWING WEATHER WAS RECORDED TODAY.
  FOG
  HAZE


RELATIVE HUMIDITY (PERCENT)
 HIGHEST    90           600 AM
 LOWEST     57           300 PM
 AVERAGE    74

..........................................................


THE ERIE PA CLIMATE NORMALS FOR TOMORROW
                         NORMAL    RECORD    YEAR
 MAXIMUM TEMPERATURE (F)   79        95      1944
 MINIMUM TEMPERATURE (F)   62        47      1981


SUNRISE AND SUNSET
JUNE 26 2015..........SUNRISE   546 AM EDT   SUNSET   901 PM EDT
JUNE 27 2015..........SUNRISE   547 AM EDT   SUNSET   901 PM EDT


-  INDICATES NEGATIVE NUMBERS.
R  INDICATES RECORD WAS SET OR TIED.
MM INDICATES DATA IS MISSING.
T  INDICATES TRACE AMOUNT.




$$
