700
CDUS41 KCLE 100527
CLIERI


CLIMATE REPORT
NATIONAL WEATHER SERVICE CLEVELAND OH
125 AM EDT SUN MAY 10 2015


...................................

...THE ERIE PA CLIMATE SUMMARY FOR MAY 9 2015...

CLIMATE NORMAL PERIOD 1981 TO 2010
CLIMATE RECORD PERIOD 1873 TO 2015


WEATHER ITEM   OBSERVED TIME   RECORD YEAR NORMAL DEPARTURE LAST
                VALUE   (LST)  VALUE       VALUE  FROM      YEAR
                                                  NORMAL
..................................................................
TEMPERATURE (F)
 YESTERDAY
  MAXIMUM         87R  1211 PM  86    1880  65     22       84
  MINIMUM         60    437 AM  32    1947  46     14       60
                                      1923
  AVERAGE         74                        55     19       72

PRECIPITATION (IN)
  YESTERDAY        T                         0.11  -0.11     0.20
  MONTH TO DATE    0.62                      0.96  -0.34     0.80
  SINCE MAR 1      5.59                      7.24  -1.65     7.79
  SINCE JAN 1     11.35                     12.58  -1.23    13.70

SNOWFALL (IN)
  YESTERDAY        0.0                       0.0    0.0      0.0
  MONTH TO DATE    0.0                       0.0    0.0      0.0
  SINCE MAR 1     10.9                      16.9   -6.0     18.8
  SINCE JUL 1    110.3                     100.9    9.4    138.4
  SNOW DEPTH       0

DEGREE DAYS
 HEATING
  YESTERDAY        0                        10    -10        0
  MONTH TO DATE   45                       105    -60      108
  SINCE MAR 1   1621                      1559     62     1777
  SINCE JUL 1   6497                      5924    573     6598

 COOLING
  YESTERDAY        9                         1      8        7
  MONTH TO DATE   22                         4     18        7
  SINCE MAR 1     22                        11     11        7
  SINCE JAN 1     22                        11     11        7
..................................................................


WIND (MPH)
  HIGHEST WIND SPEED    20   HIGHEST WIND DIRECTION     S (160)
  HIGHEST GUST SPEED    25   HIGHEST GUST DIRECTION     S (160)
  AVERAGE WIND SPEED     8.1


SKY COVER
  POSSIBLE SUNSHINE  MM
  AVERAGE SKY COVER 0.2


WEATHER CONDITIONS
 THE FOLLOWING WEATHER WAS RECORDED YESTERDAY.
  NO SIGNIFICANT WEATHER WAS OBSERVED.


RELATIVE HUMIDITY (PERCENT)
 HIGHEST    72           500 AM
 LOWEST     36          1200 PM
 AVERAGE    54

..........................................................


THE ERIE PA CLIMATE NORMALS FOR TODAY
                         NORMAL    RECORD    YEAR
 MAXIMUM TEMPERATURE (F)   65        85      1936
                                             1894
 MINIMUM TEMPERATURE (F)   46        31      2010
                                             1907


SUNRISE AND SUNSET
MAY 10 2015...........SUNRISE   606 AM EDT   SUNSET   829 PM EDT
MAY 11 2015...........SUNRISE   605 AM EDT   SUNSET   830 PM EDT


-  INDICATES NEGATIVE NUMBERS.
R  INDICATES RECORD WAS SET OR TIED.
MM INDICATES DATA IS MISSING.
T  INDICATES TRACE AMOUNT.




$$
