206
CDUS41 KCLE 140529
CLIERI


CLIMATE REPORT
NATIONAL WEATHER SERVICE CLEVELAND OH
1228 AM EST TUE NOV 14 2017


...................................

...THE ERIE PA CLIMATE SUMMARY FOR NOVEMBER 13 2017...

CLIMATE NORMAL PERIOD 1981 TO 2010
CLIMATE RECORD PERIOD 1873 TO 2017


WEATHER ITEM   OBSERVED TIME   RECORD YEAR NORMAL DEPARTURE LAST
                VALUE   (LST)  VALUE       VALUE  FROM      YEAR
                                                  NORMAL
..................................................................
TEMPERATURE (F)
 YESTERDAY
  MAXIMUM         43   1002 AM  71    1989  51     -8       58
  MINIMUM         34    157 AM  16    1911  38     -4       38
  AVERAGE         39                        44     -5       48

PRECIPITATION (IN)
  YESTERDAY        0.02                      0.13  -0.11     0.00
  MONTH TO DATE    4.44                      1.67   2.77     0.93
  SINCE SEP 1     12.57                     10.33   2.24    13.13
  SINCE JAN 1     43.94                     36.16   7.78    40.19

SNOWFALL (IN)
  YESTERDAY        0.0                       0.2   -0.2      0.0
  MONTH TO DATE    T                         2.2   -2.2      0.0
  SINCE SEP 1      T                         2.4   -2.4      0.0
  SINCE JUL 1      T                         2.4   -2.4      0.0
  SNOW DEPTH       0

DEGREE DAYS
 HEATING
  YESTERDAY       26                        21      5       17
  MONTH TO DATE  272                       243     29      168
  SINCE SEP 1    593                       728   -135      444
  SINCE JUL 1    603                       746   -143      444

 COOLING
  YESTERDAY        0                         0      0        0
  MONTH TO DATE    0                         0      0        2
  SINCE SEP 1    135                        80     55      168
  SINCE JAN 1    697                       638     59     1017
..................................................................


WIND (MPH)
  HIGHEST WIND SPEED    10   HIGHEST WIND DIRECTION    NW (320)
  HIGHEST GUST SPEED    14   HIGHEST GUST DIRECTION     N (350)
  AVERAGE WIND SPEED     3.1


SKY COVER
  POSSIBLE SUNSHINE  MM
  AVERAGE SKY COVER 1.0


WEATHER CONDITIONS
 THE FOLLOWING WEATHER WAS RECORDED YESTERDAY.
  LIGHT RAIN
  FOG
  HAZE


RELATIVE HUMIDITY (PERCENT)
 HIGHEST    92           500 PM
 LOWEST     70           800 PM
 AVERAGE    81

..........................................................


THE ERIE PA CLIMATE NORMALS FOR TODAY
                         NORMAL    RECORD    YEAR
 MAXIMUM TEMPERATURE (F)   51        73      1994
 MINIMUM TEMPERATURE (F)   37        18      1905


SUNRISE AND SUNSET
NOVEMBER 14 2017......SUNRISE   710 AM EST   SUNSET   500 PM EST
NOVEMBER 15 2017......SUNRISE   711 AM EST   SUNSET   459 PM EST


-  INDICATES NEGATIVE NUMBERS.
R  INDICATES RECORD WAS SET OR TIED.
MM INDICATES DATA IS MISSING.
T  INDICATES TRACE AMOUNT.




$$
