000
CDUS41 KCLE 252120
CLIERI


CLIMATE REPORT
NATIONAL WEATHER SERVICE CLEVELAND OH
519 PM EDT TUE AUG 25 2015


...................................

...THE ERIE PA CLIMATE SUMMARY FOR AUGUST 25 2015...
VALID TODAY AS OF 0500 PM LOCAL TIME.

CLIMATE NORMAL PERIOD 1981 TO 2010
CLIMATE RECORD PERIOD 1873 TO 2015


WEATHER ITEM   OBSERVED TIME   RECORD YEAR NORMAL DEPARTURE LAST
                VALUE   (LST)  VALUE       VALUE  FROM      YEAR
                                                  NORMAL
..................................................................
TEMPERATURE (F)
 TODAY
  MAXIMUM         67   1251 AM  90    2012  78    -11       83
                                      1900
  MINIMUM         59    234 PM  42    1977  62     -3       63
  AVERAGE         63                        70     -7       73

PRECIPITATION (IN)
  TODAY            0.19                      0.11   0.08     0.00
  MONTH TO DATE    1.16                      2.81  -1.65     2.68
  SINCE JUN 1      9.23                     10.11  -0.88    10.92
  SINCE JAN 1     23.42                     25.17  -1.75    27.07

SNOWFALL (IN)
  TODAY            0.0                       0.0    0.0      0.0
  MONTH TO DATE    0.0                       0.0    0.0      0.0
  SINCE JUN 1      0.0                       0.0    0.0      0.0
  SINCE JUL 1      0.0                       0.0    0.0      0.0
  SNOW DEPTH       0

DEGREE DAYS
 HEATING
  TODAY            2                         0      2        0
  MONTH TO DATE    2                         0      2       11
  SINCE JUN 1     51                        68    -17       46
  SINCE JUL 1     14                         7      7       16

 COOLING
  TODAY            0                         5     -5        8
  MONTH TO DATE  173                       155     18      122
  SINCE JUN 1    472                       491    -19      432
  SINCE JAN 1    584                       530     54      471
..................................................................


WIND (MPH)
  HIGHEST WIND SPEED    15   HIGHEST WIND DIRECTION    SW (220)
  HIGHEST GUST SPEED    19   HIGHEST GUST DIRECTION    SW (220)


SKY COVER
  POSSIBLE SUNSHINE  MM
  AVERAGE SKY COVER 1.0


WEATHER CONDITIONS
 THE FOLLOWING WEATHER WAS RECORDED TODAY.
  RAIN
  LIGHT RAIN
  FOG
  HAZE


RELATIVE HUMIDITY (PERCENT)
 HIGHEST    84           300 PM
 LOWEST     48          1200 AM
 AVERAGE    66

..........................................................


THE ERIE PA CLIMATE NORMALS FOR TOMORROW
                         NORMAL    RECORD    YEAR
 MAXIMUM TEMPERATURE (F)   78        92      1948
 MINIMUM TEMPERATURE (F)   61        47      1958
                                             1923


SUNRISE AND SUNSET
AUGUST 25 2015........SUNRISE   639 AM EDT   SUNSET   806 PM EDT
AUGUST 26 2015........SUNRISE   640 AM EDT   SUNSET   805 PM EDT


-  INDICATES NEGATIVE NUMBERS.
R  INDICATES RECORD WAS SET OR TIED.
MM INDICATES DATA IS MISSING.
T  INDICATES TRACE AMOUNT.




$$
