000
CDUS41 KCLE 130526
CLIERI


CLIMATE REPORT
NATIONAL WEATHER SERVICE CLEVELAND OH
125 AM EDT FRI MAY 13 2016


...................................

...THE ERIE PA CLIMATE SUMMARY FOR MAY 12 2016...

CLIMATE NORMAL PERIOD 1981 TO 2010
CLIMATE RECORD PERIOD 1873 TO 2016


WEATHER ITEM   OBSERVED TIME   RECORD YEAR NORMAL DEPARTURE LAST
                VALUE   (LST)  VALUE       VALUE  FROM      YEAR
                                                  NORMAL
..................................................................
TEMPERATURE (F)
 YESTERDAY
  MAXIMUM         79    132 PM  85    1992  65     14       68
                                      1985
  MINIMUM         58    526 AM  32    1907  47     11       50
  AVERAGE         69                        56     13       59

PRECIPITATION (IN)
  YESTERDAY        0.00                      0.12  -0.12     0.02
  MONTH TO DATE    0.85                      1.29  -0.44     0.88
  SINCE MAR 1      5.84                      7.57  -1.73     5.85
  SINCE JAN 1     12.05                     12.91  -0.86    11.61

SNOWFALL (IN)
  YESTERDAY        0.0                       0.0    0.0      0.0
  MONTH TO DATE    0.0                       0.0    0.0      0.0
  SINCE MAR 1      4.0                      16.9  -12.9     10.9
  SINCE JUL 1     71.2                     100.9  -29.7    110.3
  SNOW DEPTH       0

DEGREE DAYS
 HEATING
  YESTERDAY        0                        10    -10        6
  MONTH TO DATE  143                       135      8       51
  SINCE MAR 1   1446                      1589   -143     1627
  SINCE JUL 1   5044                      5954   -910     6503

 COOLING
  YESTERDAY        4                         1      3        0
  MONTH TO DATE    4                         7     -3       42
  SINCE MAR 1      4                        14    -10       42
  SINCE JAN 1      4                        14    -10       42
..................................................................


WIND (MPH)
  HIGHEST WIND SPEED    18   HIGHEST WIND DIRECTION    NW (310)
  HIGHEST GUST SPEED    28   HIGHEST GUST DIRECTION    NW (300)
  AVERAGE WIND SPEED     9.7


SKY COVER
  POSSIBLE SUNSHINE  MM
  AVERAGE SKY COVER 0.3


WEATHER CONDITIONS
 THE FOLLOWING WEATHER WAS RECORDED YESTERDAY.
  THUNDERSTORM
  HAZE


RELATIVE HUMIDITY (PERCENT)
 HIGHEST    86           400 AM
 LOWEST     48           100 PM
 AVERAGE    67

..........................................................


THE ERIE PA CLIMATE NORMALS FOR TODAY
                         NORMAL    RECORD    YEAR
 MAXIMUM TEMPERATURE (F)   66        88      2014
 MINIMUM TEMPERATURE (F)   47        32      1967
                                             1895


SUNRISE AND SUNSET
MAY 13 2016...........SUNRISE   602 AM EDT   SUNSET   833 PM EDT
MAY 14 2016...........SUNRISE   601 AM EDT   SUNSET   834 PM EDT


-  INDICATES NEGATIVE NUMBERS.
R  INDICATES RECORD WAS SET OR TIED.
MM INDICATES DATA IS MISSING.
T  INDICATES TRACE AMOUNT.




$$
