000
CDUS41 KCLE 050532
CLIERI


CLIMATE REPORT
NATIONAL WEATHER SERVICE CLEVELAND OH
1231 AM EST FRI FEB 5 2016


...................................

...THE ERIE PA CLIMATE SUMMARY FOR FEBRUARY 4 2016...

CLIMATE NORMAL PERIOD 1981 TO 2010
CLIMATE RECORD PERIOD 1873 TO 2016


WEATHER ITEM   OBSERVED TIME   RECORD YEAR NORMAL DEPARTURE LAST
                VALUE   (LST)  VALUE       VALUE  FROM      YEAR
                                                  NORMAL
..................................................................
TEMPERATURE (F)
 YESTERDAY
  MAXIMUM         40   1227 AM  67    1890  34      6       35
  MINIMUM         31   1159 PM -12    1978  20     11       20
  AVERAGE         36                        27      9       28

PRECIPITATION (IN)
  YESTERDAY        0.11                      0.08   0.03     0.32
  MONTH TO DATE    0.82                      0.33   0.49     0.96
  SINCE DEC 1      7.09                      7.02   0.07     7.15
  SINCE JAN 1      3.20                      3.28  -0.08     4.70

SNOWFALL (IN)
  YESTERDAY        1.1                       0.8    0.3      4.7
  MONTH TO DATE    1.1                       3.1   -2.0     15.9
  SINCE DEC 1     44.4                      60.2  -15.8     58.8
  SINCE JUL 1     44.9                      68.9  -24.0     83.8
  SNOW DEPTH       0

DEGREE DAYS
 HEATING
  YESTERDAY       29                        38     -9       37
  MONTH TO DATE   92                       152    -60      175
  SINCE DEC 1   1855                      2334   -479     2391
  SINCE JUL 1   2746                      3490   -744     3605

 COOLING
  YESTERDAY        0                         0      0        0
  MONTH TO DATE    0                         0      0        0
  SINCE DEC 1      0                         0      0        0
  SINCE JAN 1      0                         0      0        0
..................................................................


WIND (MPH)
  HIGHEST WIND SPEED    22   HIGHEST WIND DIRECTION     W (260)
  HIGHEST GUST SPEED    31   HIGHEST GUST DIRECTION     W (260)
  AVERAGE WIND SPEED    11.1


SKY COVER
  POSSIBLE SUNSHINE  MM
  AVERAGE SKY COVER 1.0


WEATHER CONDITIONS
 THE FOLLOWING WEATHER WAS RECORDED YESTERDAY.
  SNOW
  LIGHT SNOW
  FOG
  HAZE


RELATIVE HUMIDITY (PERCENT)
 HIGHEST    85           600 PM
 LOWEST     64          1200 AM
 AVERAGE    75

..........................................................


THE ERIE PA CLIMATE NORMALS FOR TODAY
                         NORMAL    RECORD    YEAR
 MAXIMUM TEMPERATURE (F)   34        59      2008
                                             1938
 MINIMUM TEMPERATURE (F)   20       -13      1918


SUNRISE AND SUNSET
FEBRUARY  5 2016......SUNRISE   730 AM EST   SUNSET   540 PM EST
FEBRUARY  6 2016......SUNRISE   729 AM EST   SUNSET   541 PM EST


-  INDICATES NEGATIVE NUMBERS.
R  INDICATES RECORD WAS SET OR TIED.
MM INDICATES DATA IS MISSING.
T  INDICATES TRACE AMOUNT.




$$
