000
CDUS41 KCLE 200527
CLIERI


CLIMATE REPORT
NATIONAL WEATHER SERVICE CLEVELAND OH
1226 AM EST TUE JAN 20 2015


...................................

...THE ERIE PA CLIMATE SUMMARY FOR JANUARY 19 2015...

CLIMATE NORMAL PERIOD 1981 TO 2010
CLIMATE RECORD PERIOD 1873 TO 2015


WEATHER ITEM   OBSERVED TIME   RECORD YEAR NORMAL DEPARTURE LAST
                VALUE   (LST)  VALUE       VALUE  FROM      YEAR
                                                  NORMAL
..................................................................
TEMPERATURE (F)
 YESTERDAY
  MAXIMUM         32   1054 AM  65    1907  33     -1       33
  MINIMUM         27   1159 PM -18    1994  20      7       16
  AVERAGE         30                        27      3       25

PRECIPITATION (IN)
  YESTERDAY        0.02                      0.10  -0.08     0.01
  MONTH TO DATE    2.91                      1.93   0.98     2.12
  SINCE DEC 1      5.36                      5.67  -0.31     8.08
  SINCE JAN 1      2.91                      1.93   0.98     2.12

SNOWFALL (IN)
  YESTERDAY        0.2                       0.9   -0.7      0.3
  MONTH TO DATE   28.3                      19.2    9.1     19.5
  SINCE DEC 1     33.8                      46.7  -12.9     67.5
  SINCE JUL 1     58.8                      55.4    3.4     83.1
  SNOW DEPTH       3

DEGREE DAYS
 HEATING
  YESTERDAY       35                        38     -3       40
  MONTH TO DATE  810                       714     96      743
  SINCE DEC 1   1703                      1726    -23     1786
  SINCE JUL 1   2917                      2882     35     2985

 COOLING
  YESTERDAY        0                         0      0        0
  MONTH TO DATE    0                         0      0        0
  SINCE DEC 1      0                         0      0        0
  SINCE JAN 1      0                         0      0        0
..................................................................


WIND (MPH)
  HIGHEST WIND SPEED    13   HIGHEST WIND DIRECTION     W (270)
  HIGHEST GUST SPEED    19   HIGHEST GUST DIRECTION     W (250)
  AVERAGE WIND SPEED     6.9


SKY COVER
  POSSIBLE SUNSHINE  MM
  AVERAGE SKY COVER 1.0


WEATHER CONDITIONS
 THE FOLLOWING WEATHER WAS RECORDED YESTERDAY.
  LIGHT SNOW
  FOG
  HAZE


RELATIVE HUMIDITY (PERCENT)
 HIGHEST    85           100 AM
 LOWEST     68          1100 PM
 AVERAGE    77

..........................................................


THE ERIE PA CLIMATE NORMALS FOR TODAY
                         NORMAL    RECORD    YEAR
 MAXIMUM TEMPERATURE (F)   33        65      1907
                                             1906
 MINIMUM TEMPERATURE (F)   20       -15      1985


SUNRISE AND SUNSET
JANUARY 20 2015.......SUNRISE   744 AM EST   SUNSET   520 PM EST
JANUARY 21 2015.......SUNRISE   743 AM EST   SUNSET   521 PM EST


-  INDICATES NEGATIVE NUMBERS.
R  INDICATES RECORD WAS SET OR TIED.
MM INDICATES DATA IS MISSING.
T  INDICATES TRACE AMOUNT.




$$
