074
CDUS41 KCLE 202124
CLIERI


CLIMATE REPORT
NATIONAL WEATHER SERVICE CLEVELAND OH
524 PM EDT FRI MAY 20 2016


...................................

...THE ERIE PA CLIMATE SUMMARY FOR MAY 20 2016...
VALID TODAY AS OF 0500 PM LOCAL TIME.

CLIMATE NORMAL PERIOD 1981 TO 2010
CLIMATE RECORD PERIOD 1873 TO 2016


WEATHER ITEM   OBSERVED TIME   RECORD YEAR NORMAL DEPARTURE LAST
                VALUE   (LST)  VALUE       VALUE  FROM      YEAR
                                                  NORMAL
..................................................................
TEMPERATURE (F)
 TODAY
  MAXIMUM         69    359 PM  88    2013  68      1       52
                                      1962
  MINIMUM         40    343 AM  30    2002  50    -10       42
  AVERAGE         55                        59     -4       47

PRECIPITATION (IN)
  TODAY            0.00                      0.12  -0.12     0.00
  MONTH TO DATE    1.46                      2.18  -0.72     1.55
  SINCE MAR 1      6.45                      8.46  -2.01     6.52
  SINCE JAN 1     12.66                     13.80  -1.14    12.28

SNOWFALL (IN)
  TODAY            0.0                       0.0    0.0      0.0
  MONTH TO DATE    T                         0.0    0.0      0.0
  SINCE MAR 1      4.0                      16.9  -12.9     10.9
  SINCE JUL 1     71.2                     100.9  -29.7    110.3
  SNOW DEPTH       0

DEGREE DAYS
 HEATING
  TODAY           10                         7      3       18
  MONTH TO DATE  248                       202     46      113
  SINCE MAR 1   1551                      1656   -105     1689
  SINCE JUL 1   5149                      6021   -872     6565

 COOLING
  TODAY            0                         1     -1        0
  MONTH TO DATE    4                        15    -11       60
  SINCE MAR 1      4                        22    -18       60
  SINCE JAN 1      4                        22    -18       60
..................................................................


WIND (MPH)
  HIGHEST WIND SPEED    18   HIGHEST WIND DIRECTION    NE (40)
  HIGHEST GUST SPEED    23   HIGHEST GUST DIRECTION    NE (50)


SKY COVER
  POSSIBLE SUNSHINE  MM
  AVERAGE SKY COVER 0.0


WEATHER CONDITIONS
 THE FOLLOWING WEATHER WAS RECORDED TODAY.
  NO SIGNIFICANT WEATHER WAS OBSERVED.


RELATIVE HUMIDITY (PERCENT)
 HIGHEST    76          1200 AM
 LOWEST     31           400 PM
 AVERAGE    54

..........................................................


THE ERIE PA CLIMATE NORMALS FOR TOMORROW
                         NORMAL    RECORD    YEAR
 MAXIMUM TEMPERATURE (F)   68        88      1911
 MINIMUM TEMPERATURE (F)   50        32      1954


SUNRISE AND SUNSET
MAY 20 2016...........SUNRISE   555 AM EDT   SUNSET   840 PM EDT
MAY 21 2016...........SUNRISE   554 AM EDT   SUNSET   841 PM EDT


-  INDICATES NEGATIVE NUMBERS.
R  INDICATES RECORD WAS SET OR TIED.
MM INDICATES DATA IS MISSING.
T  INDICATES TRACE AMOUNT.




$$
