000
CDUS41 KCLE 110528
CLIERI


CLIMATE REPORT
NATIONAL WEATHER SERVICE CLEVELAND OH
127 AM EDT SUN JUN 11 2017


...................................

...THE ERIE PA CLIMATE SUMMARY FOR JUNE 10 2017...

CLIMATE NORMAL PERIOD 1981 TO 2010
CLIMATE RECORD PERIOD 1873 TO 2017


WEATHER ITEM   OBSERVED TIME   RECORD YEAR NORMAL DEPARTURE LAST
                VALUE   (LST)  VALUE       VALUE  FROM      YEAR
                                                  NORMAL
..................................................................
TEMPERATURE (F)
 YESTERDAY
  MAXIMUM         83    612 PM  92    1947  74      9       75
  MINIMUM         61    441 AM  39    1980  57      4       47
  AVERAGE         72                        66      6       61

PRECIPITATION (IN)
  YESTERDAY        0.16                      0.12   0.04     0.00
  MONTH TO DATE    0.97                      1.24  -0.27     1.04
  SINCE JUN 1      0.97                      1.24  -0.27     1.04
  SINCE JAN 1     20.96                     16.30   4.66    13.81

SNOWFALL (IN)
  YESTERDAY        0.0                       0.0    0.0      0.0
  MONTH TO DATE    0.0                       0.0    0.0      0.0
  SINCE JUN 1      0.0                       0.0    0.0      0.0
  SINCE JUL 1     78.6                     100.9  -22.3     71.2
  SNOW DEPTH       0

DEGREE DAYS
 HEATING
  YESTERDAY        0                         3     -3        4
  MONTH TO DATE   38                        35      3       31
  SINCE JUN 1     38                        35      3       31
  SINCE JUL 1   5095                      6121  -1026     5201

 COOLING
  YESTERDAY        7                         3      4        0
  MONTH TO DATE   12                        26    -14       29
  SINCE JUN 1     12                        26    -14       29
  SINCE JAN 1     56                        65     -9      104
..................................................................


WIND (MPH)
  HIGHEST WIND SPEED    20   HIGHEST WIND DIRECTION     S (200)
  HIGHEST GUST SPEED    28   HIGHEST GUST DIRECTION     S (200)
  AVERAGE WIND SPEED    10.8


SKY COVER
  POSSIBLE SUNSHINE  MM
  AVERAGE SKY COVER 0.1


WEATHER CONDITIONS
 THE FOLLOWING WEATHER WAS RECORDED YESTERDAY.
  THUNDERSTORM
  HEAVY RAIN
  RAIN
  LIGHT RAIN
  FOG


RELATIVE HUMIDITY (PERCENT)
 HIGHEST    90           200 AM
 LOWEST     40           300 PM
 AVERAGE    65

..........................................................


THE ERIE PA CLIMATE NORMALS FOR TODAY
                         NORMAL    RECORD    YEAR
 MAXIMUM TEMPERATURE (F)   75        92      1933
 MINIMUM TEMPERATURE (F)   57        32      1972


SUNRISE AND SUNSET
JUNE 11 2017..........SUNRISE   544 AM EDT   SUNSET   857 PM EDT
JUNE 12 2017..........SUNRISE   544 AM EDT   SUNSET   857 PM EDT


-  INDICATES NEGATIVE NUMBERS.
R  INDICATES RECORD WAS SET OR TIED.
MM INDICATES DATA IS MISSING.
T  INDICATES TRACE AMOUNT.




$$
