641
CDUS41 KCLE 170546
CLIERI


CLIMATE REPORT
NATIONAL WEATHER SERVICE CLEVELAND OH
145 AM EDT SUN JUL 17 2016


...................................

...THE ERIE PA CLIMATE SUMMARY FOR JULY 16 2016...

CLIMATE NORMAL PERIOD 1981 TO 2010
CLIMATE RECORD PERIOD 1873 TO 2016


WEATHER ITEM   OBSERVED TIME   RECORD YEAR NORMAL DEPARTURE LAST
                VALUE   (LST)  VALUE       VALUE  FROM      YEAR
                                                  NORMAL
..................................................................
TEMPERATURE (F)
 YESTERDAY
  MAXIMUM         75    115 PM  96    1988  80     -5       73
  MINIMUM         62   1159 PM  49    1957  64     -2       51
                                      1954
  AVERAGE         69                        72     -3       62

PRECIPITATION (IN)
  YESTERDAY        0.00                      0.11  -0.11     0.00
  MONTH TO DATE    2.49                      1.74   0.75     2.11
  SINCE JUN 1      4.33                      5.50  -1.17     7.39
  SINCE JAN 1     17.10                     20.56  -3.46    21.58

SNOWFALL (IN)
  YESTERDAY        0.0                       0.0    0.0      0.0
  MONTH TO DATE    0.0                       0.0    0.0      0.0
  SINCE JUN 1      0.0                       0.0    0.0      0.0
  SINCE JUL 1      0.0                       0.0    0.0      0.0
  SNOW DEPTH       0

DEGREE DAYS
 HEATING
  YESTERDAY        0                         0      0        3
  MONTH TO DATE    0                         2     -2       12
  SINCE JUN 1     40                        63    -23       49
  SINCE JUL 1      0                         2     -2       12

 COOLING
  YESTERDAY        4                         7     -3        0
  MONTH TO DATE  139                       110     29       56
  SINCE JUN 1    290                       233     57      156
  SINCE JAN 1    365                       272     93      268
..................................................................


WIND (MPH)
  HIGHEST WIND SPEED    13   HIGHEST WIND DIRECTION     N (340)
  HIGHEST GUST SPEED    16   HIGHEST GUST DIRECTION     N (340)
  AVERAGE WIND SPEED     5.8


SKY COVER
  POSSIBLE SUNSHINE  MM
  AVERAGE SKY COVER 0.4


WEATHER CONDITIONS
 THE FOLLOWING WEATHER WAS RECORDED YESTERDAY.
  NO SIGNIFICANT WEATHER WAS OBSERVED.


RELATIVE HUMIDITY (PERCENT)
 HIGHEST    90          1100 PM
 LOWEST     64          1100 AM
 AVERAGE    77

..........................................................


THE ERIE PA CLIMATE NORMALS FOR TODAY
                         NORMAL    RECORD    YEAR
 MAXIMUM TEMPERATURE (F)   80        94      1878
 MINIMUM TEMPERATURE (F)   64        49      1971


SUNRISE AND SUNSET
JULY 17 2016..........SUNRISE   600 AM EDT   SUNSET   853 PM EDT
JULY 18 2016..........SUNRISE   601 AM EDT   SUNSET   852 PM EDT


-  INDICATES NEGATIVE NUMBERS.
R  INDICATES RECORD WAS SET OR TIED.
MM INDICATES DATA IS MISSING.
T  INDICATES TRACE AMOUNT.




$$
