000
CDUS41 KCLE 100539
CLIERI


CLIMATE REPORT
NATIONAL WEATHER SERVICE CLEVELAND OH
138 AM EDT WED SEP 10 2014


...................................

...THE ERIE PA CLIMATE SUMMARY FOR SEPTEMBER 9 2014...

CLIMATE NORMAL PERIOD 1981 TO 2010
CLIMATE RECORD PERIOD 1873 TO 2014


WEATHER ITEM   OBSERVED TIME   RECORD YEAR NORMAL DEPARTURE LAST
                VALUE   (LST)  VALUE       VALUE  FROM      YEAR
                                                  NORMAL
..................................................................
TEMPERATURE (F)
 YESTERDAY
  MAXIMUM         79    237 PM  94    1959  74      5       76
  MINIMUM         63    628 AM  42    1956  58      5       54
  AVERAGE         71                        66      5       65

PRECIPITATION (IN)
  YESTERDAY        T                         0.14  -0.14     0.29
  MONTH TO DATE    0.79                      1.21  -0.42     1.28
  SINCE SEP 1      0.79                      1.21  -0.42     1.28
  SINCE JAN 1     28.50                     27.04   1.46    35.15

SNOWFALL (IN)
  YESTERDAY        0.0                       0.0    0.0      0.0
  MONTH TO DATE    0.0                       0.0    0.0      0.0
  SINCE SEP 1      0.0                       0.0    0.0      0.0
  SINCE JUL 1      0.0                       0.0    0.0      0.0
  SNOW DEPTH       0

DEGREE DAYS
 HEATING
  YESTERDAY        0                         2     -2        0
  MONTH TO DATE    3                        12     -9       12
  SINCE SEP 1      3                        12     -9       12
  SINCE JUL 1     21                        30     -9       24

 COOLING
  YESTERDAY        6                         3      3        0
  MONTH TO DATE   61                        33     28       20
  SINCE SEP 1     61                        33     28       20
  SINCE JAN 1    577                       591    -14      641
..................................................................


WIND (MPH)
  HIGHEST WIND SPEED    23   HIGHEST WIND DIRECTION     S (160)
  HIGHEST GUST SPEED    31   HIGHEST GUST DIRECTION     S (160)
  AVERAGE WIND SPEED    11.7


SKY COVER
  POSSIBLE SUNSHINE  MM
  AVERAGE SKY COVER 0.7


WEATHER CONDITIONS
 THE FOLLOWING WEATHER WAS RECORDED YESTERDAY.
  NO SIGNIFICANT WEATHER WAS OBSERVED.


RELATIVE HUMIDITY (PERCENT)
 HIGHEST    79           500 PM
 LOWEST     54           100 PM
 AVERAGE    67

..........................................................


THE ERIE PA CLIMATE NORMALS FOR TODAY
                         NORMAL    RECORD    YEAR
 MAXIMUM TEMPERATURE (F)   74        93      1964
 MINIMUM TEMPERATURE (F)   58        40      1956


SUNRISE AND SUNSET
SEPTEMBER 10 2014.....SUNRISE   656 AM EDT   SUNSET   739 PM EDT
SEPTEMBER 11 2014.....SUNRISE   657 AM EDT   SUNSET   737 PM EDT


-  INDICATES NEGATIVE NUMBERS.
R  INDICATES RECORD WAS SET OR TIED.
MM INDICATES DATA IS MISSING.
T  INDICATES TRACE AMOUNT.




$$
