000
CDUS41 KCLE 290527
CLIERI


CLIMATE REPORT
NATIONAL WEATHER SERVICE CLEVELAND OH
127 AM EDT SUN MAY 29 2016


...................................

...THE ERIE PA CLIMATE SUMMARY FOR MAY 28 2016...

CLIMATE NORMAL PERIOD 1981 TO 2010
CLIMATE RECORD PERIOD 1873 TO 2016


WEATHER ITEM   OBSERVED TIME   RECORD YEAR NORMAL DEPARTURE LAST
                VALUE   (LST)  VALUE       VALUE  FROM      YEAR
                                                  NORMAL
..................................................................
TEMPERATURE (F)
 YESTERDAY
  MAXIMUM         90R   115 PM  90    1911  70     20       76
  MINIMUM         71   1156 PM  39    1974  52     19       59
                                      1970
                                      1907
  AVERAGE         81                        61     20       68

PRECIPITATION (IN)
  YESTERDAY        0.01                      0.11  -0.10      T
  MONTH TO DATE    1.57                      3.09  -1.52     2.03
  SINCE MAR 1      6.56                      9.37  -2.81     7.00
  SINCE JAN 1     12.77                     14.71  -1.94    12.76

SNOWFALL (IN)
  YESTERDAY        0.0                       0.0    0.0      0.0
  MONTH TO DATE    T                         0.0    0.0      0.0
  SINCE MAR 1      4.0                      16.9  -12.9     10.9
  SINCE JUL 1     71.2                     100.9  -29.7    110.3
  SNOW DEPTH       0

DEGREE DAYS
 HEATING
  YESTERDAY        0                         5     -5        0
  MONTH TO DATE  269                       252     17      154
  SINCE MAR 1   1572                      1706   -134     1730
  SINCE JUL 1   5170                      6071   -901     6606

 COOLING
  YESTERDAY       16                         2     14        3
  MONTH TO DATE   50                        27     23       94
  SINCE MAR 1     50                        34     16       94
  SINCE JAN 1     50                        34     16       94
..................................................................


WIND (MPH)
  HIGHEST WIND SPEED    16   HIGHEST WIND DIRECTION     W (260)
  HIGHEST GUST SPEED    22   HIGHEST GUST DIRECTION     W (250)
  AVERAGE WIND SPEED     6.2


SKY COVER
  POSSIBLE SUNSHINE  MM
  AVERAGE SKY COVER 0.2


WEATHER CONDITIONS
 THE FOLLOWING WEATHER WAS RECORDED YESTERDAY.
  THUNDERSTORM
  LIGHT RAIN


RELATIVE HUMIDITY (PERCENT)
 HIGHEST    84          1100 PM
 LOWEST     46          1200 PM
 AVERAGE    65

..........................................................


THE ERIE PA CLIMATE NORMALS FOR TODAY
                         NORMAL    RECORD    YEAR
 MAXIMUM TEMPERATURE (F)   71        87      1987
                                             1942
 MINIMUM TEMPERATURE (F)   53        35      1889


SUNRISE AND SUNSET
MAY 29 2016...........SUNRISE   549 AM EDT   SUNSET   848 PM EDT
MAY 30 2016...........SUNRISE   548 AM EDT   SUNSET   849 PM EDT


-  INDICATES NEGATIVE NUMBERS.
R  INDICATES RECORD WAS SET OR TIED.
MM INDICATES DATA IS MISSING.
T  INDICATES TRACE AMOUNT.




$$
