000
CDUS41 KCLE 220526
CLIERI


CLIMATE REPORT
NATIONAL WEATHER SERVICE CLEVELAND OH
1226 AM EST MON DEC 22 2014


...................................

...THE ERIE PA CLIMATE SUMMARY FOR DECEMBER 21 2014...

CLIMATE NORMAL PERIOD 1981 TO 2010
CLIMATE RECORD PERIOD 1873 TO 2014


WEATHER ITEM   OBSERVED TIME   RECORD YEAR NORMAL DEPARTURE LAST
                VALUE   (LST)  VALUE       VALUE  FROM      YEAR
                                                  NORMAL
..................................................................
TEMPERATURE (F)
 YESTERDAY
  MAXIMUM         33    504 PM  65    1967  36     -3       57
  MINIMUM         30    824 AM   0    1901  25      5       36
  AVERAGE         32                        31      1       47

PRECIPITATION (IN)
  YESTERDAY        0.00                      0.11  -0.11     1.72
  MONTH TO DATE    1.80                      2.58  -0.78     4.47
  SINCE DEC 1      1.80                      2.58  -0.78     4.47
  SINCE JAN 1     40.03                     41.00  -0.97    52.97

SNOWFALL (IN)
  YESTERDAY        0.0                       0.9   -0.9      0.0
  MONTH TO DATE    3.8                      17.1  -13.3     32.8
  SINCE DEC 1      3.8                      17.1  -13.3     32.8
  SINCE JUL 1     28.8                      25.8    3.0     48.4
  SNOW DEPTH       0

DEGREE DAYS
 HEATING
  YESTERDAY       33                        34     -1       18
  MONTH TO DATE  625                       656    -31      707
  SINCE DEC 1    625                       656    -31      707
  SINCE JUL 1   1839                      1812     27     1906

 COOLING
  YESTERDAY        0                         0      0        0
  MONTH TO DATE    0                         0      0        0
  SINCE DEC 1      0                         0      0        0
  SINCE JAN 1    603                       638    -35      706
..................................................................


WIND (MPH)
  HIGHEST WIND SPEED     9   HIGHEST WIND DIRECTION    SE (150)
  HIGHEST GUST SPEED    12   HIGHEST GUST DIRECTION    SE (120)
  AVERAGE WIND SPEED     5.0


SKY COVER
  POSSIBLE SUNSHINE  MM
  AVERAGE SKY COVER 1.0


WEATHER CONDITIONS
 THE FOLLOWING WEATHER WAS RECORDED YESTERDAY.
  NO SIGNIFICANT WEATHER WAS OBSERVED.


RELATIVE HUMIDITY (PERCENT)
 HIGHEST    78           900 AM
 LOWEST     59           700 PM
 AVERAGE    69

..........................................................


THE ERIE PA CLIMATE NORMALS FOR TODAY
                         NORMAL    RECORD    YEAR
 MAXIMUM TEMPERATURE (F)   36        65      1875
 MINIMUM TEMPERATURE (F)   25         0      1960


SUNRISE AND SUNSET
DECEMBER 22 2014......SUNRISE   746 AM EST   SUNSET   453 PM EST
DECEMBER 23 2014......SUNRISE   747 AM EST   SUNSET   453 PM EST


-  INDICATES NEGATIVE NUMBERS.
R  INDICATES RECORD WAS SET OR TIED.
MM INDICATES DATA IS MISSING.
T  INDICATES TRACE AMOUNT.




$$
