000
CDUS41 KCLE 280528
CLIERI


CLIMATE REPORT
NATIONAL WEATHER SERVICE CLEVELAND OH
127 AM EDT FRI AUG 28 2015


...................................

...THE ERIE PA CLIMATE SUMMARY FOR AUGUST 27 2015...

CLIMATE NORMAL PERIOD 1981 TO 2010
CLIMATE RECORD PERIOD 1873 TO 2015


WEATHER ITEM   OBSERVED TIME   RECORD YEAR NORMAL DEPARTURE LAST
                VALUE   (LST)  VALUE       VALUE  FROM      YEAR
                                                  NORMAL
..................................................................
TEMPERATURE (F)
 YESTERDAY
  MAXIMUM         70    141 PM  92    1948  78     -8       76
  MINIMUM         56   1159 PM  47    1954  61     -5       65
  AVERAGE         63                        69     -6       71

PRECIPITATION (IN)
  YESTERDAY        T                         0.11  -0.11     0.00
  MONTH TO DATE    1.37                      3.03  -1.66     2.68
  SINCE JUN 1      9.44                     10.33  -0.89    10.92
  SINCE JAN 1     23.63                     25.39  -1.76    27.07

SNOWFALL (IN)
  YESTERDAY        0.0                       0.0    0.0      0.0
  MONTH TO DATE    0.0                       0.0    0.0      0.0
  SINCE JUN 1      0.0                       0.0    0.0      0.0
  SINCE JUL 1      0.0                       0.0    0.0      0.0
  SNOW DEPTH       0

DEGREE DAYS
 HEATING
  YESTERDAY        2                         1      1        0
  MONTH TO DATE    5                         2      3       11
  SINCE JUN 1     54                        70    -16       46
  SINCE JUL 1     17                         9      8       16

 COOLING
  YESTERDAY        0                         5     -5        6
  MONTH TO DATE  173                       165      8      141
  SINCE JUN 1    472                       501    -29      451
  SINCE JAN 1    584                       540     44      490
..................................................................


WIND (MPH)
  HIGHEST WIND SPEED    12   HIGHEST WIND DIRECTION     W (270)
  HIGHEST GUST SPEED    17   HIGHEST GUST DIRECTION    NW (320)
  AVERAGE WIND SPEED     5.9


SKY COVER
  POSSIBLE SUNSHINE  MM
  AVERAGE SKY COVER 0.7


WEATHER CONDITIONS
 THE FOLLOWING WEATHER WAS RECORDED YESTERDAY.
  LIGHT RAIN


RELATIVE HUMIDITY (PERCENT)
 HIGHEST    90           400 AM
 LOWEST     57           400 PM
 AVERAGE    74

..........................................................


THE ERIE PA CLIMATE NORMALS FOR TODAY
                         NORMAL    RECORD    YEAR
 MAXIMUM TEMPERATURE (F)   77        93      1926
 MINIMUM TEMPERATURE (F)   61        47      1887


SUNRISE AND SUNSET
AUGUST 28 2015........SUNRISE   642 AM EDT   SUNSET   801 PM EDT
AUGUST 29 2015........SUNRISE   643 AM EDT   SUNSET   800 PM EDT


-  INDICATES NEGATIVE NUMBERS.
R  INDICATES RECORD WAS SET OR TIED.
MM INDICATES DATA IS MISSING.
T  INDICATES TRACE AMOUNT.




$$
