511
CDUS41 KCLE 290545
CLIERI


CLIMATE REPORT
NATIONAL WEATHER SERVICE CLEVELAND OH
145 AM EDT FRI APR 29 2016


...................................

...THE ERIE PA CLIMATE SUMMARY FOR APRIL 28 2016...

CLIMATE NORMAL PERIOD 1981 TO 2010
CLIMATE RECORD PERIOD 1873 TO 2016


WEATHER ITEM   OBSERVED TIME   RECORD YEAR NORMAL DEPARTURE LAST
                VALUE   (LST)  VALUE       VALUE  FROM      YEAR
                                                  NORMAL
..................................................................
TEMPERATURE (F)
 YESTERDAY
  MAXIMUM         48    332 PM  89    1990  61    -13       53
  MINIMUM         43    643 AM  27    1934  42      1       32
  AVERAGE         46                        52     -6       43

PRECIPITATION (IN)
  YESTERDAY        0.13                      0.10   0.03     0.00
  MONTH TO DATE    1.61                      3.12  -1.51     2.64
  SINCE MAR 1      4.77                      6.07  -1.30     4.64
  SINCE JAN 1     10.98                     11.41  -0.43    10.40

SNOWFALL (IN)
  YESTERDAY       MM                         0.0   MM        0.0
  MONTH TO DATE    2.9                       3.2   -0.3       T
  SINCE MAR 1      4.0                      16.9  -12.9     10.9
  SINCE JUL 1     71.2                     100.9  -29.7    110.3
  SNOW DEPTH       0

DEGREE DAYS
 HEATING
  YESTERDAY       19                        14      5       22
  MONTH TO DATE  586                       516     70      493
  SINCE MAR 1   1262                      1427   -165     1539
  SINCE JUL 1   4860                      5792   -932     6415

 COOLING
  YESTERDAY        0                         0      0        0
  MONTH TO DATE    0                         0      0        0
  SINCE MAR 1      0                         1     -1        0
  SINCE JAN 1      0                         1     -1        0
..................................................................


WIND (MPH)
  HIGHEST WIND SPEED    18   HIGHEST WIND DIRECTION    NE (50)
  HIGHEST GUST SPEED    23   HIGHEST GUST DIRECTION    NE (50)
  AVERAGE WIND SPEED    10.3


SKY COVER
  POSSIBLE SUNSHINE  MM
  AVERAGE SKY COVER 0.7


WEATHER CONDITIONS
 THE FOLLOWING WEATHER WAS RECORDED YESTERDAY.
  LIGHT RAIN
  FOG


RELATIVE HUMIDITY (PERCENT)
 HIGHEST    83           500 PM
 LOWEST     49           800 AM
 AVERAGE    66

..........................................................


THE ERIE PA CLIMATE NORMALS FOR TODAY
                         NORMAL    RECORD    YEAR
 MAXIMUM TEMPERATURE (F)   61        82      1899
 MINIMUM TEMPERATURE (F)   43        24      1977


SUNRISE AND SUNSET
APRIL 29 2016.........SUNRISE   619 AM EDT   SUNSET   818 PM EDT
APRIL 30 2016.........SUNRISE   617 AM EDT   SUNSET   819 PM EDT


-  INDICATES NEGATIVE NUMBERS.
R  INDICATES RECORD WAS SET OR TIED.
MM INDICATES DATA IS MISSING.
T  INDICATES TRACE AMOUNT.




$$
