000
CDUS41 KCLE 092213
CLIERI


CLIMATE REPORT
NATIONAL WEATHER SERVICE CLEVELAND OH
511 PM EST THU MAR 9 2017


...................................

...THE ERIE PA CLIMATE SUMMARY FOR MARCH 9 2017...
VALID TODAY AS OF 0500 PM LOCAL TIME.

CLIMATE NORMAL PERIOD 1981 TO 2010
CLIMATE RECORD PERIOD 1873 TO 2017


WEATHER ITEM   OBSERVED TIME   RECORD YEAR NORMAL DEPARTURE LAST
                VALUE   (LST)  VALUE       VALUE  FROM      YEAR
                                                  NORMAL
..................................................................
TEMPERATURE (F)
 TODAY
  MAXIMUM         43   1222 AM  74    2000  41      2       73
  MINIMUM         35    315 PM   1    1984  25     10       57
  AVERAGE         39                        33      6       65

PRECIPITATION (IN)
  TODAY            0.00                      0.09  -0.09     0.02
  MONTH TO DATE    1.15                      0.82   0.33     0.34
  SINCE MAR 1      1.15                      0.82   0.33     0.34
  SINCE JAN 1      8.57                      6.16   2.41     6.55

SNOWFALL (IN)
  TODAY            0.0                       0.6   -0.6      0.0
  MONTH TO DATE    2.2                       5.0   -2.8      1.1
  SINCE MAR 1      2.2                       5.0   -2.8      1.1
  SINCE JUL 1     70.5                      89.0  -18.5     68.3
  SNOW DEPTH       0

DEGREE DAYS
 HEATING
  TODAY           26                        32     -6        0
  MONTH TO DATE  244                       298    -54      241
  SINCE MAR 1    244                       298    -54      241
  SINCE JUL 1   3748                      4663   -915     3839

 COOLING
  TODAY            0                         0      0        0
  MONTH TO DATE    0                         0      0        0
  SINCE MAR 1      0                         0      0        0
  SINCE JAN 1      0                         0      0        0
..................................................................


WIND (MPH)
  HIGHEST WIND SPEED    28   HIGHEST WIND DIRECTION     W (260)
  HIGHEST GUST SPEED    42   HIGHEST GUST DIRECTION     W (260)


SKY COVER
  POSSIBLE SUNSHINE  MM
  AVERAGE SKY COVER 0.8


WEATHER CONDITIONS
 THE FOLLOWING WEATHER WAS RECORDED TODAY.
  NO SIGNIFICANT WEATHER WAS OBSERVED.


RELATIVE HUMIDITY (PERCENT)
 HIGHEST    64           300 AM
 LOWEST     45          1200 AM
 AVERAGE    55

..........................................................


THE ERIE PA CLIMATE NORMALS FOR TOMORROW
                         NORMAL    RECORD    YEAR
 MAXIMUM TEMPERATURE (F)   41        71      1878
 MINIMUM TEMPERATURE (F)   25         6      1995


SUNRISE AND SUNSET
MARCH  9 2017.........SUNRISE   642 AM EST   SUNSET   621 PM EST
MARCH 10 2017.........SUNRISE   641 AM EST   SUNSET   622 PM EST


-  INDICATES NEGATIVE NUMBERS.
R  INDICATES RECORD WAS SET OR TIED.
MM INDICATES DATA IS MISSING.
T  INDICATES TRACE AMOUNT.




$$
