000
CDUS41 KCLE 120527
CLIERI


CLIMATE REPORT
NATIONAL WEATHER SERVICE CLEVELAND OH
1227 AM EST FRI DEC 12 2014


...................................

...THE ERIE PA CLIMATE SUMMARY FOR DECEMBER 11 2014...

CLIMATE NORMAL PERIOD 1981 TO 2010
CLIMATE RECORD PERIOD 1873 TO 2014


WEATHER ITEM   OBSERVED TIME   RECORD YEAR NORMAL DEPARTURE LAST
                VALUE   (LST)  VALUE       VALUE  FROM      YEAR
                                                  NORMAL
..................................................................
TEMPERATURE (F)
 YESTERDAY
  MAXIMUM         37   1159 PM  61    1979  39     -2       25
                                      1911
                                      1899
  MINIMUM         30   1216 AM   5    1977  28      2       19
  AVERAGE         34                        34      0       22

PRECIPITATION (IN)
  YESTERDAY        0.29                      0.13   0.16     0.25
  MONTH TO DATE    1.10                      1.38  -0.28     0.62
  SINCE DEC 1      1.10                      1.38  -0.28     0.62
  SINCE JAN 1     39.33                     39.80  -0.47    49.12

SNOWFALL (IN)
  YESTERDAY        2.9                       0.8    2.1      4.8
  MONTH TO DATE    3.3                       7.8   -4.5      8.2
  SINCE DEC 1      3.3                       7.8   -4.5      8.2
  SINCE JUL 1     28.3                      16.5   11.8     23.8
  SNOW DEPTH       0

DEGREE DAYS
 HEATING
  YESTERDAY       31                        31      0       43
  MONTH TO DATE  336                       325     11      347
  SINCE DEC 1    336                       325     11      347
  SINCE JUL 1   1550                      1481     69     1546

 COOLING
  YESTERDAY        0                         0      0        0
  MONTH TO DATE    0                         0      0        0
  SINCE DEC 1      0                         0      0        0
  SINCE JAN 1    603                       638    -35      706
..................................................................


WIND (MPH)
  HIGHEST WIND SPEED    25   HIGHEST WIND DIRECTION    NW (300)
  HIGHEST GUST SPEED    38   HIGHEST GUST DIRECTION    NW (300)
  AVERAGE WIND SPEED    17.7


SKY COVER
  POSSIBLE SUNSHINE  MM
  AVERAGE SKY COVER 0.9


WEATHER CONDITIONS
 THE FOLLOWING WEATHER WAS RECORDED YESTERDAY.
  SNOW
  LIGHT SNOW
  FOG
  FOG W/VISIBILITY <= 1/4 MILE
  HAZE


RELATIVE HUMIDITY (PERCENT)
 HIGHEST    92          1200 PM
 LOWEST     52           800 PM
 AVERAGE    72

..........................................................


THE ERIE PA CLIMATE NORMALS FOR TODAY
                         NORMAL    RECORD    YEAR
 MAXIMUM TEMPERATURE (F)   39        63      1946
 MINIMUM TEMPERATURE (F)   28         4      2005
                                             1917


SUNRISE AND SUNSET
DECEMBER 12 2014......SUNRISE   740 AM EST   SUNSET   449 PM EST
DECEMBER 13 2014......SUNRISE   740 AM EST   SUNSET   449 PM EST


-  INDICATES NEGATIVE NUMBERS.
R  INDICATES RECORD WAS SET OR TIED.
MM INDICATES DATA IS MISSING.
T  INDICATES TRACE AMOUNT.




$$
