000
CDUS41 KCLE 060537
CLIERI


CLIMATE REPORT
NATIONAL WEATHER SERVICE CLEVELAND OH
126 AM EDT WED SEP 6 2017


...................................

...THE ERIE PA CLIMATE SUMMARY FOR SEPTEMBER 5 2017...

CLIMATE NORMAL PERIOD 1981 TO 2010
CLIMATE RECORD PERIOD 1873 TO 2017


WEATHER ITEM   OBSERVED TIME   RECORD YEAR NORMAL DEPARTURE LAST
                VALUE   (LST)  VALUE       VALUE  FROM      YEAR
                                                  NORMAL
..................................................................
TEMPERATURE (F)
 YESTERDAY
  MAXIMUM         71    241 PM  92    1881  76     -5       82
  MINIMUM         55   1159 PM  45    1974  59     -4       61
  AVERAGE         63                        67     -4       72

PRECIPITATION (IN)
  YESTERDAY        0.07                      0.14  -0.07     0.00
  MONTH TO DATE    1.73                      0.66   1.07      T
  SINCE SEP 1      1.73                      0.66   1.07      T
  SINCE JAN 1     33.10                     26.49   6.61    27.06

SNOWFALL (IN)
  YESTERDAY        0.0                       0.0    0.0      0.0
  MONTH TO DATE    0.0                       0.0    0.0      0.0
  SINCE SEP 1      0.0                       0.0    0.0      0.0
  SINCE JUL 1      0.0                       0.0    0.0      0.0
  SNOW DEPTH       0

DEGREE DAYS
 HEATING
  YESTERDAY        2                         1      1        0
  MONTH TO DATE   18                         5     13        0
  SINCE SEP 1     18                         5     13        0
  SINCE JUL 1     28                        23      5        0

 COOLING
  YESTERDAY        0                         4     -4        7
  MONTH TO DATE    6                        20    -14       17
  SINCE SEP 1      6                        20    -14       17
  SINCE JAN 1    568                       578    -10      866
..................................................................


WIND (MPH)
  HIGHEST WIND SPEED    15   HIGHEST WIND DIRECTION     W (290)
  HIGHEST GUST SPEED    21   HIGHEST GUST DIRECTION    NW (310)
  AVERAGE WIND SPEED     5.8


SKY COVER
  POSSIBLE SUNSHINE  MM
  AVERAGE SKY COVER 0.5


WEATHER CONDITIONS
 THE FOLLOWING WEATHER WAS RECORDED YESTERDAY.
  THUNDERSTORM
  LIGHT RAIN


RELATIVE HUMIDITY (PERCENT)
 HIGHEST    97           700 AM
 LOWEST     61           200 PM
 AVERAGE    79

..........................................................


THE ERIE PA CLIMATE NORMALS FOR TODAY
                         NORMAL    RECORD    YEAR
 MAXIMUM TEMPERATURE (F)   75        93      2007
 MINIMUM TEMPERATURE (F)   59        43      1962
                                             1957


SUNRISE AND SUNSET
SEPTEMBER  6 2017.....SUNRISE   652 AM EDT   SUNSET   745 PM EDT
SEPTEMBER  7 2017.....SUNRISE   653 AM EDT   SUNSET   744 PM EDT


-  INDICATES NEGATIVE NUMBERS.
R  INDICATES RECORD WAS SET OR TIED.
MM INDICATES DATA IS MISSING.
T  INDICATES TRACE AMOUNT.




$$
