000
CDUS41 KCLE 182216
CLIERI


CLIMATE REPORT
NATIONAL WEATHER SERVICE CLEVELAND OH
515 PM EST FRI NOV 18 2016


...................................

...THE ERIE PA CLIMATE SUMMARY FOR NOVEMBER 18 2016...
VALID TODAY AS OF 0500 PM LOCAL TIME.

CLIMATE NORMAL PERIOD 1981 TO 2010
CLIMATE RECORD PERIOD 1873 TO 2016


WEATHER ITEM   OBSERVED TIME   RECORD YEAR NORMAL DEPARTURE LAST
                VALUE   (LST)  VALUE       VALUE  FROM      YEAR
                                                  NORMAL
..................................................................
TEMPERATURE (F)
 TODAY
  MAXIMUM         75R   227 PM  73    1958  49     26       63
  MINIMUM         52    734 AM  14    2014  36     16       53
                                      1959
  AVERAGE         64                        42     22       58

PRECIPITATION (IN)
  TODAY            0.00                      0.14  -0.14      T
  MONTH TO DATE    0.93                      2.35  -1.42     1.79
  SINCE SEP 1     13.13                     11.01   2.12     9.18
  SINCE JAN 1     40.19                     36.84   3.35    32.89

SNOWFALL (IN)
  TODAY            0.0                       0.3   -0.3      0.0
  MONTH TO DATE    0.0                       3.5   -3.5      0.0
  SINCE SEP 1      0.0                       3.7   -3.7       T
  SINCE JUL 1      0.0                       3.7   -3.7       T
  SNOW DEPTH       0

DEGREE DAYS
 HEATING
  TODAY            1                        23    -22        7
  MONTH TO DATE  235                       352   -117      228
  SINCE SEP 1    511                       837   -326      597
  SINCE JUL 1    511                       855   -344      615

 COOLING
  TODAY            0                         0      0        0
  MONTH TO DATE    2                         0      2        4
  SINCE SEP 1    168                        80     88      167
  SINCE JAN 1   1017                       638    379      773
..................................................................


WIND (MPH)
  HIGHEST WIND SPEED    20   HIGHEST WIND DIRECTION     S (160)
  HIGHEST GUST SPEED    25   HIGHEST GUST DIRECTION     S (170)


SKY COVER
  POSSIBLE SUNSHINE  MM
  AVERAGE SKY COVER 0.0


WEATHER CONDITIONS
 THE FOLLOWING WEATHER WAS RECORDED TODAY.
  NO SIGNIFICANT WEATHER WAS OBSERVED.


RELATIVE HUMIDITY (PERCENT)
 HIGHEST    68          1200 AM
 LOWEST     33           200 PM
 AVERAGE    51

..........................................................


THE ERIE PA CLIMATE NORMALS FOR TOMORROW
                         NORMAL    RECORD    YEAR
 MAXIMUM TEMPERATURE (F)   49        74      1985
 MINIMUM TEMPERATURE (F)   36        12      2014


SUNRISE AND SUNSET
NOVEMBER 18 2016......SUNRISE   715 AM EST   SUNSET   457 PM EST
NOVEMBER 19 2016......SUNRISE   716 AM EST   SUNSET   456 PM EST


-  INDICATES NEGATIVE NUMBERS.
R  INDICATES RECORD WAS SET OR TIED.
MM INDICATES DATA IS MISSING.
T  INDICATES TRACE AMOUNT.




$$
