000
CDUS41 KCLE 222113
CLIERI


CLIMATE REPORT
NATIONAL WEATHER SERVICE CLEVELAND OH
511 PM EDT SUN MAY 22 2016


...................................

...THE ERIE PA CLIMATE SUMMARY FOR MAY 22 2016...
VALID TODAY AS OF 0500 PM LOCAL TIME.

CLIMATE NORMAL PERIOD 1981 TO 2010
CLIMATE RECORD PERIOD 1873 TO 2016


WEATHER ITEM   OBSERVED TIME   RECORD YEAR NORMAL DEPARTURE LAST
                VALUE   (LST)  VALUE       VALUE  FROM      YEAR
                                                  NORMAL
..................................................................
TEMPERATURE (F)
 TODAY
  MAXIMUM         67    359 PM  87    2013  68     -1       58
                                      1902
  MINIMUM         50    517 AM  35    2006  50      0       40
  AVERAGE         59                        59      0       49

PRECIPITATION (IN)
  TODAY            0.01                      0.12  -0.11      T
  MONTH TO DATE    1.56                      2.41  -0.85     1.55
  SINCE MAR 1      6.55                      8.69  -2.14     6.52
  SINCE JAN 1     12.76                     14.03  -1.27    12.28

SNOWFALL (IN)
  TODAY            0.0                       0.0    0.0      0.0
  MONTH TO DATE    T                         0.0    0.0      0.0
  SINCE MAR 1      4.0                      16.9  -12.9     10.9
  SINCE JUL 1     71.2                     100.9  -29.7    110.3
  SNOW DEPTH       0

DEGREE DAYS
 HEATING
  TODAY            6                         7     -1       16
  MONTH TO DATE  261                       216     45      141
  SINCE MAR 1   1564                      1670   -106     1717
  SINCE JUL 1   5162                      6035   -873     6593

 COOLING
  TODAY            0                         1     -1        0
  MONTH TO DATE    4                        17    -13       60
  SINCE MAR 1      4                        24    -20       60
  SINCE JAN 1      4                        24    -20       60
..................................................................


WIND (MPH)
  HIGHEST WIND SPEED    10   HIGHEST WIND DIRECTION    NW (320)
  HIGHEST GUST SPEED    13   HIGHEST GUST DIRECTION     N (20)


SKY COVER
  POSSIBLE SUNSHINE  MM
  AVERAGE SKY COVER 0.6


WEATHER CONDITIONS
 THE FOLLOWING WEATHER WAS RECORDED TODAY.
  LIGHT RAIN


RELATIVE HUMIDITY (PERCENT)
 HIGHEST    93          1200 AM
 LOWEST     52           100 PM
 AVERAGE    73

..........................................................


THE ERIE PA CLIMATE NORMALS FOR TOMORROW
                         NORMAL    RECORD    YEAR
 MAXIMUM TEMPERATURE (F)   69        88      1964
 MINIMUM TEMPERATURE (F)   51        31      1967


SUNRISE AND SUNSET
MAY 22 2016...........SUNRISE   553 AM EDT   SUNSET   842 PM EDT
MAY 23 2016...........SUNRISE   553 AM EDT   SUNSET   843 PM EDT


-  INDICATES NEGATIVE NUMBERS.
R  INDICATES RECORD WAS SET OR TIED.
MM INDICATES DATA IS MISSING.
T  INDICATES TRACE AMOUNT.




$$
