000
CDUS41 KCLE 070527
CLIERI


CLIMATE REPORT
NATIONAL WEATHER SERVICE CLEVELAND OH
1226 AM EST THU DEC 7 2017


...................................

...THE ERIE PA CLIMATE SUMMARY FOR DECEMBER 6 2017...

CLIMATE NORMAL PERIOD 1981 TO 2010
CLIMATE RECORD PERIOD 1873 TO 2017


WEATHER ITEM   OBSERVED TIME   RECORD YEAR NORMAL DEPARTURE LAST
                VALUE   (LST)  VALUE       VALUE  FROM      YEAR
                                                  NORMAL
..................................................................
TEMPERATURE (F)
 YESTERDAY
  MAXIMUM         39    748 PM  69    1998  41     -2       41
  MINIMUM         28    738 AM  12    1926  30     -2       32
                                      1886
                                      1885
  AVERAGE         34                        35     -1       37

PRECIPITATION (IN)
  YESTERDAY        T                         0.13  -0.13     0.38
  MONTH TO DATE    0.24                      0.75  -0.51     1.28
  SINCE DEC 1      0.24                      0.75  -0.51     1.28
  SINCE JAN 1     46.21                     39.17   7.04    43.06

SNOWFALL (IN)
  YESTERDAY        T                         0.7   -0.7      0.0
  MONTH TO DATE    T                         3.9   -3.9       T
  SINCE DEC 1      T                         3.9   -3.9       T
  SINCE JUL 1      0.5                      12.6  -12.1      2.4
  SNOW DEPTH       0

DEGREE DAYS
 HEATING
  YESTERDAY       31                        30      1       28
  MONTH TO DATE  149                       172    -23      154
  SINCE DEC 1    149                       172    -23      154
  SINCE JUL 1   1146                      1328   -182      934

 COOLING
  YESTERDAY        0                         0      0        0
  MONTH TO DATE    0                         0      0        0
  SINCE DEC 1      0                         0      0        0
  SINCE JAN 1    697                       638     59     1017
..................................................................


WIND (MPH)
  HIGHEST WIND SPEED    29   HIGHEST WIND DIRECTION     W (260)
  HIGHEST GUST SPEED    37   HIGHEST GUST DIRECTION     W (260)
  AVERAGE WIND SPEED    17.0


SKY COVER
  POSSIBLE SUNSHINE  MM
  AVERAGE SKY COVER 0.8


WEATHER CONDITIONS
 THE FOLLOWING WEATHER WAS RECORDED YESTERDAY.
  LIGHT SNOW


RELATIVE HUMIDITY (PERCENT)
 HIGHEST    58           500 AM
 LOWEST     48           400 PM
 AVERAGE    53

..........................................................


THE ERIE PA CLIMATE NORMALS FOR TODAY
                         NORMAL    RECORD    YEAR
 MAXIMUM TEMPERATURE (F)   41        69      1998
 MINIMUM TEMPERATURE (F)   29         6      1885


SUNRISE AND SUNSET
DECEMBER  7 2017......SUNRISE   736 AM EST   SUNSET   449 PM EST
DECEMBER  8 2017......SUNRISE   737 AM EST   SUNSET   449 PM EST


-  INDICATES NEGATIVE NUMBERS.
R  INDICATES RECORD WAS SET OR TIED.
MM INDICATES DATA IS MISSING.
T  INDICATES TRACE AMOUNT.




$$
