000
CDUS41 KCLE 100532
CLIERI


CLIMATE REPORT
NATIONAL WEATHER SERVICE CLEVELAND OH
1227 AM EST WED DEC 10 2014


...................................

...THE ERIE PA CLIMATE SUMMARY FOR DECEMBER 9 2014...

CLIMATE NORMAL PERIOD 1981 TO 2010
CLIMATE RECORD PERIOD 1873 TO 2014


WEATHER ITEM   OBSERVED TIME   RECORD YEAR NORMAL DEPARTURE LAST
                VALUE   (LST)  VALUE       VALUE  FROM      YEAR
                                                  NORMAL
..................................................................
TEMPERATURE (F)
 YESTERDAY
  MAXIMUM         44   1230 PM  65    1885  40      4       37
  MINIMUM         36    756 AM  -2    1917  29      7       28
  AVERAGE         40                        34      6       33

PRECIPITATION (IN)
  YESTERDAY        0.03                      0.13  -0.10     0.02
  MONTH TO DATE    0.71                      1.12  -0.41     0.31
  SINCE DEC 1      0.71                      1.12  -0.41     0.31
  SINCE JAN 1     38.94                     39.54  -0.60    48.81

SNOWFALL (IN)
  YESTERDAY        T                         0.8   -0.8       T
  MONTH TO DATE    0.2                       6.1   -5.9      2.3
  SINCE DEC 1      0.2                       6.1   -5.9      2.3
  SINCE JUL 1     25.2                      14.8   10.4     17.9
  SNOW DEPTH       0

DEGREE DAYS
 HEATING
  YESTERDAY       25                        31     -6       32
  MONTH TO DATE  274                       263     11      265
  SINCE DEC 1    274                       263     11      265
  SINCE JUL 1   1488                      1419     69     1464

 COOLING
  YESTERDAY        0                         0      0        0
  MONTH TO DATE    0                         0      0        0
  SINCE DEC 1      0                         0      0        0
  SINCE JAN 1    603                       638    -35      706
..................................................................


WIND (MPH)
  HIGHEST WIND SPEED    20   HIGHEST WIND DIRECTION     S (170)
  HIGHEST GUST SPEED    27   HIGHEST GUST DIRECTION     S (170)
  AVERAGE WIND SPEED     8.4


SKY COVER
  POSSIBLE SUNSHINE  MM
  AVERAGE SKY COVER 1.0


WEATHER CONDITIONS
 THE FOLLOWING WEATHER WAS RECORDED YESTERDAY.
  LIGHT RAIN
  LIGHT SNOW
  FOG
  HAZE


RELATIVE HUMIDITY (PERCENT)
 HIGHEST    85           500 PM
 LOWEST     59          1200 AM
 AVERAGE    72

..........................................................


THE ERIE PA CLIMATE NORMALS FOR TODAY
                         NORMAL    RECORD    YEAR
 MAXIMUM TEMPERATURE (F)   40        65      1971
 MINIMUM TEMPERATURE (F)   28        -4      1876


SUNRISE AND SUNSET
DECEMBER 10 2014......SUNRISE   738 AM EST   SUNSET   449 PM EST
DECEMBER 11 2014......SUNRISE   739 AM EST   SUNSET   449 PM EST


-  INDICATES NEGATIVE NUMBERS.
R  INDICATES RECORD WAS SET OR TIED.
MM INDICATES DATA IS MISSING.
T  INDICATES TRACE AMOUNT.




$$
