000
CDUS41 KCLE 172112
CLIERI


CLIMATE REPORT
NATIONAL WEATHER SERVICE CLEVELAND OH
511 PM EDT SUN JUL 17 2016


...................................

...THE ERIE PA CLIMATE SUMMARY FOR JULY 17 2016...
VALID TODAY AS OF 0500 PM LOCAL TIME.

CLIMATE NORMAL PERIOD 1981 TO 2010
CLIMATE RECORD PERIOD 1873 TO 2016


WEATHER ITEM   OBSERVED TIME   RECORD YEAR NORMAL DEPARTURE LAST
                VALUE   (LST)  VALUE       VALUE  FROM      YEAR
                                                  NORMAL
..................................................................
TEMPERATURE (F)
 TODAY
  MAXIMUM         85    359 PM  94    1878  80      5       84
  MINIMUM         59    527 AM  49    1971  64     -5       65
  AVERAGE         72                        72      0       75

PRECIPITATION (IN)
  TODAY            0.00                      0.12  -0.12      T
  MONTH TO DATE    2.49                      1.86   0.63     2.11
  SINCE JUN 1      4.33                      5.62  -1.29     7.39
  SINCE JAN 1     17.10                     20.68  -3.58    21.58

SNOWFALL (IN)
  TODAY            0.0                       0.0    0.0      0.0
  MONTH TO DATE    0.0                       0.0    0.0      0.0
  SINCE JUN 1      0.0                       0.0    0.0      0.0
  SINCE JUL 1      0.0                       0.0    0.0      0.0
  SNOW DEPTH       0

DEGREE DAYS
 HEATING
  TODAY            0                         0      0        0
  MONTH TO DATE    0                         2     -2       12
  SINCE JUN 1     40                        63    -23       49
  SINCE JUL 1      0                         2     -2       12

 COOLING
  TODAY            7                         7      0       10
  MONTH TO DATE  146                       117     29       66
  SINCE JUN 1    297                       240     57      166
  SINCE JAN 1    372                       279     93      278
..................................................................


WIND (MPH)
  HIGHEST WIND SPEED    14   HIGHEST WIND DIRECTION     S (200)
  HIGHEST GUST SPEED    20   HIGHEST GUST DIRECTION     S (190)


SKY COVER
  POSSIBLE SUNSHINE  MM
  AVERAGE SKY COVER 0.0


WEATHER CONDITIONS
 THE FOLLOWING WEATHER WAS RECORDED TODAY.
  NO SIGNIFICANT WEATHER WAS OBSERVED.


RELATIVE HUMIDITY (PERCENT)
 HIGHEST    90           100 AM
 LOWEST     43          1000 AM
 AVERAGE    67

..........................................................


THE ERIE PA CLIMATE NORMALS FOR TOMORROW
                         NORMAL    RECORD    YEAR
 MAXIMUM TEMPERATURE (F)   80        94      1968
 MINIMUM TEMPERATURE (F)   64        47      1971


SUNRISE AND SUNSET
JULY 17 2016..........SUNRISE   600 AM EDT   SUNSET   853 PM EDT
JULY 18 2016..........SUNRISE   601 AM EDT   SUNSET   852 PM EDT


-  INDICATES NEGATIVE NUMBERS.
R  INDICATES RECORD WAS SET OR TIED.
MM INDICATES DATA IS MISSING.
T  INDICATES TRACE AMOUNT.




$$
