184
CDUS41 KCLE 150526
CLIERI


CLIMATE REPORT
NATIONAL WEATHER SERVICE CLEVELAND OH
126 AM EDT FRI SEP 15 2017


...................................

...THE ERIE PA CLIMATE SUMMARY FOR SEPTEMBER 14 2017...

CLIMATE NORMAL PERIOD 1981 TO 2010
CLIMATE RECORD PERIOD 1873 TO 2017


WEATHER ITEM   OBSERVED TIME   RECORD YEAR NORMAL DEPARTURE LAST
                VALUE   (LST)  VALUE       VALUE  FROM      YEAR
                                                  NORMAL
..................................................................
TEMPERATURE (F)
 YESTERDAY
  MAXIMUM         70    444 PM  91    1915  73     -3       72
  MINIMUM         59   1158 PM  39    1913  57      2       58
  AVERAGE         65                        65      0       65

PRECIPITATION (IN)
  YESTERDAY        0.11                      0.15  -0.04      T
  MONTH TO DATE    3.82                      1.95   1.87     2.66
  SINCE SEP 1      3.82                      1.95   1.87     2.66
  SINCE JAN 1     35.19                     27.78   7.41    29.72

SNOWFALL (IN)
  YESTERDAY        0.0                       0.0    0.0      0.0
  MONTH TO DATE    0.0                       0.0    0.0      0.0
  SINCE SEP 1      0.0                       0.0    0.0      0.0
  SINCE JUL 1      0.0                       0.0    0.0      0.0
  SNOW DEPTH       0

DEGREE DAYS
 HEATING
  YESTERDAY        0                         3     -3        0
  MONTH TO DATE   63                        24     39        2
  SINCE SEP 1     63                        24     39        2
  SINCE JUL 1     73                        42     31        2

 COOLING
  YESTERDAY        0                         2     -2        0
  MONTH TO DATE   12                        47    -35       86
  SINCE SEP 1     12                        47    -35       86
  SINCE JAN 1    574                       605    -31      935
..................................................................


WIND (MPH)
  HIGHEST WIND SPEED    10   HIGHEST WIND DIRECTION     W (280)
  HIGHEST GUST SPEED    13   HIGHEST GUST DIRECTION     S (200)
  AVERAGE WIND SPEED     5.2


SKY COVER
  POSSIBLE SUNSHINE  MM
  AVERAGE SKY COVER 0.7


WEATHER CONDITIONS
 THE FOLLOWING WEATHER WAS RECORDED YESTERDAY.
  LIGHT RAIN
  FOG


RELATIVE HUMIDITY (PERCENT)
 HIGHEST   100           900 PM
 LOWEST     73           100 PM
 AVERAGE    87

..........................................................


THE ERIE PA CLIMATE NORMALS FOR TODAY
                         NORMAL    RECORD    YEAR
 MAXIMUM TEMPERATURE (F)   72        92      1936
 MINIMUM TEMPERATURE (F)   56        42      1953


SUNRISE AND SUNSET
SEPTEMBER 15 2017.....SUNRISE   701 AM EDT   SUNSET   730 PM EDT
SEPTEMBER 16 2017.....SUNRISE   702 AM EDT   SUNSET   728 PM EDT


-  INDICATES NEGATIVE NUMBERS.
R  INDICATES RECORD WAS SET OR TIED.
MM INDICATES DATA IS MISSING.
T  INDICATES TRACE AMOUNT.




$$
