000
CDUS41 KCLE 162114
CLIERI


CLIMATE REPORT
NATIONAL WEATHER SERVICE CLEVELAND OH
512 PM EDT FRI SEP 16 2016


...................................

...THE ERIE PA CLIMATE SUMMARY FOR SEPTEMBER 16 2016...
VALID TODAY AS OF 0500 PM LOCAL TIME.

CLIMATE NORMAL PERIOD 1981 TO 2010
CLIMATE RECORD PERIOD 1873 TO 2016


WEATHER ITEM   OBSERVED TIME   RECORD YEAR NORMAL DEPARTURE LAST
                VALUE   (LST)  VALUE       VALUE  FROM      YEAR
                                                  NORMAL
..................................................................
TEMPERATURE (F)
 TODAY
  MAXIMUM         77    250 PM  93    1939  72      5       81
  MINIMUM         52    152 AM  39    1966  56     -4       60
  AVERAGE         65                        64      1       71

PRECIPITATION (IN)
  TODAY            0.00                      0.16  -0.16     0.00
  MONTH TO DATE    2.66                      2.27   0.39     3.91
  SINCE SEP 1      2.66                      2.27   0.39     3.91
  SINCE JAN 1     29.72                     28.10   1.62    27.62

SNOWFALL (IN)
  TODAY            0.0                       0.0    0.0      0.0
  MONTH TO DATE    0.0                       0.0    0.0      0.0
  SINCE SEP 1      0.0                       0.0    0.0      0.0
  SINCE JUL 1      0.0                       0.0    0.0      0.0
  SNOW DEPTH       0

DEGREE DAYS
 HEATING
  TODAY            0                         3     -3        0
  MONTH TO DATE    4                        30    -26       14
  SINCE SEP 1      4                        30    -26       14
  SINCE JUL 1      4                        48    -44       32

 COOLING
  TODAY            0                         2     -2        6
  MONTH TO DATE   86                        51     35      130
  SINCE SEP 1     86                        51     35      130
  SINCE JAN 1    935                       609    326      736
..................................................................


WIND (MPH)
  HIGHEST WIND SPEED    13   HIGHEST WIND DIRECTION    SE (150)
  HIGHEST GUST SPEED    17   HIGHEST GUST DIRECTION     S (160)


SKY COVER
  POSSIBLE SUNSHINE  MM
  AVERAGE SKY COVER 0.0


WEATHER CONDITIONS
 THE FOLLOWING WEATHER WAS RECORDED TODAY.
  NO SIGNIFICANT WEATHER WAS OBSERVED.


RELATIVE HUMIDITY (PERCENT)
 HIGHEST    89           100 AM
 LOWEST     54          1200 PM
 AVERAGE    72

..........................................................


THE ERIE PA CLIMATE NORMALS FOR TOMORROW
                         NORMAL    RECORD    YEAR
 MAXIMUM TEMPERATURE (F)   72        88      1955
                                             1942
 MINIMUM TEMPERATURE (F)   56        35      1959


SUNRISE AND SUNSET
SEPTEMBER 16 2016.....SUNRISE   702 AM EDT   SUNSET   728 PM EDT
SEPTEMBER 17 2016.....SUNRISE   703 AM EDT   SUNSET   726 PM EDT


-  INDICATES NEGATIVE NUMBERS.
R  INDICATES RECORD WAS SET OR TIED.
MM INDICATES DATA IS MISSING.
T  INDICATES TRACE AMOUNT.




$$
