000
CDUS41 KCLE 050527
CLIERI


CLIMATE REPORT
NATIONAL WEATHER SERVICE CLEVELAND OH
1226 AM EST SUN FEB 5 2017


...................................

...THE ERIE PA CLIMATE SUMMARY FOR FEBRUARY 4 2017...

CLIMATE NORMAL PERIOD 1981 TO 2010
CLIMATE RECORD PERIOD 1873 TO 2017


WEATHER ITEM   OBSERVED TIME   RECORD YEAR NORMAL DEPARTURE LAST
                VALUE   (LST)  VALUE       VALUE  FROM      YEAR
                                                  NORMAL
..................................................................
TEMPERATURE (F)
 YESTERDAY
  MAXIMUM         30    405 PM  67    1890  34     -4       40
  MINIMUM         20    914 AM -12    1978  20      0       31
  AVERAGE         25                        27     -2       36

PRECIPITATION (IN)
  YESTERDAY        T                         0.08  -0.08     0.11
  MONTH TO DATE    0.22                      0.33  -0.11     0.82
  SINCE DEC 1      8.98                      7.02   1.96     7.09
  SINCE JAN 1      5.10                      3.28   1.82     3.20

SNOWFALL (IN)
  YESTERDAY        T                         0.8   -0.8      1.1
  MONTH TO DATE    3.6                       3.1    0.5      1.1
  SINCE DEC 1     59.2                      60.2   -1.0     44.4
  SINCE JUL 1     61.6                      68.9   -7.3     44.9
  SNOW DEPTH       4

DEGREE DAYS
 HEATING
  YESTERDAY       40                        38      2       29
  MONTH TO DATE  153                       152      1       92
  SINCE DEC 1   2124                      2334   -210     1855
  SINCE JUL 1   2904                      3490   -586     2746

 COOLING
  YESTERDAY        0                         0      0        0
  MONTH TO DATE    0                         0      0        0
  SINCE DEC 1      0                         0      0        0
  SINCE JAN 1      0                         0      0        0
..................................................................


WIND (MPH)
  HIGHEST WIND SPEED    20   HIGHEST WIND DIRECTION     W (250)
  HIGHEST GUST SPEED    27   HIGHEST GUST DIRECTION     W (270)
  AVERAGE WIND SPEED    11.4


SKY COVER
  POSSIBLE SUNSHINE  MM
  AVERAGE SKY COVER 0.6


WEATHER CONDITIONS
 THE FOLLOWING WEATHER WAS RECORDED YESTERDAY.
  LIGHT SNOW
  HAZE


RELATIVE HUMIDITY (PERCENT)
 HIGHEST    67           800 AM
 LOWEST     39           500 PM
 AVERAGE    53

..........................................................


THE ERIE PA CLIMATE NORMALS FOR TODAY
                         NORMAL    RECORD    YEAR
 MAXIMUM TEMPERATURE (F)   34        59      2008
                                             1938
 MINIMUM TEMPERATURE (F)   20       -13      1918


SUNRISE AND SUNSET
FEBRUARY  5 2017......SUNRISE   729 AM EST   SUNSET   541 PM EST
FEBRUARY  6 2017......SUNRISE   728 AM EST   SUNSET   542 PM EST


-  INDICATES NEGATIVE NUMBERS.
R  INDICATES RECORD WAS SET OR TIED.
MM INDICATES DATA IS MISSING.
T  INDICATES TRACE AMOUNT.




$$
