000
CDUS41 KCLE 240527
CLIERI


CLIMATE REPORT
NATIONAL WEATHER SERVICE CLEVELAND OH
1227 AM EST TUE FEB 24 2015


...................................

...THE ERIE PA CLIMATE SUMMARY FOR FEBRUARY 23 2015...

CLIMATE NORMAL PERIOD 1981 TO 2010
CLIMATE RECORD PERIOD 1873 TO 2015


WEATHER ITEM   OBSERVED TIME   RECORD YEAR NORMAL DEPARTURE LAST
                VALUE   (LST)  VALUE       VALUE  FROM      YEAR
                                                  NORMAL
..................................................................
TEMPERATURE (F)
 YESTERDAY
  MAXIMUM         12   1233 AM  65    1922  37    -25       38
  MINIMUM         -8R  1052 PM  -4    1889  22    -30       25
  AVERAGE          2                        30    -28       32

PRECIPITATION (IN)
  YESTERDAY        T                         0.09  -0.09     0.00
  MONTH TO DATE    1.92                      1.92   0.00     3.06
  SINCE DEC 1      8.11                      8.61  -0.50    11.58
  SINCE JAN 1      5.66                      4.87   0.79     5.62

SNOWFALL (IN)
  YESTERDAY        T                         0.6   -0.6      0.0
  MONTH TO DATE   29.9                      15.2   14.7     22.3
  SINCE DEC 1     72.8                      72.3    0.5     98.4
  SINCE JUL 1     97.8                      81.0   16.8    114.0
  SNOW DEPTH      15

DEGREE DAYS
 HEATING
  YESTERDAY       63                        36     27       33
  MONTH TO DATE 1168                       854    314      987
  SINCE DEC 1   3384                      3036    348     3369
  SINCE JUL 1   4598                      4192    406     4568

 COOLING
  YESTERDAY        0                         0      0        0
  MONTH TO DATE    0                         0      0        0
  SINCE DEC 1      0                         0      0        0
  SINCE JAN 1      0                         0      0        0
..................................................................


WIND (MPH)
  HIGHEST WIND SPEED    14   HIGHEST WIND DIRECTION     W (260)
  HIGHEST GUST SPEED    19   HIGHEST GUST DIRECTION    NW (330)
  AVERAGE WIND SPEED     8.2


SKY COVER
  POSSIBLE SUNSHINE  MM
  AVERAGE SKY COVER 0.3


WEATHER CONDITIONS
 THE FOLLOWING WEATHER WAS RECORDED YESTERDAY.
  LIGHT SNOW
  HAZE


RELATIVE HUMIDITY (PERCENT)
 HIGHEST    76           400 AM
 LOWEST     52          1000 PM
 AVERAGE    64

..........................................................


THE ERIE PA CLIMATE NORMALS FOR TODAY
                         NORMAL    RECORD    YEAR
 MAXIMUM TEMPERATURE (F)   37        67      1906
 MINIMUM TEMPERATURE (F)   22       -10      1889


SUNRISE AND SUNSET
FEBRUARY 24 2015......SUNRISE   704 AM EST   SUNSET   604 PM EST
FEBRUARY 25 2015......SUNRISE   702 AM EST   SUNSET   606 PM EST


-  INDICATES NEGATIVE NUMBERS.
R  INDICATES RECORD WAS SET OR TIED.
MM INDICATES DATA IS MISSING.
T  INDICATES TRACE AMOUNT.




$$
