113
CDUS41 KCLE 020529
CLIERI


CLIMATE REPORT
NATIONAL WEATHER SERVICE CLEVELAND OH
1228 AM EST SAT DEC 2 2017


...................................

...THE ERIE PA CLIMATE SUMMARY FOR DECEMBER 1 2017...

CLIMATE NORMAL PERIOD 1981 TO 2010
CLIMATE RECORD PERIOD 1873 TO 2017


WEATHER ITEM   OBSERVED TIME   RECORD YEAR NORMAL DEPARTURE LAST
                VALUE   (LST)  VALUE       VALUE  FROM      YEAR
                                                  NORMAL
..................................................................
TEMPERATURE (F)
 YESTERDAY
  MAXIMUM         46    211 PM  66    1982  43      3       46
  MINIMUM         32   1034 PM   7    1929  32      0       36
  AVERAGE         39                        37      2       41

PRECIPITATION (IN)
  YESTERDAY        0.00                      0.12  -0.12     0.30
  MONTH TO DATE    0.00                      0.12  -0.12     0.30
  SINCE DEC 1      0.00                      0.12  -0.12     0.30
  SINCE JAN 1     45.97                     38.54   7.43    42.08

SNOWFALL (IN)
  YESTERDAY        0.0                       0.6   -0.6       T
  MONTH TO DATE    0.0                       0.6   -0.6       T
  SINCE DEC 1      0.0                       0.6   -0.6       T
  SINCE JUL 1      0.5                       9.3   -8.8      2.4
  SNOW DEPTH       0

DEGREE DAYS
 HEATING
  YESTERDAY       26                        28     -2       24
  MONTH TO DATE   26                        28     -2       24
  SINCE DEC 1     26                        28     -2       24
  SINCE JUL 1   1023                      1184   -161      804

 COOLING
  YESTERDAY        0                         0      0        0
  MONTH TO DATE    0                         0      0        0
  SINCE DEC 1      0                         0      0        0
  SINCE JAN 1    697                       638     59     1017
..................................................................


WIND (MPH)
  HIGHEST WIND SPEED    13   HIGHEST WIND DIRECTION     W (290)
  HIGHEST GUST SPEED    17   HIGHEST GUST DIRECTION    NW (300)
  AVERAGE WIND SPEED     5.4


SKY COVER
  POSSIBLE SUNSHINE  MM
  AVERAGE SKY COVER 0.4


WEATHER CONDITIONS
 THE FOLLOWING WEATHER WAS RECORDED YESTERDAY.
  NO SIGNIFICANT WEATHER WAS OBSERVED.


RELATIVE HUMIDITY (PERCENT)
 HIGHEST    89           900 PM
 LOWEST     53           100 AM
 AVERAGE    71

..........................................................


THE ERIE PA CLIMATE NORMALS FOR TODAY
                         NORMAL    RECORD    YEAR
 MAXIMUM TEMPERATURE (F)   43        70      1982
 MINIMUM TEMPERATURE (F)   31        10      1976


SUNRISE AND SUNSET
DECEMBER  2 2017......SUNRISE   731 AM EST   SUNSET   450 PM EST
DECEMBER  3 2017......SUNRISE   732 AM EST   SUNSET   449 PM EST


-  INDICATES NEGATIVE NUMBERS.
R  INDICATES RECORD WAS SET OR TIED.
MM INDICATES DATA IS MISSING.
T  INDICATES TRACE AMOUNT.




$$
