000
CDUS41 KCLE 230545
CLIERI


CLIMATE REPORT
NATIONAL WEATHER SERVICE CLEVELAND OH
145 AM EDT SAT SEP 23 2017


...................................

...THE ERIE PA CLIMATE SUMMARY FOR SEPTEMBER 22 2017...

CLIMATE NORMAL PERIOD 1981 TO 2010
CLIMATE RECORD PERIOD 1873 TO 2017


WEATHER ITEM   OBSERVED TIME   RECORD YEAR NORMAL DEPARTURE LAST
                VALUE   (LST)  VALUE       VALUE  FROM      YEAR
                                                  NORMAL
..................................................................
TEMPERATURE (F)
 YESTERDAY
  MAXIMUM         79    232 PM  89    1965  70      9       84
                                      1931
                                      1895
  MINIMUM         61   1155 PM  37    1904  54      7       63
  AVERAGE         70                        62      8       74

PRECIPITATION (IN)
  YESTERDAY        0.00                      0.17  -0.17     0.00
  MONTH TO DATE    3.82                      3.27   0.55     4.47
  SINCE SEP 1      3.82                      3.27   0.55     4.47
  SINCE JAN 1     35.19                     29.10   6.09    31.53

SNOWFALL (IN)
  YESTERDAY        0.0                       0.0    0.0      0.0
  MONTH TO DATE    0.0                       0.0    0.0      0.0
  SINCE SEP 1      0.0                       0.0    0.0      0.0
  SINCE JUL 1      0.0                       0.0    0.0      0.0
  SNOW DEPTH       0

DEGREE DAYS
 HEATING
  YESTERDAY        0                         5     -5        0
  MONTH TO DATE   63                        55      8        4
  SINCE SEP 1     63                        55      8        4
  SINCE JUL 1     73                        73      0        4

 COOLING
  YESTERDAY        5                         1      4        9
  MONTH TO DATE   55                        62     -7      129
  SINCE SEP 1     55                        62     -7      129
  SINCE JAN 1    617                       620     -3      978
..................................................................


WIND (MPH)
  HIGHEST WIND SPEED    12   HIGHEST WIND DIRECTION    NE (30)
  HIGHEST GUST SPEED    14   HIGHEST GUST DIRECTION    NE (40)
  AVERAGE WIND SPEED     2.5


SKY COVER
  POSSIBLE SUNSHINE  MM
  AVERAGE SKY COVER 0.0


WEATHER CONDITIONS
 THE FOLLOWING WEATHER WAS RECORDED YESTERDAY.
  NO SIGNIFICANT WEATHER WAS OBSERVED.


RELATIVE HUMIDITY (PERCENT)
 HIGHEST    90           600 AM
 LOWEST     42           200 PM
 AVERAGE    66

..........................................................


THE ERIE PA CLIMATE NORMALS FOR TODAY
                         NORMAL    RECORD    YEAR
 MAXIMUM TEMPERATURE (F)   69        92      1936
 MINIMUM TEMPERATURE (F)   53        33      1974


SUNRISE AND SUNSET
SEPTEMBER 23 2017.....SUNRISE   709 AM EDT   SUNSET   716 PM EDT
SEPTEMBER 24 2017.....SUNRISE   710 AM EDT   SUNSET   714 PM EDT


-  INDICATES NEGATIVE NUMBERS.
R  INDICATES RECORD WAS SET OR TIED.
MM INDICATES DATA IS MISSING.
T  INDICATES TRACE AMOUNT.




$$
