798
CDUS41 KCLE 242111
CLIERI


CLIMATE REPORT
NATIONAL WEATHER SERVICE CLEVELAND OH
511 PM EDT SUN JUL 24 2016


...................................

...THE ERIE PA CLIMATE SUMMARY FOR JULY 24 2016...
VALID TODAY AS OF 0500 PM LOCAL TIME.

CLIMATE NORMAL PERIOD 1981 TO 2010
CLIMATE RECORD PERIOD 1873 TO 2016


WEATHER ITEM   OBSERVED TIME   RECORD YEAR NORMAL DEPARTURE LAST
                VALUE   (LST)  VALUE       VALUE  FROM      YEAR
                                                  NORMAL
..................................................................
TEMPERATURE (F)
 TODAY
  MAXIMUM         89    101 PM  94    1934  80      9       81
  MINIMUM         64    524 AM  51    1954  64      0       61
  AVERAGE         77                        72      5       71

PRECIPITATION (IN)
  TODAY            0.01                      0.11  -0.10     0.00
  MONTH TO DATE    3.13                      2.69   0.44     2.11
  SINCE JUN 1      4.97                      6.45  -1.48     7.39
  SINCE JAN 1     17.74                     21.51  -3.77    21.58

SNOWFALL (IN)
  TODAY            0.0                       0.0    0.0      0.0
  MONTH TO DATE    0.0                       0.0    0.0      0.0
  SINCE JUN 1      0.0                       0.0    0.0      0.0
  SINCE JUL 1      0.0                       0.0    0.0      0.0
  SNOW DEPTH       0

DEGREE DAYS
 HEATING
  TODAY            0                         0      0        0
  MONTH TO DATE    0                         2     -2       12
  SINCE JUN 1     40                        63    -23       49
  SINCE JUL 1      0                         2     -2       12

 COOLING
  TODAY           12                         7      5        6
  MONTH TO DATE  214                       166     48      124
  SINCE JUN 1    365                       289     76      224
  SINCE JAN 1    440                       328    112      336
..................................................................


WIND (MPH)
  HIGHEST WIND SPEED    16   HIGHEST WIND DIRECTION     W (280)
  HIGHEST GUST SPEED    24   HIGHEST GUST DIRECTION     W (280)


SKY COVER
  POSSIBLE SUNSHINE  MM
  AVERAGE SKY COVER 0.1


WEATHER CONDITIONS
 THE FOLLOWING WEATHER WAS RECORDED TODAY.
  LIGHT RAIN


RELATIVE HUMIDITY (PERCENT)
 HIGHEST    87           300 AM
 LOWEST     43          1200 PM
 AVERAGE    65

..........................................................


THE ERIE PA CLIMATE NORMALS FOR TOMORROW
                         NORMAL    RECORD    YEAR
 MAXIMUM TEMPERATURE (F)   80        94      1940
 MINIMUM TEMPERATURE (F)   64        49      1976


SUNRISE AND SUNSET
JULY 24 2016..........SUNRISE   607 AM EDT   SUNSET   847 PM EDT
JULY 25 2016..........SUNRISE   608 AM EDT   SUNSET   846 PM EDT


-  INDICATES NEGATIVE NUMBERS.
R  INDICATES RECORD WAS SET OR TIED.
MM INDICATES DATA IS MISSING.
T  INDICATES TRACE AMOUNT.




$$
