000
CDUS41 KCLE 020526
CLIERI


CLIMATE REPORT
NATIONAL WEATHER SERVICE CLEVELAND OH
1226 AM EST THU FEB 2 2017


...................................

...THE ERIE PA CLIMATE SUMMARY FOR FEBRUARY 1 2017...

CLIMATE NORMAL PERIOD 1981 TO 2010
CLIMATE RECORD PERIOD 1873 TO 2017


WEATHER ITEM   OBSERVED TIME   RECORD YEAR NORMAL DEPARTURE LAST
                VALUE   (LST)  VALUE       VALUE  FROM      YEAR
                                                  NORMAL
..................................................................
TEMPERATURE (F)
 YESTERDAY
  MAXIMUM         35    340 PM  58    2016  34      1       58
                                      2002
  MINIMUM         28    702 PM  -5    1971  20      8       29
  AVERAGE         32                        27      5       44

PRECIPITATION (IN)
  YESTERDAY        0.17                      0.08   0.09     0.13
  MONTH TO DATE    0.17                      0.08   0.09     0.13
  SINCE DEC 1      8.93                      6.77   2.16     6.40
  SINCE JAN 1      5.05                      3.03   2.02     2.51

SNOWFALL (IN)
  YESTERDAY        2.8                       0.8    2.0      0.0
  MONTH TO DATE    2.8                       0.8    2.0      0.0
  SINCE DEC 1     58.4                      57.9    0.5     43.3
  SINCE JUL 1     60.8                      66.6   -5.8     43.8
  SNOW DEPTH       5

DEGREE DAYS
 HEATING
  YESTERDAY       33                        38     -5       21
  MONTH TO DATE   33                        38     -5       21
  SINCE DEC 1   2004                      2220   -216     1784
  SINCE JUL 1   2784                      3376   -592     2675

 COOLING
  YESTERDAY        0                         0      0        0
  MONTH TO DATE    0                         0      0        0
  SINCE DEC 1      0                         0      0        0
  SINCE JAN 1      0                         0      0        0
..................................................................


WIND (MPH)
  HIGHEST WIND SPEED    25   HIGHEST WIND DIRECTION     W (260)
  HIGHEST GUST SPEED    38   HIGHEST GUST DIRECTION     W (270)
  AVERAGE WIND SPEED     9.7


SKY COVER
  POSSIBLE SUNSHINE  MM
  AVERAGE SKY COVER 0.7


WEATHER CONDITIONS
 THE FOLLOWING WEATHER WAS RECORDED YESTERDAY.
  SNOW
  LIGHT SNOW
  FOG
  HAZE


RELATIVE HUMIDITY (PERCENT)
 HIGHEST    92           800 AM
 LOWEST     69           100 AM
 AVERAGE    81

..........................................................


THE ERIE PA CLIMATE NORMALS FOR TODAY
                         NORMAL    RECORD    YEAR
 MAXIMUM TEMPERATURE (F)   34        61      1903
 MINIMUM TEMPERATURE (F)   20        -7      1971


SUNRISE AND SUNSET
FEBRUARY  2 2017......SUNRISE   732 AM EST   SUNSET   537 PM EST
FEBRUARY  3 2017......SUNRISE   731 AM EST   SUNSET   538 PM EST


-  INDICATES NEGATIVE NUMBERS.
R  INDICATES RECORD WAS SET OR TIED.
MM INDICATES DATA IS MISSING.
T  INDICATES TRACE AMOUNT.




$$
