000
CDUS41 KCLE 160545
CLIERI


CLIMATE REPORT
NATIONAL WEATHER SERVICE CLEVELAND OH
145 AM EDT FRI JUN 16 2017


...................................

...THE ERIE PA CLIMATE SUMMARY FOR JUNE 15 2017...

CLIMATE NORMAL PERIOD 1981 TO 2010
CLIMATE RECORD PERIOD 1873 TO 2017


WEATHER ITEM   OBSERVED TIME   RECORD YEAR NORMAL DEPARTURE LAST
                VALUE   (LST)  VALUE       VALUE  FROM      YEAR
                                                  NORMAL
..................................................................
TEMPERATURE (F)
 YESTERDAY
  MAXIMUM         79   1132 AM  91    1991  76      3       78
  MINIMUM         67    221 AM  43    1978  59      8       62
  AVERAGE         73                        67      6       70

PRECIPITATION (IN)
  YESTERDAY        0.92                      0.13   0.79     0.00
  MONTH TO DATE    1.89                      1.88   0.01     1.04
  SINCE JUN 1      1.89                      1.88   0.01     1.04
  SINCE JAN 1     21.88                     16.94   4.94    13.81

SNOWFALL (IN)
  YESTERDAY        0.0                       0.0    0.0      0.0
  MONTH TO DATE    0.0                       0.0    0.0      0.0
  SINCE JUN 1      0.0                       0.0    0.0      0.0
  SINCE JUL 1     78.6                     100.9  -22.3     71.2
  SNOW DEPTH       0

DEGREE DAYS
 HEATING
  YESTERDAY        0                         2     -2        0
  MONTH TO DATE   38                        45     -7       40
  SINCE JUN 1     38                        45     -7       40
  SINCE JUL 1   5095                      6131  -1036     5210

 COOLING
  YESTERDAY        8                         4      4        5
  MONTH TO DATE   65                        45     20       50
  SINCE JUN 1     65                        45     20       50
  SINCE JAN 1    109                        84     25      125
..................................................................


WIND (MPH)
  HIGHEST WIND SPEED    17   HIGHEST WIND DIRECTION    SW (210)
  HIGHEST GUST SPEED    23   HIGHEST GUST DIRECTION    SW (210)
  AVERAGE WIND SPEED     8.1


SKY COVER
  POSSIBLE SUNSHINE  MM
  AVERAGE SKY COVER 0.3


WEATHER CONDITIONS
 THE FOLLOWING WEATHER WAS RECORDED YESTERDAY.
  THUNDERSTORM
  HEAVY RAIN
  RAIN
  LIGHT RAIN
  FOG


RELATIVE HUMIDITY (PERCENT)
 HIGHEST    90           400 AM
 LOWEST     60           600 PM
 AVERAGE    75

..........................................................


THE ERIE PA CLIMATE NORMALS FOR TODAY
                         NORMAL    RECORD    YEAR
 MAXIMUM TEMPERATURE (F)   76        89      1967
 MINIMUM TEMPERATURE (F)   59        41      1961


SUNRISE AND SUNSET
JUNE 16 2017..........SUNRISE   544 AM EDT   SUNSET   859 PM EDT
JUNE 17 2017..........SUNRISE   544 AM EDT   SUNSET   859 PM EDT


-  INDICATES NEGATIVE NUMBERS.
R  INDICATES RECORD WAS SET OR TIED.
MM INDICATES DATA IS MISSING.
T  INDICATES TRACE AMOUNT.




$$
