000
CDUS41 KCLE 090537
CLIERI


CLIMATE REPORT
NATIONAL WEATHER SERVICE CLEVELAND OH
135 AM EDT SAT JUL 9 2016


...................................

...THE ERIE PA CLIMATE SUMMARY FOR JULY 8 2016...

CLIMATE NORMAL PERIOD 1981 TO 2010
CLIMATE RECORD PERIOD 1873 TO 2016


WEATHER ITEM   OBSERVED TIME   RECORD YEAR NORMAL DEPARTURE LAST
                VALUE   (LST)  VALUE       VALUE  FROM      YEAR
                                                  NORMAL
..................................................................
TEMPERATURE (F)
 YESTERDAY
  MAXIMUM         81    541 PM  94    1988  80      1       70
                                      1936
                                      1890
  MINIMUM         68   1034 PM  50    1984  63      5       61
                                      1969
  AVERAGE         75                        72      3       66

PRECIPITATION (IN)
  YESTERDAY        1.83                      0.10   1.73     0.04
  MONTH TO DATE    2.34                      0.86   1.48     0.43
  SINCE JUN 1      4.18                      4.62  -0.44     5.71
  SINCE JAN 1     16.95                     19.68  -2.73    19.90

SNOWFALL (IN)
  YESTERDAY        0.0                       0.0    0.0      0.0
  MONTH TO DATE    0.0                       0.0    0.0      0.0
  SINCE JUN 1      0.0                       0.0    0.0      0.0
  SINCE JUL 1      0.0                       0.0    0.0      0.0
  SNOW DEPTH       0

DEGREE DAYS
 HEATING
  YESTERDAY        0                         0      0        0
  MONTH TO DATE    0                         2     -2        6
  SINCE JUN 1     40                        63    -23       43
  SINCE JUL 1      0                         2     -2        6

 COOLING
  YESTERDAY       10                         7      3        1
  MONTH TO DATE   55                        54      1       26
  SINCE JUN 1    206                       177     29      126
  SINCE JAN 1    281                       216     65      238
..................................................................


WIND (MPH)
  HIGHEST WIND SPEED    18   HIGHEST WIND DIRECTION     W (280)
  HIGHEST GUST SPEED    25   HIGHEST GUST DIRECTION     W (280)
  AVERAGE WIND SPEED     6.8


SKY COVER
  POSSIBLE SUNSHINE  MM
  AVERAGE SKY COVER 0.4


WEATHER CONDITIONS
 THE FOLLOWING WEATHER WAS RECORDED YESTERDAY.
  THUNDERSTORM
  HEAVY RAIN
  RAIN
  LIGHT RAIN
  FOG


RELATIVE HUMIDITY (PERCENT)
 HIGHEST    93           600 AM
 LOWEST     69           400 PM
 AVERAGE    81

..........................................................


THE ERIE PA CLIMATE NORMALS FOR TODAY
                         NORMAL    RECORD    YEAR
 MAXIMUM TEMPERATURE (F)   80        98      1936
 MINIMUM TEMPERATURE (F)   63        44      1963


SUNRISE AND SUNSET
JULY  9 2016..........SUNRISE   554 AM EDT   SUNSET   858 PM EDT
JULY 10 2016..........SUNRISE   555 AM EDT   SUNSET   857 PM EDT


-  INDICATES NEGATIVE NUMBERS.
R  INDICATES RECORD WAS SET OR TIED.
MM INDICATES DATA IS MISSING.
T  INDICATES TRACE AMOUNT.




$$
