000
CDUS41 KCLE 030526
CLIERI


CLIMATE REPORT
NATIONAL WEATHER SERVICE CLEVELAND OH
1226 AM EST TUE JAN 3 2017


...................................

...THE ERIE PA CLIMATE SUMMARY FOR JANUARY 2 2017...

CLIMATE NORMAL PERIOD 1981 TO 2010
CLIMATE RECORD PERIOD 1873 TO 2017


WEATHER ITEM   OBSERVED TIME   RECORD YEAR NORMAL DEPARTURE LAST
                VALUE   (LST)  VALUE       VALUE  FROM      YEAR
                                                  NORMAL
..................................................................
TEMPERATURE (F)
 YESTERDAY
  MAXIMUM         45    232 PM  61    2000  34     11       32
                                      1897
                                      1876
  MINIMUM         25    213 AM  -5    1879  22      3       26
  AVERAGE         35                        28      7       29

PRECIPITATION (IN)
  YESTERDAY        T                         0.11  -0.11      T
  MONTH TO DATE    T                         0.22  -0.22     0.26
  SINCE DEC 1      3.88                      3.96  -0.08     4.15
  SINCE JAN 1      T                         0.22  -0.22     0.26

SNOWFALL (IN)
  YESTERDAY        0.0                       1.0   -1.0       T
  MONTH TO DATE    0.0                       2.1   -2.1      5.4
  SINCE DEC 1     22.2                      29.6   -7.4     10.3
  SINCE JUL 1     24.6                      38.3  -13.7     10.8
  SNOW DEPTH       0

DEGREE DAYS
 HEATING
  YESTERDAY       30                        37     -7       36
  MONTH TO DATE   62                        74    -12       72
  SINCE DEC 1   1055                      1086    -31      716
  SINCE JUL 1   1835                      2242   -407     1607

 COOLING
  YESTERDAY        0                         0      0        0
  MONTH TO DATE    0                         0      0        0
  SINCE DEC 1      0                         0      0        0
  SINCE JAN 1      0                         0      0        0
..................................................................


WIND (MPH)
  HIGHEST WIND SPEED    21   HIGHEST WIND DIRECTION    SE (150)
  HIGHEST GUST SPEED    27   HIGHEST GUST DIRECTION     S (160)
  AVERAGE WIND SPEED     7.3


SKY COVER
  POSSIBLE SUNSHINE  MM
  AVERAGE SKY COVER 0.7


WEATHER CONDITIONS
 THE FOLLOWING WEATHER WAS RECORDED YESTERDAY.
  NO SIGNIFICANT WEATHER WAS OBSERVED.


RELATIVE HUMIDITY (PERCENT)
 HIGHEST    82           600 PM
 LOWEST     59           700 AM
 AVERAGE    71

..........................................................


THE ERIE PA CLIMATE NORMALS FOR TODAY
                         NORMAL    RECORD    YEAR
 MAXIMUM TEMPERATURE (F)   34        62      1897
 MINIMUM TEMPERATURE (F)   22       -11      1879


SUNRISE AND SUNSET
JANUARY  3 2017.......SUNRISE   749 AM EST   SUNSET   502 PM EST
JANUARY  4 2017.......SUNRISE   749 AM EST   SUNSET   503 PM EST


-  INDICATES NEGATIVE NUMBERS.
R  INDICATES RECORD WAS SET OR TIED.
MM INDICATES DATA IS MISSING.
T  INDICATES TRACE AMOUNT.




$$
