000
CDUS41 KCLE 060545
CLIERI


CLIMATE REPORT
NATIONAL WEATHER SERVICE CLEVELAND OH
145 AM EDT SAT SEP 6 2014


...................................

...THE ERIE PA CLIMATE SUMMARY FOR SEPTEMBER 5 2014...

CLIMATE NORMAL PERIOD 1981 TO 2010
CLIMATE RECORD PERIOD 1873 TO 2014


WEATHER ITEM   OBSERVED TIME   RECORD YEAR NORMAL DEPARTURE LAST
                VALUE   (LST)  VALUE       VALUE  FROM      YEAR
                                                  NORMAL
..................................................................
TEMPERATURE (F)
 YESTERDAY
  MAXIMUM         90    344 PM  92    1881  76     14       70
  MINIMUM         69   1159 PM  45    1974  59     10       54
  AVERAGE         80                        67     13       62

PRECIPITATION (IN)
  YESTERDAY        0.21                      0.14   0.07     0.00
  MONTH TO DATE    0.66                      0.66   0.00     0.84
  SINCE SEP 1      0.66                      0.66   0.00     0.84
  SINCE JAN 1     28.37                     26.49   1.88    34.71

SNOWFALL (IN)
  YESTERDAY        0.0                       0.0    0.0      0.0
  MONTH TO DATE    0.0                       0.0    0.0      0.0
  SINCE SEP 1      0.0                       0.0    0.0      0.0
  SINCE JUL 1      0.0                       0.0    0.0      0.0
  SNOW DEPTH       0

DEGREE DAYS
 HEATING
  YESTERDAY        0                         1     -1        3
  MONTH TO DATE    0                         5     -5        4
  SINCE SEP 1      0                         5     -5        4
  SINCE JUL 1     18                        23     -5       16

 COOLING
  YESTERDAY       15                         4     11        0
  MONTH TO DATE   53                        20     33       18
  SINCE SEP 1     53                        20     33       18
  SINCE JAN 1    569                       578     -9      639
..................................................................


WIND (MPH)
  HIGHEST WIND SPEED    21   HIGHEST WIND DIRECTION     S (190)
  HIGHEST GUST SPEED    32   HIGHEST GUST DIRECTION     N (350)
  AVERAGE WIND SPEED    11.5


SKY COVER
  POSSIBLE SUNSHINE  MM
  AVERAGE SKY COVER 0.2


WEATHER CONDITIONS
 THE FOLLOWING WEATHER WAS RECORDED YESTERDAY.
  THUNDERSTORM
  HEAVY RAIN
  RAIN
  LIGHT RAIN
  FOG


RELATIVE HUMIDITY (PERCENT)
 HIGHEST    67          1000 AM
 LOWEST     44           400 PM
 AVERAGE    56

..........................................................


THE ERIE PA CLIMATE NORMALS FOR TODAY
                         NORMAL    RECORD    YEAR
 MAXIMUM TEMPERATURE (F)   75        93      2007
 MINIMUM TEMPERATURE (F)   59        43      1962
                                             1957


SUNRISE AND SUNSET
SEPTEMBER  6 2014.....SUNRISE   651 AM EDT   SUNSET   746 PM EDT
SEPTEMBER  7 2014.....SUNRISE   652 AM EDT   SUNSET   744 PM EDT


-  INDICATES NEGATIVE NUMBERS.
R  INDICATES RECORD WAS SET OR TIED.
MM INDICATES DATA IS MISSING.
T  INDICATES TRACE AMOUNT.




$$
