000
CDUS41 KCLE 130529
CLIERI


CLIMATE REPORT
NATIONAL WEATHER SERVICE CLEVELAND OH
1228 AM EST SUN NOV 13 2016


...................................

...THE ERIE PA CLIMATE SUMMARY FOR NOVEMBER 12 2016...

CLIMATE NORMAL PERIOD 1981 TO 2010
CLIMATE RECORD PERIOD 1873 TO 2016


WEATHER ITEM   OBSERVED TIME   RECORD YEAR NORMAL DEPARTURE LAST
                VALUE   (LST)  VALUE       VALUE  FROM      YEAR
                                                  NORMAL
..................................................................
TEMPERATURE (F)
 YESTERDAY
  MAXIMUM         49    125 PM  71    1911  52     -3       57
  MINIMUM         30    728 AM  18    1911  38     -8       46
  AVERAGE         40                        45     -5       52

PRECIPITATION (IN)
  YESTERDAY        0.00                      0.12  -0.12     0.14
  MONTH TO DATE    0.93                      1.54  -0.61     1.20
  SINCE SEP 1     13.13                     10.20   2.93     8.59
  SINCE JAN 1     40.19                     36.03   4.16    32.30

SNOWFALL (IN)
  YESTERDAY        0.0                       0.2   -0.2      0.0
  MONTH TO DATE    0.0                       2.0   -2.0      0.0
  SINCE SEP 1      0.0                       2.2   -2.2       T
  SINCE JUL 1      0.0                       2.2   -2.2       T
  SNOW DEPTH       0

DEGREE DAYS
 HEATING
  YESTERDAY       25                        20      5       13
  MONTH TO DATE  151                       222    -71      133
  SINCE SEP 1    427                       707   -280      502
  SINCE JUL 1    427                       725   -298      520

 COOLING
  YESTERDAY        0                         0      0        0
  MONTH TO DATE    2                         0      2        4
  SINCE SEP 1    168                        80     88      167
  SINCE JAN 1   1017                       638    379      773
..................................................................


WIND (MPH)
  HIGHEST WIND SPEED    16   HIGHEST WIND DIRECTION     W (280)
  HIGHEST GUST SPEED    22   HIGHEST GUST DIRECTION     W (250)
  AVERAGE WIND SPEED     7.5


SKY COVER
  POSSIBLE SUNSHINE  MM
  AVERAGE SKY COVER 0.4


WEATHER CONDITIONS
 THE FOLLOWING WEATHER WAS RECORDED YESTERDAY.
  NO SIGNIFICANT WEATHER WAS OBSERVED.


RELATIVE HUMIDITY (PERCENT)
 HIGHEST    78           800 AM
 LOWEST     54          1200 AM
 AVERAGE    66

..........................................................


THE ERIE PA CLIMATE NORMALS FOR TODAY
                         NORMAL    RECORD    YEAR
 MAXIMUM TEMPERATURE (F)   51        71      1989
 MINIMUM TEMPERATURE (F)   38        16      1911


SUNRISE AND SUNSET
NOVEMBER 13 2016......SUNRISE   709 AM EST   SUNSET   501 PM EST
NOVEMBER 14 2016......SUNRISE   710 AM EST   SUNSET   500 PM EST


-  INDICATES NEGATIVE NUMBERS.
R  INDICATES RECORD WAS SET OR TIED.
MM INDICATES DATA IS MISSING.
T  INDICATES TRACE AMOUNT.




$$
