356
CDUS41 KCLE 090525
CLIERI


CLIMATE REPORT
NATIONAL WEATHER SERVICE CLEVELAND OH
125 AM EDT MON OCT 9 2017


...................................

...THE ERIE PA CLIMATE SUMMARY FOR OCTOBER 8 2017...

CLIMATE NORMAL PERIOD 1981 TO 2010
CLIMATE RECORD PERIOD 1873 TO 2017


WEATHER ITEM   OBSERVED TIME   RECORD YEAR NORMAL DEPARTURE LAST
                VALUE   (LST)  VALUE       VALUE  FROM      YEAR
                                                  NORMAL
..................................................................
TEMPERATURE (F)
 YESTERDAY
  MAXIMUM         79   1200 AM  84    2007  63     16       67
  MINIMUM         63    709 PM  30    1974  48     15       53
  AVERAGE         71                        56     15       60

PRECIPITATION (IN)
  YESTERDAY        0.27                      0.14   0.13     0.03
  MONTH TO DATE    1.02                      1.17  -0.15     0.57
  SINCE SEP 1      4.85                      5.78  -0.93     6.53
  SINCE JAN 1     36.22                     31.61   4.61    33.59

SNOWFALL (IN)
  YESTERDAY        0.0                       0.0    0.0      0.0
  MONTH TO DATE    0.0                       0.0    0.0      0.0
  SINCE SEP 1      0.0                       0.0    0.0      0.0
  SINCE JUL 1      0.0                       0.0    0.0      0.0
  SNOW DEPTH       0

DEGREE DAYS
 HEATING
  YESTERDAY        0                        10    -10        5
  MONTH TO DATE   20                        71    -51       18
  SINCE SEP 1    107                       177    -70       41
  SINCE JUL 1    117                       195    -78       41

 COOLING
  YESTERDAY        6                         0      6        0
  MONTH TO DATE   24                         7     17        8
  SINCE SEP 1    130                        78     52      144
  SINCE JAN 1    692                       636     56      993
..................................................................


WIND (MPH)
  HIGHEST WIND SPEED    30   HIGHEST WIND DIRECTION     S (180)
  HIGHEST GUST SPEED    44   HIGHEST GUST DIRECTION     W (260)
  AVERAGE WIND SPEED     8.7


SKY COVER
  POSSIBLE SUNSHINE  MM
  AVERAGE SKY COVER 0.8


WEATHER CONDITIONS
 THE FOLLOWING WEATHER WAS RECORDED YESTERDAY.
  RAIN
  LIGHT RAIN
  FOG


RELATIVE HUMIDITY (PERCENT)
 HIGHEST    93          1100 PM
 LOWEST     52          1200 AM
 AVERAGE    73

..........................................................


THE ERIE PA CLIMATE NORMALS FOR TODAY
                         NORMAL    RECORD    YEAR
 MAXIMUM TEMPERATURE (F)   63        82      1883
 MINIMUM TEMPERATURE (F)   47        34      2000


SUNRISE AND SUNSET
OCTOBER  9 2017.......SUNRISE   727 AM EDT   SUNSET   648 PM EDT
OCTOBER 10 2017.......SUNRISE   728 AM EDT   SUNSET   647 PM EDT


-  INDICATES NEGATIVE NUMBERS.
R  INDICATES RECORD WAS SET OR TIED.
MM INDICATES DATA IS MISSING.
T  INDICATES TRACE AMOUNT.




$$
