000
CDUS41 KCLE 040527
CLIERI


CLIMATE REPORT
NATIONAL WEATHER SERVICE CLEVELAND OH
1227 AM EST SAT FEB 4 2017


...................................

...THE ERIE PA CLIMATE SUMMARY FOR FEBRUARY 3 2017...

CLIMATE NORMAL PERIOD 1981 TO 2010
CLIMATE RECORD PERIOD 1873 TO 2017


WEATHER ITEM   OBSERVED TIME   RECORD YEAR NORMAL DEPARTURE LAST
                VALUE   (LST)  VALUE       VALUE  FROM      YEAR
                                                  NORMAL
..................................................................
TEMPERATURE (F)
 YESTERDAY
  MAXIMUM         24   1259 AM  64    2016  34    -10       64
  MINIMUM         20    832 PM -11    1881  20      0       39
  AVERAGE         22                        27     -5       52

PRECIPITATION (IN)
  YESTERDAY        0.03                      0.08  -0.05     0.46
  MONTH TO DATE    0.22                      0.25  -0.03     0.71
  SINCE DEC 1      8.98                      6.94   2.04     6.98
  SINCE JAN 1      5.10                      3.20   1.90     3.09

SNOWFALL (IN)
  YESTERDAY        0.5                       0.7   -0.2      0.0
  MONTH TO DATE    3.6                       2.3    1.3      0.0
  SINCE DEC 1     59.2                      59.4   -0.2     43.3
  SINCE JUL 1     61.6                      68.1   -6.5     43.8
  SNOW DEPTH       5

DEGREE DAYS
 HEATING
  YESTERDAY       43                        38      5       13
  MONTH TO DATE  113                       114     -1       63
  SINCE DEC 1   2084                      2296   -212     1826
  SINCE JUL 1   2864                      3452   -588     2717

 COOLING
  YESTERDAY        0                         0      0        0
  MONTH TO DATE    0                         0      0        0
  SINCE DEC 1      0                         0      0        0
  SINCE JAN 1      0                         0      0        0
..................................................................


WIND (MPH)
  HIGHEST WIND SPEED    22   HIGHEST WIND DIRECTION     W (280)
  HIGHEST GUST SPEED    31   HIGHEST GUST DIRECTION     W (280)
  AVERAGE WIND SPEED    13.4


SKY COVER
  POSSIBLE SUNSHINE  MM
  AVERAGE SKY COVER 1.0


WEATHER CONDITIONS
 THE FOLLOWING WEATHER WAS RECORDED YESTERDAY.
  LIGHT SNOW
  HAZE


RELATIVE HUMIDITY (PERCENT)
 HIGHEST    73           600 PM
 LOWEST     52          1000 PM
 AVERAGE    63

..........................................................


THE ERIE PA CLIMATE NORMALS FOR TODAY
                         NORMAL    RECORD    YEAR
 MAXIMUM TEMPERATURE (F)   34        67      1890
 MINIMUM TEMPERATURE (F)   20       -12      1978


SUNRISE AND SUNSET
FEBRUARY  4 2017......SUNRISE   730 AM EST   SUNSET   540 PM EST
FEBRUARY  5 2017......SUNRISE   729 AM EST   SUNSET   541 PM EST


-  INDICATES NEGATIVE NUMBERS.
R  INDICATES RECORD WAS SET OR TIED.
MM INDICATES DATA IS MISSING.
T  INDICATES TRACE AMOUNT.




$$
