000
CDUS41 KCLE 282212
CLIERI


CLIMATE REPORT
NATIONAL WEATHER SERVICE CLEVELAND OH
612 PM EDT FRI MAR 28 2014


...................................

...THE ERIE PA CLIMATE SUMMARY FOR MARCH 28 2014...
VALID TODAY AS OF 0500 PM LOCAL TIME.

CLIMATE NORMAL PERIOD 1981 TO 2010
CLIMATE RECORD PERIOD 1873 TO 2014


WEATHER ITEM   OBSERVED TIME   RECORD YEAR NORMAL DEPARTURE LAST
                VALUE   (LST)  VALUE       VALUE  FROM      YEAR
                                                  NORMAL
..................................................................
TEMPERATURE (F)
 TODAY
  MAXIMUM         57   1240 PM  82    1945  49      8       38
  MINIMUM         42    359 PM  10    1923  32     10       32
  AVERAGE         50                        40     10       35

PRECIPITATION (IN)
  TODAY            0.25                      0.10   0.15     0.13
  MONTH TO DATE    2.38                      2.63  -0.25     2.57
  SINCE MAR 1      2.38                      2.63  -0.25     2.57
  SINCE JAN 1      8.29                      7.97   0.32     9.08

SNOWFALL (IN)
  TODAY            0.0                       0.3   -0.3      1.3
  MONTH TO DATE   13.5                      12.9    0.6     25.2
  SINCE MAR 1     13.5                      12.9    0.6     25.2
  SINCE JUL 1    133.1                      96.9   36.2    104.5
  SNOW DEPTH       0

DEGREE DAYS
 HEATING
  TODAY           15                        25    -10       30
  MONTH TO DATE 1040                       838    202      925
  SINCE MAR 1   1040                       838    202      925
  SINCE JUL 1   5861                      5203    658     5019

 COOLING
  TODAY            0                         0      0        0
  MONTH TO DATE    0                         0      0        0
  SINCE MAR 1      0                         0      0        0
  SINCE JAN 1      0                         0      0        0
..................................................................


WIND (MPH)
  HIGHEST WIND SPEED    31   HIGHEST WIND DIRECTION     S (200)
  HIGHEST GUST SPEED    45   HIGHEST GUST DIRECTION     W (250)


SKY COVER
  POSSIBLE SUNSHINE  MM
  AVERAGE SKY COVER 1.0


WEATHER CONDITIONS
 THE FOLLOWING WEATHER WAS RECORDED TODAY.
  RAIN
  LIGHT RAIN
  FOG
  HAZE


RELATIVE HUMIDITY (PERCENT)
 HIGHEST    76           100 AM
 LOWEST     41           500 AM
 AVERAGE    59

..........................................................


THE ERIE PA CLIMATE NORMALS FOR TOMORROW
                         NORMAL    RECORD    YEAR
 MAXIMUM TEMPERATURE (F)   49        81      1905
 MINIMUM TEMPERATURE (F)   32         6      1923


SUNRISE AND SUNSET
MARCH 28 2014.........SUNRISE   710 AM EDT   SUNSET   742 PM EDT
MARCH 29 2014.........SUNRISE   709 AM EDT   SUNSET   743 PM EDT


-  INDICATES NEGATIVE NUMBERS.
R  INDICATES RECORD WAS SET OR TIED.
MM INDICATES DATA IS MISSING.
T  INDICATES TRACE AMOUNT.




$$
