000
CDUS41 KCLE 082215
CLIERI


CLIMATE REPORT
NATIONAL WEATHER SERVICE CLEVELAND OH
514 PM EST WED MAR 8 2017


...................................

...THE ERIE PA CLIMATE SUMMARY FOR MARCH 8 2017...
VALID TODAY AS OF 0500 PM LOCAL TIME.

CLIMATE NORMAL PERIOD 1981 TO 2010
CLIMATE RECORD PERIOD 1873 TO 2017


WEATHER ITEM   OBSERVED TIME   RECORD YEAR NORMAL DEPARTURE LAST
                VALUE   (LST)  VALUE       VALUE  FROM      YEAR
                                                  NORMAL
..................................................................
TEMPERATURE (F)
 TODAY
  MAXIMUM         53    136 PM  72    2000  41     12       69
  MINIMUM         37    316 AM   0    1999  25     12       50
  AVERAGE         45                        33     12       60

PRECIPITATION (IN)
  TODAY            0.00                      0.09  -0.09     0.02
  MONTH TO DATE    1.15                      0.73   0.42     0.32
  SINCE MAR 1      1.15                      0.73   0.42     0.32
  SINCE JAN 1      8.57                      6.07   2.50     6.53

SNOWFALL (IN)
  TODAY            0.0                       0.5   -0.5      0.0
  MONTH TO DATE    2.2                       4.4   -2.2      1.1
  SINCE MAR 1      2.2                       4.4   -2.2      1.1
  SINCE JUL 1     70.5                      88.4  -17.9     68.3
  SNOW DEPTH       0

DEGREE DAYS
 HEATING
  TODAY           20                        32    -12        5
  MONTH TO DATE  218                       266    -48      241
  SINCE MAR 1    218                       266    -48      241
  SINCE JUL 1   3722                      4631   -909     3839

 COOLING
  TODAY            0                         0      0        0
  MONTH TO DATE    0                         0      0        0
  SINCE MAR 1      0                         0      0        0
  SINCE JAN 1      0                         0      0        0
..................................................................


WIND (MPH)
  HIGHEST WIND SPEED    37   HIGHEST WIND DIRECTION    SW (240)
  HIGHEST GUST SPEED    52   HIGHEST GUST DIRECTION    SW (220)


SKY COVER
  POSSIBLE SUNSHINE  MM
  AVERAGE SKY COVER 0.2


WEATHER CONDITIONS
 THE FOLLOWING WEATHER WAS RECORDED TODAY.
  NO SIGNIFICANT WEATHER WAS OBSERVED.


RELATIVE HUMIDITY (PERCENT)
 HIGHEST    70          1200 AM
 LOWEST     20           100 PM
 AVERAGE    45

..........................................................


THE ERIE PA CLIMATE NORMALS FOR TOMORROW
                         NORMAL    RECORD    YEAR
 MAXIMUM TEMPERATURE (F)   41        74      2000
 MINIMUM TEMPERATURE (F)   25         1      1984


SUNRISE AND SUNSET
MARCH  8 2017.........SUNRISE   644 AM EST   SUNSET   619 PM EST
MARCH  9 2017.........SUNRISE   642 AM EST   SUNSET   621 PM EST


-  INDICATES NEGATIVE NUMBERS.
R  INDICATES RECORD WAS SET OR TIED.
MM INDICATES DATA IS MISSING.
T  INDICATES TRACE AMOUNT.




$$
