000
CDUS41 KCLE 230530
CLIERI


CLIMATE REPORT
NATIONAL WEATHER SERVICE CLEVELAND OH
1230 AM EST MON FEB 23 2015


...................................

...THE ERIE PA CLIMATE SUMMARY FOR FEBRUARY 22 2015...

CLIMATE NORMAL PERIOD 1981 TO 2010
CLIMATE RECORD PERIOD 1873 TO 2015


WEATHER ITEM   OBSERVED TIME   RECORD YEAR NORMAL DEPARTURE LAST
                VALUE   (LST)  VALUE       VALUE  FROM      YEAR
                                                  NORMAL
..................................................................
TEMPERATURE (F)
 YESTERDAY
  MAXIMUM         30    305 PM  69    1930  37     -7       42
  MINIMUM         13   1159 PM  -4    1963  22     -9       36
  AVERAGE         22                        29     -7       39

PRECIPITATION (IN)
  YESTERDAY        0.02                      0.09  -0.07     0.00
  MONTH TO DATE    1.92                      1.83   0.09     3.06
  SINCE DEC 1      8.11                      8.52  -0.41    11.58
  SINCE JAN 1      5.66                      4.78   0.88     5.62

SNOWFALL (IN)
  YESTERDAY        0.3                       0.6   -0.3      0.0
  MONTH TO DATE   29.9                      14.6   15.3     22.3
  SINCE DEC 1     72.8                      71.7    1.1     98.4
  SINCE JUL 1     97.8                      80.4   17.4    114.0
  SNOW DEPTH      15

DEGREE DAYS
 HEATING
  YESTERDAY       43                        36      7       26
  MONTH TO DATE 1105                       818    287      954
  SINCE DEC 1   3321                      3000    321     3336
  SINCE JUL 1   4535                      4156    379     4535

 COOLING
  YESTERDAY        0                         0      0        0
  MONTH TO DATE    0                         0      0        0
  SINCE DEC 1      0                         0      0        0
  SINCE JAN 1      0                         0      0        0
..................................................................


WIND (MPH)
  HIGHEST WIND SPEED    15   HIGHEST WIND DIRECTION     W (260)
  HIGHEST GUST SPEED    23   HIGHEST GUST DIRECTION     W (260)
  AVERAGE WIND SPEED     6.2


SKY COVER
  POSSIBLE SUNSHINE  MM
  AVERAGE SKY COVER 1.0


WEATHER CONDITIONS
 THE FOLLOWING WEATHER WAS RECORDED YESTERDAY.
  LIGHT SNOW
  FOG
  HAZE


RELATIVE HUMIDITY (PERCENT)
 HIGHEST    92           200 AM
 LOWEST     63          1200 PM
 AVERAGE    78

..........................................................


THE ERIE PA CLIMATE NORMALS FOR TODAY
                         NORMAL    RECORD    YEAR
 MAXIMUM TEMPERATURE (F)   37        65      1922
 MINIMUM TEMPERATURE (F)   22        -4      1889


SUNRISE AND SUNSET
FEBRUARY 23 2015......SUNRISE   706 AM EST   SUNSET   603 PM EST
FEBRUARY 24 2015......SUNRISE   704 AM EST   SUNSET   604 PM EST


-  INDICATES NEGATIVE NUMBERS.
R  INDICATES RECORD WAS SET OR TIED.
MM INDICATES DATA IS MISSING.
T  INDICATES TRACE AMOUNT.




$$
