000
CDUS41 KCLE 240526
CLIERI


CLIMATE REPORT
NATIONAL WEATHER SERVICE CLEVELAND OH
1226 AM EST THU NOV 24 2016


...................................

...THE ERIE PA CLIMATE SUMMARY FOR NOVEMBER 23 2016...

CLIMATE NORMAL PERIOD 1981 TO 2010
CLIMATE RECORD PERIOD 1873 TO 2016


WEATHER ITEM   OBSERVED TIME   RECORD YEAR NORMAL DEPARTURE LAST
                VALUE   (LST)  VALUE       VALUE  FROM      YEAR
                                                  NORMAL
..................................................................
TEMPERATURE (F)
 YESTERDAY
  MAXIMUM         43    340 PM  74    1931  47     -4       39
  MINIMUM         31    732 AM  11    1880  34     -3       29
  AVERAGE         37                        40     -3       34

PRECIPITATION (IN)
  YESTERDAY        0.03                      0.14  -0.11      T
  MONTH TO DATE    1.55                      3.02  -1.47     1.98
  SINCE SEP 1     13.75                     11.68   2.07     9.37
  SINCE JAN 1     40.81                     37.51   3.30    33.08

SNOWFALL (IN)
  YESTERDAY        0.0                       0.4   -0.4      0.1
  MONTH TO DATE    2.3                       5.3   -3.0      0.5
  SINCE SEP 1      2.3                       5.5   -3.2      0.5
  SINCE JUL 1      2.3                       5.5   -3.2      0.5
  SNOW DEPTH       0

DEGREE DAYS
 HEATING
  YESTERDAY       28                        24      4       31
  MONTH TO DATE  366                       470   -104      347
  SINCE SEP 1    642                       955   -313      716
  SINCE JUL 1    642                       973   -331      734

 COOLING
  YESTERDAY        0                         0      0        0
  MONTH TO DATE    2                         0      2        4
  SINCE SEP 1    168                        80     88      167
  SINCE JAN 1   1017                       638    379      773
..................................................................


WIND (MPH)
  HIGHEST WIND SPEED    15   HIGHEST WIND DIRECTION    SE (140)
  HIGHEST GUST SPEED    23   HIGHEST GUST DIRECTION    SE (150)
  AVERAGE WIND SPEED     4.5


SKY COVER
  POSSIBLE SUNSHINE  MM
  AVERAGE SKY COVER 0.7


WEATHER CONDITIONS
 THE FOLLOWING WEATHER WAS RECORDED YESTERDAY.
  LIGHT RAIN


RELATIVE HUMIDITY (PERCENT)
 HIGHEST    85           600 PM
 LOWEST     49           300 PM
 AVERAGE    67

..........................................................


THE ERIE PA CLIMATE NORMALS FOR TODAY
                         NORMAL    RECORD    YEAR
 MAXIMUM TEMPERATURE (F)   46        69      1931
 MINIMUM TEMPERATURE (F)   34        12      1880


SUNRISE AND SUNSET
NOVEMBER 24 2016......SUNRISE   722 AM EST   SUNSET   453 PM EST
NOVEMBER 25 2016......SUNRISE   723 AM EST   SUNSET   452 PM EST


-  INDICATES NEGATIVE NUMBERS.
R  INDICATES RECORD WAS SET OR TIED.
MM INDICATES DATA IS MISSING.
T  INDICATES TRACE AMOUNT.




$$
