000
CDUS41 KCLE 100551
CLIERI


CLIMATE REPORT
NATIONAL WEATHER SERVICE CLEVELAND OH
149 AM EDT SUN JUL 10 2016


...................................

...THE ERIE PA CLIMATE SUMMARY FOR JULY 9 2016...

CLIMATE NORMAL PERIOD 1981 TO 2010
CLIMATE RECORD PERIOD 1873 TO 2016


WEATHER ITEM   OBSERVED TIME   RECORD YEAR NORMAL DEPARTURE LAST
                VALUE   (LST)  VALUE       VALUE  FROM      YEAR
                                                  NORMAL
..................................................................
TEMPERATURE (F)
 YESTERDAY
  MAXIMUM         76    304 PM  98    1936  80     -4       70
  MINIMUM         69    439 AM  44    1963  63      6       61
  AVERAGE         73                        72      1       66

PRECIPITATION (IN)
  YESTERDAY       MM                         0.11  MM        1.39
  MONTH TO DATE    2.34                      0.97   1.37     1.82
  SINCE JUN 1      4.18                      4.73  -0.55     7.10
  SINCE JAN 1     16.95                     19.79  -2.84    21.29

SNOWFALL (IN)
  YESTERDAY        0.0                       0.0    0.0      0.0
  MONTH TO DATE    0.0                       0.0    0.0      0.0
  SINCE JUN 1      0.0                       0.0    0.0      0.0
  SINCE JUL 1      0.0                       0.0    0.0      0.0
  SNOW DEPTH       0

DEGREE DAYS
 HEATING
  YESTERDAY        0                         0      0        0
  MONTH TO DATE    0                         2     -2        6
  SINCE JUN 1     40                        63    -23       43
  SINCE JUL 1      0                         2     -2        6

 COOLING
  YESTERDAY        8                         7      1        1
  MONTH TO DATE   63                        61      2       27
  SINCE JUN 1    214                       184     30      127
  SINCE JAN 1    289                       223     66      239
..................................................................


WIND (MPH)
  HIGHEST WIND SPEED    17   HIGHEST WIND DIRECTION     W (270)
  HIGHEST GUST SPEED    25   HIGHEST GUST DIRECTION     W (290)
  AVERAGE WIND SPEED    MM


SKY COVER
  POSSIBLE SUNSHINE  MM
  AVERAGE SKY COVER 0.8


WEATHER CONDITIONS
 THE FOLLOWING WEATHER WAS RECORDED YESTERDAY.
  LIGHT RAIN


RELATIVE HUMIDITY (PERCENT)
 HIGHEST    90           100 AM
 LOWEST     68          1000 AM
 AVERAGE    79

..........................................................


THE ERIE PA CLIMATE NORMALS FOR TODAY
                         NORMAL    RECORD    YEAR
 MAXIMUM TEMPERATURE (F)   80        98      1936
 MINIMUM TEMPERATURE (F)   63        50      1997
                                             1962
                                             1895


SUNRISE AND SUNSET
JULY 10 2016..........SUNRISE   555 AM EDT   SUNSET   857 PM EDT
JULY 11 2016..........SUNRISE   555 AM EDT   SUNSET   857 PM EDT


-  INDICATES NEGATIVE NUMBERS.
R  INDICATES RECORD WAS SET OR TIED.
MM INDICATES DATA IS MISSING.
T  INDICATES TRACE AMOUNT.




$$
