000
CDUS41 KCLE 030527
CLIERI


CLIMATE REPORT
NATIONAL WEATHER SERVICE CLEVELAND OH
126 AM EDT THU APR 3 2014


...................................

...THE ERIE PA CLIMATE SUMMARY FOR APRIL 2 2014...

CLIMATE NORMAL PERIOD 1981 TO 2010
CLIMATE RECORD PERIOD 1873 TO 2014


WEATHER ITEM   OBSERVED TIME   RECORD YEAR NORMAL DEPARTURE LAST
                VALUE   (LST)  VALUE       VALUE  FROM      YEAR
                                                  NORMAL
..................................................................
TEMPERATURE (F)
 YESTERDAY
  MAXIMUM         45    413 PM  80    2010  51     -6       35
                                      1967
  MINIMUM         34    404 AM  18    1883  33      1       28
  AVERAGE         40                        42     -2       32

PRECIPITATION (IN)
  YESTERDAY        0.00                      0.12  -0.12      T
  MONTH TO DATE    0.00                      0.23  -0.23     0.05
  SINCE MAR 1      3.17                      3.18  -0.01     2.65
  SINCE JAN 1      9.08                      8.52   0.56     9.16

SNOWFALL (IN)
  YESTERDAY        0.0                       0.3   -0.3       T
  MONTH TO DATE    0.0                       0.5   -0.5       T
  SINCE MAR 1     17.6                      14.2    3.4     25.2
  SINCE JUL 1    137.2                      98.2   39.0    104.5
  SNOW DEPTH       0

DEGREE DAYS
 HEATING
  YESTERDAY       25                        23      2       33
  MONTH TO DATE   34                        47    -13       59
  SINCE MAR 1   1173                       958    215     1054
  SINCE JUL 1   5994                      5323    671     5148

 COOLING
  YESTERDAY        0                         0      0        0
  MONTH TO DATE    0                         0      0        0
  SINCE MAR 1      0                         1     -1        0
  SINCE JAN 1      0                         1     -1        0
..................................................................


WIND (MPH)
  HIGHEST WIND SPEED    15   HIGHEST WIND DIRECTION     W (270)
  HIGHEST GUST SPEED    20   HIGHEST GUST DIRECTION     W (280)
  AVERAGE WIND SPEED     5.6


SKY COVER
  POSSIBLE SUNSHINE  MM
  AVERAGE SKY COVER 0.1


WEATHER CONDITIONS
 THE FOLLOWING WEATHER WAS RECORDED YESTERDAY.
  NO SIGNIFICANT WEATHER WAS OBSERVED.


RELATIVE HUMIDITY (PERCENT)
 HIGHEST    76           100 AM
 LOWEST     41           400 PM
 AVERAGE    59

..........................................................


THE ERIE PA CLIMATE NORMALS FOR TODAY
                         NORMAL    RECORD    YEAR
 MAXIMUM TEMPERATURE (F)   51        84      2010
 MINIMUM TEMPERATURE (F)   34        17      1965


SUNRISE AND SUNSET
APRIL  3 2014.........SUNRISE   700 AM EDT   SUNSET   749 PM EDT
APRIL  4 2014.........SUNRISE   658 AM EDT   SUNSET   750 PM EDT


-  INDICATES NEGATIVE NUMBERS.
R  INDICATES RECORD WAS SET OR TIED.
MM INDICATES DATA IS MISSING.
T  INDICATES TRACE AMOUNT.




$$
