230
CDUS41 KCLE 100531
CLIERI


CLIMATE REPORT
NATIONAL WEATHER SERVICE CLEVELAND OH
1230 AM EST FRI FEB 10 2017


...................................

...THE ERIE PA CLIMATE SUMMARY FOR FEBRUARY 9 2017...

CLIMATE NORMAL PERIOD 1981 TO 2010
CLIMATE RECORD PERIOD 1873 TO 2017


WEATHER ITEM   OBSERVED TIME   RECORD YEAR NORMAL DEPARTURE LAST
                VALUE   (LST)  VALUE       VALUE  FROM      YEAR
                                                  NORMAL
..................................................................
TEMPERATURE (F)
 YESTERDAY
  MAXIMUM         25    215 AM  63    2001  34     -9       36
  MINIMUM         20   1159 PM -16    1875  20      0       28
  AVERAGE         23                        27     -4       32

PRECIPITATION (IN)
  YESTERDAY        0.07                      0.08  -0.01     0.11
  MONTH TO DATE    1.03                      0.74   0.29     1.02
  SINCE DEC 1      9.79                      7.43   2.36     7.29
  SINCE JAN 1      5.91                      3.69   2.22     3.40

SNOWFALL (IN)
  YESTERDAY        1.7                       0.7    1.0      0.9
  MONTH TO DATE    5.8                       6.5   -0.7      2.3
  SINCE DEC 1     61.4                      63.6   -2.2     45.6
  SINCE JUL 1     63.8                      72.3   -8.5     46.1
  SNOW DEPTH       T

DEGREE DAYS
 HEATING
  YESTERDAY       42                        38      4       33
  MONTH TO DATE  305                       342    -37      242
  SINCE DEC 1   2276                      2524   -248     2005
  SINCE JUL 1   3056                      3680   -624     2896

 COOLING
  YESTERDAY        0                         0      0        0
  MONTH TO DATE    0                         0      0        0
  SINCE DEC 1      0                         0      0        0
  SINCE JAN 1      0                         0      0        0
..................................................................


WIND (MPH)
  HIGHEST WIND SPEED    24   HIGHEST WIND DIRECTION    NW (300)
  HIGHEST GUST SPEED    31   HIGHEST GUST DIRECTION    NW (320)
  AVERAGE WIND SPEED    13.6


SKY COVER
  POSSIBLE SUNSHINE  MM
  AVERAGE SKY COVER 1.0


WEATHER CONDITIONS
 THE FOLLOWING WEATHER WAS RECORDED YESTERDAY.
  HEAVY SNOW
  SNOW
  LIGHT SNOW
  FOG
  HAZE


RELATIVE HUMIDITY (PERCENT)
 HIGHEST    88          1200 AM
 LOWEST     50           400 PM
 AVERAGE    69

..........................................................


THE ERIE PA CLIMATE NORMALS FOR TODAY
                         NORMAL    RECORD    YEAR
 MAXIMUM TEMPERATURE (F)   35        62      1965
                                             1932
 MINIMUM TEMPERATURE (F)   21       -12      1899


SUNRISE AND SUNSET
FEBRUARY 10 2017......SUNRISE   723 AM EST   SUNSET   547 PM EST
FEBRUARY 11 2017......SUNRISE   722 AM EST   SUNSET   549 PM EST


-  INDICATES NEGATIVE NUMBERS.
R  INDICATES RECORD WAS SET OR TIED.
MM INDICATES DATA IS MISSING.
T  INDICATES TRACE AMOUNT.




$$
