000
CDUS41 KCLE 170526
CLIERI


CLIMATE REPORT
NATIONAL WEATHER SERVICE CLEVELAND OH
1225 AM EST THU NOV 17 2016


...................................

...THE ERIE PA CLIMATE SUMMARY FOR NOVEMBER 16 2016...

CLIMATE NORMAL PERIOD 1981 TO 2010
CLIMATE RECORD PERIOD 1873 TO 2016


WEATHER ITEM   OBSERVED TIME   RECORD YEAR NORMAL DEPARTURE LAST
                VALUE   (LST)  VALUE       VALUE  FROM      YEAR
                                                  NORMAL
..................................................................
TEMPERATURE (F)
 YESTERDAY
  MAXIMUM         53    726 PM  70    2005  50      3       62
                                      1955
  MINIMUM         43   1159 PM  14    1933  37      6       38
  AVERAGE         48                        43      5       50

PRECIPITATION (IN)
  YESTERDAY        T                         0.14  -0.14     0.00
  MONTH TO DATE    0.93                      2.08  -1.15     1.79
  SINCE SEP 1     13.13                     10.74   2.39     9.18
  SINCE JAN 1     40.19                     36.57   3.62    32.89

SNOWFALL (IN)
  YESTERDAY        0.0                       0.3   -0.3      0.0
  MONTH TO DATE    0.0                       3.0   -3.0      0.0
  SINCE SEP 1      0.0                       3.2   -3.2       T
  SINCE JUL 1      0.0                       3.2   -3.2       T
  SNOW DEPTH       0

DEGREE DAYS
 HEATING
  YESTERDAY       17                        22     -5       15
  MONTH TO DATE  218                       307    -89      208
  SINCE SEP 1    494                       792   -298      577
  SINCE JUL 1    494                       810   -316      595

 COOLING
  YESTERDAY        0                         0      0        0
  MONTH TO DATE    2                         0      2        4
  SINCE SEP 1    168                        80     88      167
  SINCE JAN 1   1017                       638    379      773
..................................................................


WIND (MPH)
  HIGHEST WIND SPEED    15   HIGHEST WIND DIRECTION     W (270)
  HIGHEST GUST SPEED    21   HIGHEST GUST DIRECTION     W (270)
  AVERAGE WIND SPEED     8.2


SKY COVER
  POSSIBLE SUNSHINE  MM
  AVERAGE SKY COVER 0.9


WEATHER CONDITIONS
 THE FOLLOWING WEATHER WAS RECORDED YESTERDAY.
  LIGHT RAIN
  FOG
  HAZE


RELATIVE HUMIDITY (PERCENT)
 HIGHEST    83           800 AM
 LOWEST     59           200 AM
 AVERAGE    71

..........................................................


THE ERIE PA CLIMATE NORMALS FOR TODAY
                         NORMAL    RECORD    YEAR
 MAXIMUM TEMPERATURE (F)   49        70      1931
                                             1928
 MINIMUM TEMPERATURE (F)   36        15      1959


SUNRISE AND SUNSET
NOVEMBER 17 2016......SUNRISE   714 AM EST   SUNSET   457 PM EST
NOVEMBER 18 2016......SUNRISE   715 AM EST   SUNSET   457 PM EST


-  INDICATES NEGATIVE NUMBERS.
R  INDICATES RECORD WAS SET OR TIED.
MM INDICATES DATA IS MISSING.
T  INDICATES TRACE AMOUNT.




$$
