000
CDUS41 KCLE 110527
CLIERI


CLIMATE REPORT
NATIONAL WEATHER SERVICE CLEVELAND OH
1226 AM EST THU DEC 11 2014


...................................

...THE ERIE PA CLIMATE SUMMARY FOR DECEMBER 10 2014...

CLIMATE NORMAL PERIOD 1981 TO 2010
CLIMATE RECORD PERIOD 1873 TO 2014


WEATHER ITEM   OBSERVED TIME   RECORD YEAR NORMAL DEPARTURE LAST
                VALUE   (LST)  VALUE       VALUE  FROM      YEAR
                                                  NORMAL
..................................................................
TEMPERATURE (F)
 YESTERDAY
  MAXIMUM         38    116 AM  65    1971  40     -2       28
  MINIMUM         29   1050 PM  -4    1876  28      1       23
  AVERAGE         34                        34      0       26

PRECIPITATION (IN)
  YESTERDAY        0.10                      0.13  -0.03     0.06
  MONTH TO DATE    0.81                      1.25  -0.44     0.37
  SINCE DEC 1      0.81                      1.25  -0.44     0.37
  SINCE JAN 1     39.04                     39.67  -0.63    48.87

SNOWFALL (IN)
  YESTERDAY        0.2                       0.9   -0.7      1.1
  MONTH TO DATE    0.4                       7.0   -6.6      3.4
  SINCE DEC 1      0.4                       7.0   -6.6      3.4
  SINCE JUL 1     25.4                      15.7    9.7     19.0
  SNOW DEPTH       T

DEGREE DAYS
 HEATING
  YESTERDAY       31                        31      0       39
  MONTH TO DATE  305                       294     11      304
  SINCE DEC 1    305                       294     11      304
  SINCE JUL 1   1519                      1450     69     1503

 COOLING
  YESTERDAY        0                         0      0        0
  MONTH TO DATE    0                         0      0        0
  SINCE DEC 1      0                         0      0        0
  SINCE JAN 1    603                       638    -35      706
..................................................................


WIND (MPH)
  HIGHEST WIND SPEED    17   HIGHEST WIND DIRECTION    NW (310)
  HIGHEST GUST SPEED    25   HIGHEST GUST DIRECTION    NW (300)
  AVERAGE WIND SPEED    12.3


SKY COVER
  POSSIBLE SUNSHINE  MM
  AVERAGE SKY COVER 1.0


WEATHER CONDITIONS
 THE FOLLOWING WEATHER WAS RECORDED YESTERDAY.
  LIGHT RAIN
  LIGHT SNOW
  FOG
  HAZE


RELATIVE HUMIDITY (PERCENT)
 HIGHEST    89           500 AM
 LOWEST     63           500 PM
 AVERAGE    76

..........................................................


THE ERIE PA CLIMATE NORMALS FOR TODAY
                         NORMAL    RECORD    YEAR
 MAXIMUM TEMPERATURE (F)   39        61      1979
                                             1911
                                             1899
 MINIMUM TEMPERATURE (F)   28         5      1977


SUNRISE AND SUNSET
DECEMBER 11 2014......SUNRISE   739 AM EST   SUNSET   449 PM EST
DECEMBER 12 2014......SUNRISE   740 AM EST   SUNSET   449 PM EST


-  INDICATES NEGATIVE NUMBERS.
R  INDICATES RECORD WAS SET OR TIED.
MM INDICATES DATA IS MISSING.
T  INDICATES TRACE AMOUNT.




$$
