155
CDUS41 KCLE 280527
CLIERI


CLIMATE REPORT
NATIONAL WEATHER SERVICE CLEVELAND OH
1226 AM EST THU JAN 28 2016


...................................

...THE ERIE PA CLIMATE SUMMARY FOR JANUARY 27 2016...

CLIMATE NORMAL PERIOD 1981 TO 2010
CLIMATE RECORD PERIOD 1873 TO 2016


WEATHER ITEM   OBSERVED TIME   RECORD YEAR NORMAL DEPARTURE LAST
                VALUE   (LST)  VALUE       VALUE  FROM      YEAR
                                                  NORMAL
..................................................................
TEMPERATURE (F)
 YESTERDAY
  MAXIMUM         33    206 PM  67    1916  34     -1       21
  MINIMUM         28   1159 PM  -5    1936  20      8       13
  AVERAGE         31                        27      4       17

PRECIPITATION (IN)
  YESTERDAY        0.02                      0.08  -0.06     0.09
  MONTH TO DATE    2.30                      2.62  -0.32     3.28
  SINCE DEC 1      6.19                      6.36  -0.17     5.73
  SINCE JAN 1      2.30                      2.62  -0.32     3.28

SNOWFALL (IN)
  YESTERDAY        0.5                       0.9   -0.4      1.8
  MONTH TO DATE   37.7                      26.3   11.4     34.1
  SINCE DEC 1     42.6                      53.8  -11.2     39.6
  SINCE JUL 1     43.1                      62.5  -19.4     64.6
  SNOW DEPTH       T

DEGREE DAYS
 HEATING
  YESTERDAY       34                        38     -4       48
  MONTH TO DATE 1008                      1018    -10     1146
  SINCE DEC 1   1652                      2030   -378     2039
  SINCE JUL 1   2543                      3186   -643     3253

 COOLING
  YESTERDAY        0                         0      0        0
  MONTH TO DATE    0                         0      0        0
  SINCE DEC 1      0                         0      0        0
  SINCE JAN 1      0                         0      0        0
..................................................................


WIND (MPH)
  HIGHEST WIND SPEED    23   HIGHEST WIND DIRECTION     W (260)
  HIGHEST GUST SPEED    32   HIGHEST GUST DIRECTION     W (260)
  AVERAGE WIND SPEED    12.3


SKY COVER
  POSSIBLE SUNSHINE  MM
  AVERAGE SKY COVER 1.0


WEATHER CONDITIONS
 THE FOLLOWING WEATHER WAS RECORDED YESTERDAY.
  LIGHT SNOW
  HAZE


RELATIVE HUMIDITY (PERCENT)
 HIGHEST    78           500 AM
 LOWEST     58           900 PM
 AVERAGE    68

..........................................................


THE ERIE PA CLIMATE NORMALS FOR TODAY
                         NORMAL    RECORD    YEAR
 MAXIMUM TEMPERATURE (F)   34        58      1949
                                             1887
 MINIMUM TEMPERATURE (F)   20       -10      1977


SUNRISE AND SUNSET
JANUARY 28 2016.......SUNRISE   738 AM EST   SUNSET   530 PM EST
JANUARY 29 2016.......SUNRISE   737 AM EST   SUNSET   531 PM EST


-  INDICATES NEGATIVE NUMBERS.
R  INDICATES RECORD WAS SET OR TIED.
MM INDICATES DATA IS MISSING.
T  INDICATES TRACE AMOUNT.




$$
