000
CDUS41 KCLE 070545
CLIERI


CLIMATE REPORT
NATIONAL WEATHER SERVICE CLEVELAND OH
145 AM EDT SUN SEP 7 2014


...................................

...THE ERIE PA CLIMATE SUMMARY FOR SEPTEMBER 6 2014...

CLIMATE NORMAL PERIOD 1981 TO 2010
CLIMATE RECORD PERIOD 1873 TO 2014


WEATHER ITEM   OBSERVED TIME   RECORD YEAR NORMAL DEPARTURE LAST
                VALUE   (LST)  VALUE       VALUE  FROM      YEAR
                                                  NORMAL
..................................................................
TEMPERATURE (F)
 YESTERDAY
  MAXIMUM         70    445 PM  93    2007  75     -5       68
  MINIMUM         62   1137 PM  43    1962  59      3       48
                                      1957
  AVERAGE         66                        67     -1       58

PRECIPITATION (IN)
  YESTERDAY        0.13                      0.13   0.00     0.00
  MONTH TO DATE    0.79                      0.79   0.00     0.84
  SINCE SEP 1      0.79                      0.79   0.00     0.84
  SINCE JAN 1     28.50                     26.62   1.88    34.71

SNOWFALL (IN)
  YESTERDAY        0.0                       0.0    0.0      0.0
  MONTH TO DATE    0.0                       0.0    0.0      0.0
  SINCE SEP 1      0.0                       0.0    0.0      0.0
  SINCE JUL 1      0.0                       0.0    0.0      0.0
  SNOW DEPTH       0

DEGREE DAYS
 HEATING
  YESTERDAY        0                         1     -1        7
  MONTH TO DATE    0                         6     -6       11
  SINCE SEP 1      0                         6     -6       11
  SINCE JUL 1     18                        24     -6       23

 COOLING
  YESTERDAY        1                         4     -3        0
  MONTH TO DATE   54                        24     30       18
  SINCE SEP 1     54                        24     30       18
  SINCE JAN 1    570                       582    -12      639
..................................................................


WIND (MPH)
  HIGHEST WIND SPEED    15   HIGHEST WIND DIRECTION     S (180)
  HIGHEST GUST SPEED    21   HIGHEST GUST DIRECTION     S (180)
  AVERAGE WIND SPEED     7.7


SKY COVER
  POSSIBLE SUNSHINE  MM
  AVERAGE SKY COVER 0.5


WEATHER CONDITIONS
 THE FOLLOWING WEATHER WAS RECORDED YESTERDAY.
  RAIN
  LIGHT RAIN
  FOG


RELATIVE HUMIDITY (PERCENT)
 HIGHEST    90           100 AM
 LOWEST     52           800 PM
 AVERAGE    71

..........................................................


THE ERIE PA CLIMATE NORMALS FOR TODAY
                         NORMAL    RECORD    YEAR
 MAXIMUM TEMPERATURE (F)   75        92      1960
 MINIMUM TEMPERATURE (F)   59        41      1962


SUNRISE AND SUNSET
SEPTEMBER  7 2014.....SUNRISE   652 AM EDT   SUNSET   744 PM EDT
SEPTEMBER  8 2014.....SUNRISE   653 AM EDT   SUNSET   742 PM EDT


-  INDICATES NEGATIVE NUMBERS.
R  INDICATES RECORD WAS SET OR TIED.
MM INDICATES DATA IS MISSING.
T  INDICATES TRACE AMOUNT.




$$
