000
CDUS41 KCLE 062211
CLIERI


CLIMATE REPORT
NATIONAL WEATHER SERVICE CLEVELAND OH
511 PM EST SAT DEC 6 2014


...................................

...THE ERIE PA CLIMATE SUMMARY FOR DECEMBER 6 2014...
VALID TODAY AS OF 0500 PM LOCAL TIME.

CLIMATE NORMAL PERIOD 1981 TO 2010
CLIMATE RECORD PERIOD 1873 TO 2014


WEATHER ITEM   OBSERVED TIME   RECORD YEAR NORMAL DEPARTURE LAST
                VALUE   (LST)  VALUE       VALUE  FROM      YEAR
                                                  NORMAL
..................................................................
TEMPERATURE (F)
 TODAY
  MAXIMUM         40    308 PM  69    1998  41     -1       35
  MINIMUM         38   1125 AM  12    1926  30      8       28
                                      1886
                                      1885
  AVERAGE         39                        35      4       32

PRECIPITATION (IN)
  TODAY            0.56                      0.13   0.43     0.21
  MONTH TO DATE    0.68                      0.75  -0.07     0.29
  SINCE DEC 1      0.68                      0.75  -0.07     0.29
  SINCE JAN 1     38.91                     39.17  -0.26    48.79

SNOWFALL (IN)
  TODAY            0.0                       0.7   -0.7      2.1
  MONTH TO DATE    0.2                       3.9   -3.7      2.3
  SINCE DEC 1      0.2                       3.9   -3.7      2.3
  SINCE JUL 1     25.2                      12.6   12.6     17.9
  SNOW DEPTH       0

DEGREE DAYS
 HEATING
  TODAY           26                        30     -4       33
  MONTH TO DATE  184                       172     12      156
  SINCE DEC 1    184                       172     12      156
  SINCE JUL 1   1398                      1328     70     1355

 COOLING
  TODAY            0                         0      0        0
  MONTH TO DATE    0                         0      0        0
  SINCE DEC 1      0                         0      0        0
  SINCE JAN 1    603                       638    -35      706
..................................................................


WIND (MPH)
  HIGHEST WIND SPEED    21   HIGHEST WIND DIRECTION    NE (30)
  HIGHEST GUST SPEED    26   HIGHEST GUST DIRECTION     N (20)


SKY COVER
  POSSIBLE SUNSHINE  MM
  AVERAGE SKY COVER 1.0


WEATHER CONDITIONS
 THE FOLLOWING WEATHER WAS RECORDED TODAY.
  LIGHT RAIN
  FOG
  HAZE


RELATIVE HUMIDITY (PERCENT)
 HIGHEST    92          1200 AM
 LOWEST     64           200 PM
 AVERAGE    78

..........................................................


THE ERIE PA CLIMATE NORMALS FOR TOMORROW
                         NORMAL    RECORD    YEAR
 MAXIMUM TEMPERATURE (F)   41        69      1998
 MINIMUM TEMPERATURE (F)   29         6      1885


SUNRISE AND SUNSET
DECEMBER  6 2014......SUNRISE   734 AM EST   SUNSET   449 PM EST
DECEMBER  7 2014......SUNRISE   735 AM EST   SUNSET   449 PM EST


-  INDICATES NEGATIVE NUMBERS.
R  INDICATES RECORD WAS SET OR TIED.
MM INDICATES DATA IS MISSING.
T  INDICATES TRACE AMOUNT.




$$
