000
CDUS41 KCLE 260529
CLIERI


CLIMATE REPORT
NATIONAL WEATHER SERVICE CLEVELAND OH
1227 AM EST FRI JAN 26 2018


...................................

...THE ERIE PA CLIMATE SUMMARY FOR JANUARY 25 2018...

CLIMATE NORMAL PERIOD 1981 TO 2010
CLIMATE RECORD PERIOD 1873 TO 2018


WEATHER ITEM   OBSERVED TIME   RECORD YEAR NORMAL DEPARTURE LAST
                VALUE   (LST)  VALUE       VALUE  FROM      YEAR
                                                  NORMAL
..................................................................
TEMPERATURE (F)
 YESTERDAY
  MAXIMUM         29    643 PM  73    1950  34     -5       50
  MINIMUM         13    746 AM -10    1884  20     -7       37
  AVERAGE         21                        27     -6       44

PRECIPITATION (IN)
  YESTERDAY        0.00                      0.09  -0.09      T
  MONTH TO DATE    2.19                      2.46  -0.27     3.89
  SINCE DEC 1      9.74                      6.20   3.54     7.77
  SINCE JAN 1      2.19                      2.46  -0.27     3.89

SNOWFALL (IN)
  YESTERDAY        0.0                       0.9   -0.9      0.0
  MONTH TO DATE   18.2                      24.6   -6.4     20.2
  SINCE DEC 1    139.1                      52.1   87.0     42.4
  SINCE JUL 1    139.6                      60.8   78.8     44.8
  SNOW DEPTH       1

DEGREE DAYS
 HEATING
  YESTERDAY       44                        38      6       21
  MONTH TO DATE 1013                       942     71      768
  SINCE DEC 1   2142                      1954    188     1761
  SINCE JUL 1   3139                      3110     29     2541

 COOLING
  YESTERDAY        0                         0      0        0
  MONTH TO DATE    0                         0      0        0
  SINCE DEC 1      0                         0      0        0
  SINCE JAN 1      0                         0      0        0
..................................................................


WIND (MPH)
  HIGHEST WIND SPEED    16   HIGHEST WIND DIRECTION     S (160)
  HIGHEST GUST SPEED    21   HIGHEST GUST DIRECTION    SE (150)
  AVERAGE WIND SPEED     5.5


SKY COVER
  POSSIBLE SUNSHINE  MM
  AVERAGE SKY COVER 0.7


WEATHER CONDITIONS
 THE FOLLOWING WEATHER WAS RECORDED YESTERDAY.
  FOG
  HAZE


RELATIVE HUMIDITY (PERCENT)
 HIGHEST    88           800 AM
 LOWEST     62          1100 AM
 AVERAGE    75

..........................................................


THE ERIE PA CLIMATE NORMALS FOR TODAY
                         NORMAL    RECORD    YEAR
 MAXIMUM TEMPERATURE (F)   34        70      1950
 MINIMUM TEMPERATURE (F)   20        -3      1897
                                             1884


SUNRISE AND SUNSET
JANUARY 26 2018.......SUNRISE   739 AM EST   SUNSET   528 PM EST
JANUARY 27 2018.......SUNRISE   738 AM EST   SUNSET   529 PM EST


-  INDICATES NEGATIVE NUMBERS.
R  INDICATES RECORD WAS SET OR TIED.
MM INDICATES DATA IS MISSING.
T  INDICATES TRACE AMOUNT.




$$
