000
CDUS41 KCLE 010545
CLIERI


CLIMATE REPORT
NATIONAL WEATHER SERVICE CLEVELAND OH
145 AM EDT TUE JUL 1 2014


...................................

...THE ERIE PA CLIMATE SUMMARY FOR JUNE 30 2014...

CLIMATE NORMAL PERIOD 1981 TO 2010
CLIMATE RECORD PERIOD 1873 TO 2014


WEATHER ITEM   OBSERVED TIME   RECORD YEAR NORMAL DEPARTURE LAST
                VALUE   (LST)  VALUE       VALUE  FROM      YEAR
                                                  NORMAL
..................................................................
TEMPERATURE (F)
 YESTERDAY
  MAXIMUM         88    314 PM  92    1930  79      9       75
  MINIMUM         71    532 AM  49    2010  62      9       63
  AVERAGE         80                        71      9       69

PRECIPITATION (IN)
  YESTERDAY        0.00                      0.12  -0.12     0.00
  MONTH TO DATE    4.99                      3.76   1.23     7.28
  SINCE JUN 1      4.99                      3.76   1.23     7.28
  SINCE JAN 1     21.14                     18.82   2.32    24.51

SNOWFALL (IN)
  YESTERDAY        0.0                       0.0    0.0      0.0
  MONTH TO DATE    0.0                       0.0    0.0      0.0
  SINCE JUN 1      0.0                       0.0    0.0      0.0
  SINCE JUL 1    138.4                     100.9   37.5    105.5
  SNOW DEPTH       0

DEGREE DAYS
 HEATING
  YESTERDAY        0                         1     -1        0
  MONTH TO DATE   30                        62    -32       68
  SINCE JUN 1     30                        61    -31       68
  SINCE JUL 1   6757                      6147    610     5880

 COOLING
  YESTERDAY       15                         6      9        4
  MONTH TO DATE  165                       123     42      118
  SINCE JUN 1    165                       123     42      118
  SINCE JAN 1    204                       162     42      203
..................................................................


WIND (MPH)
  HIGHEST WIND SPEED    18   HIGHEST WIND DIRECTION     S (180)
  HIGHEST GUST SPEED    24   HIGHEST GUST DIRECTION    SW (210)
  AVERAGE WIND SPEED    10.3


SKY COVER
  POSSIBLE SUNSHINE  MM
  AVERAGE SKY COVER 0.2


WEATHER CONDITIONS
 THE FOLLOWING WEATHER WAS RECORDED YESTERDAY.
  NO SIGNIFICANT WEATHER WAS OBSERVED.


RELATIVE HUMIDITY (PERCENT)
 HIGHEST    90           600 AM
 LOWEST     50           500 PM
 AVERAGE    70

..........................................................


THE ERIE PA CLIMATE NORMALS FOR TODAY
                         NORMAL    RECORD    YEAR
 MAXIMUM TEMPERATURE (F)   79        91      1959
                                             1956
                                             1931
 MINIMUM TEMPERATURE (F)   62        48      1965


SUNRISE AND SUNSET
JULY  1 2014..........SUNRISE   549 AM EDT   SUNSET   900 PM EDT
JULY  2 2014..........SUNRISE   549 AM EDT   SUNSET   900 PM EDT


-  INDICATES NEGATIVE NUMBERS.
R  INDICATES RECORD WAS SET OR TIED.
MM INDICATES DATA IS MISSING.
T  INDICATES TRACE AMOUNT.




$$
