000
CDUS41 KCLE 130530
CLIERI


CLIMATE REPORT
NATIONAL WEATHER SERVICE CLEVELAND OH
129 AM EDT THU JUL 13 2017


...................................

...THE ERIE PA CLIMATE SUMMARY FOR JULY 12 2017...

CLIMATE NORMAL PERIOD 1981 TO 2010
CLIMATE RECORD PERIOD 1873 TO 2017


WEATHER ITEM   OBSERVED TIME   RECORD YEAR NORMAL DEPARTURE LAST
                VALUE   (LST)  VALUE       VALUE  FROM      YEAR
                                                  NORMAL
..................................................................
TEMPERATURE (F)
 YESTERDAY
  MAXIMUM         82    314 PM  94    2005  80      2       91
                                      1936
  MINIMUM         70    644 AM  46    1973  64      6       73
  AVERAGE         76                        72      4       82

PRECIPITATION (IN)
  YESTERDAY        0.39                      0.11   0.28      T
  MONTH TO DATE    0.71                      1.30  -0.59     2.34
  SINCE JUN 1      9.17                      5.06   4.11     4.18
  SINCE JAN 1     29.16                     20.12   9.04    16.95

SNOWFALL (IN)
  YESTERDAY        0.0                       0.0    0.0      0.0
  MONTH TO DATE    0.0                       0.0    0.0      0.0
  SINCE JUN 1      0.0                       0.0    0.0      0.0
  SINCE JUL 1      0.0                       0.0    0.0      0.0
  SNOW DEPTH       0

DEGREE DAYS
 HEATING
  YESTERDAY        0                         0      0        0
  MONTH TO DATE    0                         2     -2        0
  SINCE JUN 1     48                        63    -15       40
  SINCE JUL 1      0                         2     -2        0

 COOLING
  YESTERDAY       11                         7      4       17
  MONTH TO DATE   71                        82    -11       96
  SINCE JUN 1    218                       205     13      247
  SINCE JAN 1    262                       244     18      322
..................................................................


WIND (MPH)
  HIGHEST WIND SPEED    18   HIGHEST WIND DIRECTION     S (190)
  HIGHEST GUST SPEED    24   HIGHEST GUST DIRECTION     S (180)
  AVERAGE WIND SPEED     8.7


SKY COVER
  POSSIBLE SUNSHINE  MM
  AVERAGE SKY COVER 0.6


WEATHER CONDITIONS
 THE FOLLOWING WEATHER WAS RECORDED YESTERDAY.
  THUNDERSTORM
  HEAVY RAIN
  RAIN
  LIGHT RAIN
  FOG


RELATIVE HUMIDITY (PERCENT)
 HIGHEST    97           600 AM
 LOWEST     67          1200 PM
 AVERAGE    82

..........................................................


THE ERIE PA CLIMATE NORMALS FOR TODAY
                         NORMAL    RECORD    YEAR
 MAXIMUM TEMPERATURE (F)   80        95      1936
 MINIMUM TEMPERATURE (F)   64        48      1980


SUNRISE AND SUNSET
JULY 13 2017..........SUNRISE   557 AM EDT   SUNSET   856 PM EDT
JULY 14 2017..........SUNRISE   558 AM EDT   SUNSET   855 PM EDT


-  INDICATES NEGATIVE NUMBERS.
R  INDICATES RECORD WAS SET OR TIED.
MM INDICATES DATA IS MISSING.
T  INDICATES TRACE AMOUNT.




$$
