000
CDUS41 KCLE 130526
CLIERI


CLIMATE REPORT
NATIONAL WEATHER SERVICE CLEVELAND OH
1226 AM EST SAT DEC 13 2014


...................................

...THE ERIE PA CLIMATE SUMMARY FOR DECEMBER 12 2014...

CLIMATE NORMAL PERIOD 1981 TO 2010
CLIMATE RECORD PERIOD 1873 TO 2014


WEATHER ITEM   OBSERVED TIME   RECORD YEAR NORMAL DEPARTURE LAST
                VALUE   (LST)  VALUE       VALUE  FROM      YEAR
                                                  NORMAL
..................................................................
TEMPERATURE (F)
 YESTERDAY
  MAXIMUM         37    116 AM  63    1946  39     -2       20
  MINIMUM         33    652 PM   4    2005  28      5       14
                                      1917
  AVERAGE         35                        33      2       17

PRECIPITATION (IN)
  YESTERDAY        0.00                      0.12  -0.12     0.04
  MONTH TO DATE    1.10                      1.50  -0.40     0.66
  SINCE DEC 1      1.10                      1.50  -0.40     0.66
  SINCE JAN 1     39.33                     39.92  -0.59    49.16

SNOWFALL (IN)
  YESTERDAY        0.0                       0.9   -0.9      0.8
  MONTH TO DATE    3.3                       8.7   -5.4      9.0
  SINCE DEC 1      3.3                       8.7   -5.4      9.0
  SINCE JUL 1     28.3                      17.4   10.9     24.6
  SNOW DEPTH       0

DEGREE DAYS
 HEATING
  YESTERDAY       30                        32     -2       48
  MONTH TO DATE  366                       357      9      395
  SINCE DEC 1    366                       357      9      395
  SINCE JUL 1   1580                      1513     67     1594

 COOLING
  YESTERDAY        0                         0      0        0
  MONTH TO DATE    0                         0      0        0
  SINCE DEC 1      0                         0      0        0
  SINCE JAN 1    603                       638    -35      706
..................................................................


WIND (MPH)
  HIGHEST WIND SPEED    18   HIGHEST WIND DIRECTION     W (290)
  HIGHEST GUST SPEED    26   HIGHEST GUST DIRECTION     W (270)
  AVERAGE WIND SPEED    12.2


SKY COVER
  POSSIBLE SUNSHINE  MM
  AVERAGE SKY COVER 1.0


WEATHER CONDITIONS
 THE FOLLOWING WEATHER WAS RECORDED YESTERDAY.
  FOG
  HAZE


RELATIVE HUMIDITY (PERCENT)
 HIGHEST    82           100 PM
 LOWEST     64          1200 AM
 AVERAGE    73

..........................................................


THE ERIE PA CLIMATE NORMALS FOR TODAY
                         NORMAL    RECORD    YEAR
 MAXIMUM TEMPERATURE (F)   39        65      1901
 MINIMUM TEMPERATURE (F)   27        -1      1962


SUNRISE AND SUNSET
DECEMBER 13 2014......SUNRISE   740 AM EST   SUNSET   449 PM EST
DECEMBER 14 2014......SUNRISE   741 AM EST   SUNSET   450 PM EST


-  INDICATES NEGATIVE NUMBERS.
R  INDICATES RECORD WAS SET OR TIED.
MM INDICATES DATA IS MISSING.
T  INDICATES TRACE AMOUNT.




$$
