000
CDUS41 KCLE 180526
CLIERI


CLIMATE REPORT
NATIONAL WEATHER SERVICE CLEVELAND OH
1226 AM EST WED FEB 18 2015


...................................

...THE ERIE PA CLIMATE SUMMARY FOR FEBRUARY 17 2015...

CLIMATE NORMAL PERIOD 1981 TO 2010
CLIMATE RECORD PERIOD 1873 TO 2015


WEATHER ITEM   OBSERVED TIME   RECORD YEAR NORMAL DEPARTURE LAST
                VALUE   (LST)  VALUE       VALUE  FROM      YEAR
                                                  NORMAL
..................................................................
TEMPERATURE (F)
 YESTERDAY
  MAXIMUM         18   1147 PM  62    2006  36    -18       32
  MINIMUM        -10    748 AM -12    1973  21    -31       -7
  AVERAGE          4                        28    -24       13

PRECIPITATION (IN)
  YESTERDAY        0.00                      0.08  -0.08     0.02
  MONTH TO DATE    1.51                      1.41   0.10     2.03
  SINCE DEC 1      7.70                      8.10  -0.40    10.55
  SINCE JAN 1      5.25                      4.36   0.89     4.59

SNOWFALL (IN)
  YESTERDAY        0.0                       0.6   -0.6      0.2
  MONTH TO DATE   23.4                      11.5   11.9     19.8
  SINCE DEC 1     66.3                      68.6   -2.3     95.9
  SINCE JUL 1     91.3                      77.3   14.0    111.5
  SNOW DEPTH      12

DEGREE DAYS
 HEATING
  YESTERDAY       61                        37     24       52
  MONTH TO DATE  831                       638    193      828
  SINCE DEC 1   3047                      2820    227     3210
  SINCE JUL 1   4261                      3976    285     4409

 COOLING
  YESTERDAY        0                         0      0        0
  MONTH TO DATE    0                         0      0        0
  SINCE DEC 1      0                         0      0        0
  SINCE JAN 1      0                         0      0        0
..................................................................


WIND (MPH)
  HIGHEST WIND SPEED    17   HIGHEST WIND DIRECTION     S (200)
  HIGHEST GUST SPEED    23   HIGHEST GUST DIRECTION     S (200)
  AVERAGE WIND SPEED     4.7


SKY COVER
  POSSIBLE SUNSHINE  MM
  AVERAGE SKY COVER 0.4


WEATHER CONDITIONS
 THE FOLLOWING WEATHER WAS RECORDED YESTERDAY.
  NO SIGNIFICANT WEATHER WAS OBSERVED.


RELATIVE HUMIDITY (PERCENT)
 HIGHEST    82           500 AM
 LOWEST     47          1000 PM
 AVERAGE    65

..........................................................


THE ERIE PA CLIMATE NORMALS FOR TODAY
                         NORMAL    RECORD    YEAR
 MAXIMUM TEMPERATURE (F)   36        61      1981
                                             1949
 MINIMUM TEMPERATURE (F)   21       -11      1979


SUNRISE AND SUNSET
FEBRUARY 18 2015......SUNRISE   713 AM EST   SUNSET   557 PM EST
FEBRUARY 19 2015......SUNRISE   711 AM EST   SUNSET   558 PM EST


-  INDICATES NEGATIVE NUMBERS.
R  INDICATES RECORD WAS SET OR TIED.
MM INDICATES DATA IS MISSING.
T  INDICATES TRACE AMOUNT.




$$
