000
CDUS41 KCLE 261425
CLIERI


CLIMATE REPORT
NATIONAL WEATHER SERVICE CLEVELAND OH
1024 AM EDT WED MAR 26 2014


...................................

...THE ERIE PA CLIMATE SUMMARY FOR MARCH 25 2014...

CLIMATE NORMAL PERIOD 1981 TO 2010
CLIMATE RECORD PERIOD 1873 TO 2014


WEATHER ITEM   OBSERVED TIME   RECORD YEAR NORMAL DEPARTURE LAST
                VALUE   (LST)  VALUE       VALUE  FROM      YEAR
                                                  NORMAL
..................................................................
TEMPERATURE (F)
 YESTERDAY
  MAXIMUM         36   1234 PM  76    1929  47    -11       36
  MINIMUM         18    640 AM   8    1888  30    -12       29
  AVERAGE         27                        39    -12       33

PRECIPITATION (IN)
  YESTERDAY        0.13                      0.10   0.03     0.26
  MONTH TO DATE    1.92                      2.33  -0.41     2.38
  SINCE MAR 1      1.92                      2.33  -0.41     2.38
  SINCE JAN 1      7.83                      7.67   0.16     8.89

SNOWFALL (IN)
  YESTERDAY        2.4                       0.4    2.0      3.0
  MONTH TO DATE   13.5                      11.9    1.6     23.7
  SINCE MAR 1     13.5                      11.9    1.6     23.7
  SINCE JUL 1    133.1                      95.9   37.2    103.0
  SNOW DEPTH       0

DEGREE DAYS
 HEATING
  YESTERDAY       38                        26     12       32
  MONTH TO DATE  944                       762    182      837
  SINCE MAR 1    944                       762    182      837
  SINCE JUL 1   5765                      5127    638     4931

 COOLING
  YESTERDAY        0                         0      0        0
  MONTH TO DATE    0                         0      0        0
  SINCE MAR 1      0                         0      0        0
  SINCE JAN 1      0                         0      0        0
..................................................................


WIND (MPH)
  HIGHEST WIND SPEED    17   HIGHEST WIND DIRECTION     N (350)
  HIGHEST GUST SPEED    23   HIGHEST GUST DIRECTION    SW (230)
  AVERAGE WIND SPEED     8.2


SKY COVER
  POSSIBLE SUNSHINE  MM
  AVERAGE SKY COVER 0.5


WEATHER CONDITIONS
 THE FOLLOWING WEATHER WAS RECORDED YESTERDAY.
  SNOW
  LIGHT SNOW
  FOG
  FOG W/VISIBILITY <= 1/4 MILE
  HAZE


RELATIVE HUMIDITY (PERCENT)
 HIGHEST    91          1000 PM
 LOWEST     32          1200 PM
 AVERAGE    62

..........................................................


THE ERIE PA CLIMATE NORMALS FOR TODAY
                         NORMAL    RECORD    YEAR
 MAXIMUM TEMPERATURE (F)   48        81      1945
 MINIMUM TEMPERATURE (F)   31        14      1983


SUNRISE AND SUNSET
MARCH 26 2014.........SUNRISE   714 AM EDT   SUNSET   740 PM EDT
MARCH 27 2014.........SUNRISE   712 AM EDT   SUNSET   741 PM EDT


-  INDICATES NEGATIVE NUMBERS.
R  INDICATES RECORD WAS SET OR TIED.
MM INDICATES DATA IS MISSING.
T  INDICATES TRACE AMOUNT.




$$
