000
CDUS41 KCLE 160527
CLIERI


CLIMATE REPORT
NATIONAL WEATHER SERVICE CLEVELAND OH
1226 AM EST WED NOV 16 2016


...................................

...THE ERIE PA CLIMATE SUMMARY FOR NOVEMBER 15 2016...

CLIMATE NORMAL PERIOD 1981 TO 2010
CLIMATE RECORD PERIOD 1873 TO 2016


WEATHER ITEM   OBSERVED TIME   RECORD YEAR NORMAL DEPARTURE LAST
                VALUE   (LST)  VALUE       VALUE  FROM      YEAR
                                                  NORMAL
..................................................................
TEMPERATURE (F)
 YESTERDAY
  MAXIMUM         59    157 PM  73    1927  50      9       60
  MINIMUM         39    823 AM  16    1933  37      2       40
  AVERAGE         49                        44      5       50

PRECIPITATION (IN)
  YESTERDAY        0.00                      0.13  -0.13     0.00
  MONTH TO DATE    0.93                      1.94  -1.01     1.79
  SINCE SEP 1     13.13                     10.60   2.53     9.18
  SINCE JAN 1     40.19                     36.43   3.76    32.89

SNOWFALL (IN)
  YESTERDAY        0.0                       0.2   -0.2      0.0
  MONTH TO DATE    0.0                       2.7   -2.7      0.0
  SINCE SEP 1      0.0                       2.9   -2.9       T
  SINCE JUL 1      0.0                       2.9   -2.9       T
  SNOW DEPTH       0

DEGREE DAYS
 HEATING
  YESTERDAY       16                        21     -5       15
  MONTH TO DATE  201                       285    -84      193
  SINCE SEP 1    477                       770   -293      562
  SINCE JUL 1    477                       788   -311      580

 COOLING
  YESTERDAY        0                         0      0        0
  MONTH TO DATE    2                         0      2        4
  SINCE SEP 1    168                        80     88      167
  SINCE JAN 1   1017                       638    379      773
..................................................................


WIND (MPH)
  HIGHEST WIND SPEED    15   HIGHEST WIND DIRECTION     S (200)
  HIGHEST GUST SPEED    17   HIGHEST GUST DIRECTION    SW (210)
  AVERAGE WIND SPEED     5.5


SKY COVER
  POSSIBLE SUNSHINE  MM
  AVERAGE SKY COVER 0.1


WEATHER CONDITIONS
 THE FOLLOWING WEATHER WAS RECORDED YESTERDAY.
  NO SIGNIFICANT WEATHER WAS OBSERVED.


RELATIVE HUMIDITY (PERCENT)
 HIGHEST    70           700 PM
 LOWEST     39          1200 PM
 AVERAGE    55

..........................................................


THE ERIE PA CLIMATE NORMALS FOR TODAY
                         NORMAL    RECORD    YEAR
 MAXIMUM TEMPERATURE (F)   50        70      2005
                                             1955
 MINIMUM TEMPERATURE (F)   37        14      1933


SUNRISE AND SUNSET
NOVEMBER 16 2016......SUNRISE   713 AM EST   SUNSET   458 PM EST
NOVEMBER 17 2016......SUNRISE   714 AM EST   SUNSET   457 PM EST


-  INDICATES NEGATIVE NUMBERS.
R  INDICATES RECORD WAS SET OR TIED.
MM INDICATES DATA IS MISSING.
T  INDICATES TRACE AMOUNT.




$$
