000
CDUS41 KCLE 022127
CLIERI


CLIMATE REPORT
NATIONAL WEATHER SERVICE CLEVELAND OH
527 PM EDT FRI SEP 2 2016


...................................

...THE ERIE PA CLIMATE SUMMARY FOR SEPTEMBER 2 2016...
VALID TODAY AS OF 0500 PM LOCAL TIME.

CLIMATE NORMAL PERIOD 1981 TO 2010
CLIMATE RECORD PERIOD 1873 TO 2016


WEATHER ITEM   OBSERVED TIME   RECORD YEAR NORMAL DEPARTURE LAST
                VALUE   (LST)  VALUE       VALUE  FROM      YEAR
                                                  NORMAL
..................................................................
TEMPERATURE (F)
 TODAY
  MAXIMUM         73    146 PM  93    1953  76     -3       86
  MINIMUM         62    554 AM  46    1970  60      2       69
  AVERAGE         68                        68      0       78

PRECIPITATION (IN)
  TODAY            0.00                      0.13  -0.13     0.00
  MONTH TO DATE    T                         0.26  -0.26     0.00
  SINCE SEP 1      T                         0.26  -0.26     0.00
  SINCE JAN 1     27.06                     26.09   0.97    23.71

SNOWFALL (IN)
  TODAY            0.0                       0.0    0.0      0.0
  MONTH TO DATE    0.0                       0.0    0.0      0.0
  SINCE SEP 1      0.0                       0.0    0.0      0.0
  SINCE JUL 1      0.0                       0.0    0.0      0.0
  SNOW DEPTH       0

DEGREE DAYS
 HEATING
  TODAY            0                         1     -1        0
  MONTH TO DATE    0                         2     -2        0
  SINCE SEP 1      0                         2     -2        0
  SINCE JUL 1      0                        20    -20       18

 COOLING
  TODAY            3                         4     -1       13
  MONTH TO DATE    8                         8      0       23
  SINCE SEP 1      8                         8      0       23
  SINCE JAN 1    857                       566    291      629
..................................................................


WIND (MPH)
  HIGHEST WIND SPEED    17   HIGHEST WIND DIRECTION    NE (30)
  HIGHEST GUST SPEED    22   HIGHEST GUST DIRECTION    NE (40)


SKY COVER
  POSSIBLE SUNSHINE  MM
  AVERAGE SKY COVER 0.5


WEATHER CONDITIONS
 THE FOLLOWING WEATHER WAS RECORDED TODAY.
  NO SIGNIFICANT WEATHER WAS OBSERVED.


RELATIVE HUMIDITY (PERCENT)
 HIGHEST    84           600 AM
 LOWEST     57           200 PM
 AVERAGE    71

..........................................................


THE ERIE PA CLIMATE NORMALS FOR TOMORROW
                         NORMAL    RECORD    YEAR
 MAXIMUM TEMPERATURE (F)   76        99      1953
 MINIMUM TEMPERATURE (F)   60        47      1975
                                             1946


SUNRISE AND SUNSET
SEPTEMBER  2 2016.....SUNRISE   648 AM EDT   SUNSET   752 PM EDT
SEPTEMBER  3 2016.....SUNRISE   649 AM EDT   SUNSET   750 PM EDT


-  INDICATES NEGATIVE NUMBERS.
R  INDICATES RECORD WAS SET OR TIED.
MM INDICATES DATA IS MISSING.
T  INDICATES TRACE AMOUNT.




$$
