000
CDUS41 KCLE 262113
CLIERI


CLIMATE REPORT
NATIONAL WEATHER SERVICE CLEVELAND OH
513 PM EDT WED MAR 26 2014


...................................

...THE ERIE PA CLIMATE SUMMARY FOR MARCH 26 2014...
VALID TODAY AS OF 0500 PM LOCAL TIME.

CLIMATE NORMAL PERIOD 1981 TO 2010
CLIMATE RECORD PERIOD 1873 TO 2014


WEATHER ITEM   OBSERVED TIME   RECORD YEAR NORMAL DEPARTURE LAST
                VALUE   (LST)  VALUE       VALUE  FROM      YEAR
                                                  NORMAL
..................................................................
TEMPERATURE (F)
 TODAY
  MAXIMUM         21    359 PM  81    1945  48    -27       39
  MINIMUM         12R   652 AM  14    1983  31    -19       32
  AVERAGE         17                        39    -22       36

PRECIPITATION (IN)
  TODAY            T                         0.10  -0.10     0.00
  MONTH TO DATE    1.92                      2.43  -0.51     2.38
  SINCE MAR 1      1.92                      2.43  -0.51     2.38
  SINCE JAN 1      7.83                      7.77   0.06     8.89

SNOWFALL (IN)
  TODAY            T                         0.3   -0.3      0.0
  MONTH TO DATE   13.5                      12.2    1.3     23.7
  SINCE MAR 1     13.5                      12.2    1.3     23.7
  SINCE JUL 1    133.1                      96.2   36.9    103.0
  SNOW DEPTH       T

DEGREE DAYS
 HEATING
  TODAY           48                        26     22       29
  MONTH TO DATE  992                       788    204      866
  SINCE MAR 1    992                       788    204      866
  SINCE JUL 1   5813                      5153    660     4960

 COOLING
  TODAY            0                         0      0        0
  MONTH TO DATE    0                         0      0        0
  SINCE MAR 1      0                         0      0        0
  SINCE JAN 1      0                         0      0        0
..................................................................


WIND (MPH)
  HIGHEST WIND SPEED    17   HIGHEST WIND DIRECTION     W (270)
  HIGHEST GUST SPEED    23   HIGHEST GUST DIRECTION     N (340)


SKY COVER
  POSSIBLE SUNSHINE  MM
  AVERAGE SKY COVER 0.5


WEATHER CONDITIONS
 THE FOLLOWING WEATHER WAS RECORDED TODAY.
  LIGHT SNOW
  HAZE


RELATIVE HUMIDITY (PERCENT)
 HIGHEST    73          1200 AM
 LOWEST     52           400 PM
 AVERAGE    63

..........................................................


THE ERIE PA CLIMATE NORMALS FOR TOMORROW
                         NORMAL    RECORD    YEAR
 MAXIMUM TEMPERATURE (F)   48        80      1998
 MINIMUM TEMPERATURE (F)   31        13      1982


SUNRISE AND SUNSET
MARCH 26 2014.........SUNRISE   714 AM EDT   SUNSET   740 PM EDT
MARCH 27 2014.........SUNRISE   712 AM EDT   SUNSET   741 PM EDT


-  INDICATES NEGATIVE NUMBERS.
R  INDICATES RECORD WAS SET OR TIED.
MM INDICATES DATA IS MISSING.
T  INDICATES TRACE AMOUNT.




$$
