000
CDUS41 KCLE 080528
CLIERI


CLIMATE REPORT
NATIONAL WEATHER SERVICE CLEVELAND OH
1227 AM EST MON DEC 8 2014


...................................

...THE ERIE PA CLIMATE SUMMARY FOR DECEMBER 7 2014...

CLIMATE NORMAL PERIOD 1981 TO 2010
CLIMATE RECORD PERIOD 1873 TO 2014


WEATHER ITEM   OBSERVED TIME   RECORD YEAR NORMAL DEPARTURE LAST
                VALUE   (LST)  VALUE       VALUE  FROM      YEAR
                                                  NORMAL
..................................................................
TEMPERATURE (F)
 YESTERDAY
  MAXIMUM         35    240 PM  69    1998  41     -6       30
  MINIMUM         28   1159 PM   6    1885  29     -1       24
  AVERAGE         32                        35     -3       27

PRECIPITATION (IN)
  YESTERDAY        0.00                      0.12  -0.12      T
  MONTH TO DATE    0.68                      0.87  -0.19     0.29
  SINCE DEC 1      0.68                      0.87  -0.19     0.29
  SINCE JAN 1     38.91                     39.29  -0.38    48.79

SNOWFALL (IN)
  YESTERDAY        0.0                       0.7   -0.7       T
  MONTH TO DATE    0.2                       4.6   -4.4      2.3
  SINCE DEC 1      0.2                       4.6   -4.4      2.3
  SINCE JUL 1     25.2                      13.3   11.9     17.9
  SNOW DEPTH       0

DEGREE DAYS
 HEATING
  YESTERDAY       33                        30      3       38
  MONTH TO DATE  218                       202     16      194
  SINCE DEC 1    218                       202     16      194
  SINCE JUL 1   1432                      1358     74     1393

 COOLING
  YESTERDAY        0                         0      0        0
  MONTH TO DATE    0                         0      0        0
  SINCE DEC 1      0                         0      0        0
  SINCE JAN 1    603                       638    -35      706
..................................................................


WIND (MPH)
  HIGHEST WIND SPEED    23   HIGHEST WIND DIRECTION    NE (50)
  HIGHEST GUST SPEED    29   HIGHEST GUST DIRECTION    NE (50)
  AVERAGE WIND SPEED    12.8


SKY COVER
  POSSIBLE SUNSHINE  MM
  AVERAGE SKY COVER 0.2


WEATHER CONDITIONS
 THE FOLLOWING WEATHER WAS RECORDED YESTERDAY.
  NO SIGNIFICANT WEATHER WAS OBSERVED.


RELATIVE HUMIDITY (PERCENT)
 HIGHEST    69           700 AM
 LOWEST     43          1200 PM
 AVERAGE    56

..........................................................


THE ERIE PA CLIMATE NORMALS FOR TODAY
                         NORMAL    RECORD    YEAR
 MAXIMUM TEMPERATURE (F)   40        68      1966
 MINIMUM TEMPERATURE (F)   29         3      1885
                                             1882


SUNRISE AND SUNSET
DECEMBER  8 2014......SUNRISE   736 AM EST   SUNSET   449 PM EST
DECEMBER  9 2014......SUNRISE   737 AM EST   SUNSET   449 PM EST


-  INDICATES NEGATIVE NUMBERS.
R  INDICATES RECORD WAS SET OR TIED.
MM INDICATES DATA IS MISSING.
T  INDICATES TRACE AMOUNT.




$$
