000
CDUS41 KCLE 140532
CLIERI


CLIMATE REPORT
NATIONAL WEATHER SERVICE CLEVELAND OH
1230 AM EST MON NOV 14 2016


...................................

...THE ERIE PA CLIMATE SUMMARY FOR NOVEMBER 13 2016...

CLIMATE NORMAL PERIOD 1981 TO 2010
CLIMATE RECORD PERIOD 1873 TO 2016


WEATHER ITEM   OBSERVED TIME   RECORD YEAR NORMAL DEPARTURE LAST
                VALUE   (LST)  VALUE       VALUE  FROM      YEAR
                                                  NORMAL
..................................................................
TEMPERATURE (F)
 YESTERDAY
  MAXIMUM         58    354 PM  71    1989  51      7       49
  MINIMUM         38    739 AM  16    1911  38      0       37
  AVERAGE         48                        44      4       43

PRECIPITATION (IN)
  YESTERDAY        0.00                      0.13  -0.13     0.58
  MONTH TO DATE    0.93                      1.67  -0.74     1.78
  SINCE SEP 1     13.13                     10.33   2.80     9.17
  SINCE JAN 1     40.19                     36.16   4.03    32.88

SNOWFALL (IN)
  YESTERDAY        0.0                       0.2   -0.2      0.0
  MONTH TO DATE    0.0                       2.2   -2.2      0.0
  SINCE SEP 1      0.0                       2.4   -2.4       T
  SINCE JUL 1      0.0                       2.4   -2.4       T
  SNOW DEPTH       0

DEGREE DAYS
 HEATING
  YESTERDAY       17                        21     -4       22
  MONTH TO DATE  168                       243    -75      155
  SINCE SEP 1    444                       728   -284      524
  SINCE JUL 1    444                       746   -302      542

 COOLING
  YESTERDAY        0                         0      0        0
  MONTH TO DATE    2                         0      2        4
  SINCE SEP 1    168                        80     88      167
  SINCE JAN 1   1017                       638    379      773
..................................................................


WIND (MPH)
  HIGHEST WIND SPEED    16   HIGHEST WIND DIRECTION    SW (240)
  HIGHEST GUST SPEED    28   HIGHEST GUST DIRECTION    SW (240)
  AVERAGE WIND SPEED    12.1


SKY COVER
  POSSIBLE SUNSHINE  MM
  AVERAGE SKY COVER 0.0


WEATHER CONDITIONS
 THE FOLLOWING WEATHER WAS RECORDED YESTERDAY.
  NO SIGNIFICANT WEATHER WAS OBSERVED.


RELATIVE HUMIDITY (PERCENT)
 HIGHEST    67           900 AM
 LOWEST     28           600 PM
 AVERAGE    48

..........................................................


THE ERIE PA CLIMATE NORMALS FOR TODAY
                         NORMAL    RECORD    YEAR
 MAXIMUM TEMPERATURE (F)   51        73      1994
 MINIMUM TEMPERATURE (F)   37        18      1905


SUNRISE AND SUNSET
NOVEMBER 14 2016......SUNRISE   710 AM EST   SUNSET   500 PM EST
NOVEMBER 15 2016......SUNRISE   711 AM EST   SUNSET   459 PM EST


-  INDICATES NEGATIVE NUMBERS.
R  INDICATES RECORD WAS SET OR TIED.
MM INDICATES DATA IS MISSING.
T  INDICATES TRACE AMOUNT.




$$
