000
CDUS41 KCLE 070528
CLIERI


CLIMATE REPORT
NATIONAL WEATHER SERVICE CLEVELAND OH
128 AM EDT THU JUL 7 2016


...................................

...THE ERIE PA CLIMATE SUMMARY FOR JULY 6 2016...

CLIMATE NORMAL PERIOD 1981 TO 2010
CLIMATE RECORD PERIOD 1873 TO 2016


WEATHER ITEM   OBSERVED TIME   RECORD YEAR NORMAL DEPARTURE LAST
                VALUE   (LST)  VALUE       VALUE  FROM      YEAR
                                                  NORMAL
..................................................................
TEMPERATURE (F)
 YESTERDAY
  MAXIMUM         85    335 PM  95    1934  80      5       81
  MINIMUM         70    105 AM  46    1972  63      7       68
  AVERAGE         78                        71      7       75

PRECIPITATION (IN)
  YESTERDAY        0.34                      0.10   0.24     0.01
  MONTH TO DATE    0.51                      0.65  -0.14     0.06
  SINCE JUN 1      2.35                      4.41  -2.06     5.34
  SINCE JAN 1     15.12                     19.47  -4.35    19.53

SNOWFALL (IN)
  YESTERDAY        0.0                       0.0    0.0      0.0
  MONTH TO DATE    0.0                       0.0    0.0      0.0
  SINCE JUN 1      0.0                       0.0    0.0      0.0
  SINCE JUL 1      0.0                       0.0    0.0      0.0
  SNOW DEPTH       0

DEGREE DAYS
 HEATING
  YESTERDAY        0                         0      0        0
  MONTH TO DATE    0                         2     -2        6
  SINCE JUN 1     40                        63    -23       43
  SINCE JUL 1      0                         2     -2        6

 COOLING
  YESTERDAY       13                         7      6       10
  MONTH TO DATE   33                        40     -7       14
  SINCE JUN 1    184                       163     21      114
  SINCE JAN 1    259                       202     57      226
..................................................................


WIND (MPH)
  HIGHEST WIND SPEED    21   HIGHEST WIND DIRECTION     W (280)
  HIGHEST GUST SPEED    31   HIGHEST GUST DIRECTION     W (270)
  AVERAGE WIND SPEED     6.9


SKY COVER
  POSSIBLE SUNSHINE  MM
  AVERAGE SKY COVER 0.3


WEATHER CONDITIONS
 THE FOLLOWING WEATHER WAS RECORDED YESTERDAY.
  THUNDERSTORM
  HEAVY RAIN
  RAIN
  LIGHT RAIN
  FOG


RELATIVE HUMIDITY (PERCENT)
 HIGHEST    93           900 PM
 LOWEST     51          1100 AM
 AVERAGE    72

..........................................................


THE ERIE PA CLIMATE NORMALS FOR TODAY
                         NORMAL    RECORD    YEAR
 MAXIMUM TEMPERATURE (F)   80        96      1988
 MINIMUM TEMPERATURE (F)   63        48      1972


SUNRISE AND SUNSET
JULY  7 2016..........SUNRISE   553 AM EDT   SUNSET   859 PM EDT
JULY  8 2016..........SUNRISE   553 AM EDT   SUNSET   858 PM EDT


-  INDICATES NEGATIVE NUMBERS.
R  INDICATES RECORD WAS SET OR TIED.
MM INDICATES DATA IS MISSING.
T  INDICATES TRACE AMOUNT.




$$
