383
CDUS41 KCLE 132111
CLIERI


CLIMATE REPORT
NATIONAL WEATHER SERVICE CLEVELAND OH
511 PM EDT MON MAR 13 2017


...................................

...THE ERIE PA CLIMATE SUMMARY FOR MARCH 13 2017...
VALID TODAY AS OF 0500 PM LOCAL TIME.

CLIMATE NORMAL PERIOD 1981 TO 2010
CLIMATE RECORD PERIOD 1873 TO 2017


WEATHER ITEM   OBSERVED TIME   RECORD YEAR NORMAL DEPARTURE LAST
                VALUE   (LST)  VALUE       VALUE  FROM      YEAR
                                                  NORMAL
..................................................................
TEMPERATURE (F)
 TODAY
  MAXIMUM         28    145 PM  72    2007  43    -15       55
  MINIMUM         17    312 AM   2    1885  26     -9       38
  AVERAGE         23                        34    -11       47

PRECIPITATION (IN)
  TODAY            0.00                      0.09  -0.09     0.01
  MONTH TO DATE    1.28                      1.17   0.11     1.31
  SINCE MAR 1      1.28                      1.17   0.11     1.31
  SINCE JAN 1      8.70                      6.51   2.19     7.52

SNOWFALL (IN)
  TODAY            0.0                       0.5   -0.5      0.0
  MONTH TO DATE    3.2                       7.0   -3.8      1.1
  SINCE MAR 1      3.2                       7.0   -3.8      1.1
  SINCE JUL 1     71.5                      91.0  -19.5     68.3
  SNOW DEPTH       0

DEGREE DAYS
 HEATING
  TODAY           42                        31     11       18
  MONTH TO DATE  412                       423    -11      326
  SINCE MAR 1    412                       423    -11      326
  SINCE JUL 1   3916                      4788   -872     3924

 COOLING
  TODAY            0                         0      0        0
  MONTH TO DATE    0                         0      0        0
  SINCE MAR 1      0                         0      0        0
  SINCE JAN 1      0                         0      0        0
..................................................................


WIND (MPH)
  HIGHEST WIND SPEED    23   HIGHEST WIND DIRECTION    NE (40)
  HIGHEST GUST SPEED    29   HIGHEST GUST DIRECTION    NE (50)


SKY COVER
  POSSIBLE SUNSHINE  MM
  AVERAGE SKY COVER 0.8


WEATHER CONDITIONS
 THE FOLLOWING WEATHER WAS RECORDED TODAY.
  NO SIGNIFICANT WEATHER WAS OBSERVED.


RELATIVE HUMIDITY (PERCENT)
 HIGHEST    74           200 AM
 LOWEST     42          1200 PM
 AVERAGE    58

..........................................................


THE ERIE PA CLIMATE NORMALS FOR TOMORROW
                         NORMAL    RECORD    YEAR
 MAXIMUM TEMPERATURE (F)   43        80      1990
 MINIMUM TEMPERATURE (F)   27         2      1895


SUNRISE AND SUNSET
MARCH 13 2017.........SUNRISE   736 AM EDT   SUNSET   725 PM EDT
MARCH 14 2017.........SUNRISE   734 AM EDT   SUNSET   726 PM EDT


-  INDICATES NEGATIVE NUMBERS.
R  INDICATES RECORD WAS SET OR TIED.
MM INDICATES DATA IS MISSING.
T  INDICATES TRACE AMOUNT.




$$
