000
CDUS41 KCLE 120545
CLIERI


CLIMATE REPORT
NATIONAL WEATHER SERVICE CLEVELAND OH
145 AM EDT WED APR 12 2017


...................................

...THE ERIE PA CLIMATE SUMMARY FOR APRIL 11 2017...

CLIMATE NORMAL PERIOD 1981 TO 2010
CLIMATE RECORD PERIOD 1873 TO 2017


WEATHER ITEM   OBSERVED TIME   RECORD YEAR NORMAL DEPARTURE LAST
                VALUE   (LST)  VALUE       VALUE  FROM      YEAR
                                                  NORMAL
..................................................................
TEMPERATURE (F)
 YESTERDAY
  MAXIMUM         69    110 AM  85    1945  54     15       55
  MINIMUM         47   1113 PM  17    1909  37     10       41
  AVERAGE         58                        46     12       48

PRECIPITATION (IN)
  YESTERDAY        0.11                      0.12  -0.01     0.39
  MONTH TO DATE    1.42                      1.28   0.14     1.21
  SINCE MAR 1      5.51                      4.23   1.28     4.37
  SINCE JAN 1     12.93                      9.57   3.36    10.58

SNOWFALL (IN)
  YESTERDAY       MM                         0.1   MM        0.0
  MONTH TO DATE    0.5                       2.1   -1.6      2.9
  SINCE MAR 1     10.3                      15.8   -5.5      4.0
  SINCE JUL 1     78.6                      99.8  -21.2     71.2
  SNOW DEPTH       0

DEGREE DAYS
 HEATING
  YESTERDAY        7                        20    -13       17
  MONTH TO DATE  168                       238    -70      301
  SINCE MAR 1   1064                      1149    -85      977
  SINCE JUL 1   4568                      5514   -946     4575

 COOLING
  YESTERDAY        0                         0      0        0
  MONTH TO DATE    3                         0      3        0
  SINCE MAR 1      3                         1      2        0
  SINCE JAN 1      3                         1      2        0
..................................................................


WIND (MPH)
  HIGHEST WIND SPEED    21   HIGHEST WIND DIRECTION    SW (220)
  HIGHEST GUST SPEED    28   HIGHEST GUST DIRECTION     W (280)
  AVERAGE WIND SPEED    11.0


SKY COVER
  POSSIBLE SUNSHINE  MM
  AVERAGE SKY COVER 0.7


WEATHER CONDITIONS
 THE FOLLOWING WEATHER WAS RECORDED YESTERDAY.
  LIGHT RAIN
  FOG


RELATIVE HUMIDITY (PERCENT)
 HIGHEST    86          1100 PM
 LOWEST     48           100 AM
 AVERAGE    67

..........................................................


THE ERIE PA CLIMATE NORMALS FOR TODAY
                         NORMAL    RECORD    YEAR
 MAXIMUM TEMPERATURE (F)   55        85      2001
 MINIMUM TEMPERATURE (F)   37        17      1874


SUNRISE AND SUNSET
APRIL 12 2017.........SUNRISE   645 AM EDT   SUNSET   759 PM EDT
APRIL 13 2017.........SUNRISE   643 AM EDT   SUNSET   800 PM EDT


-  INDICATES NEGATIVE NUMBERS.
R  INDICATES RECORD WAS SET OR TIED.
MM INDICATES DATA IS MISSING.
T  INDICATES TRACE AMOUNT.




$$
