000
CDUS41 KCLE 170546
CLIERI


CLIMATE REPORT
NATIONAL WEATHER SERVICE CLEVELAND OH
145 AM EDT MON AUG 17 2015


...................................

...THE ERIE PA CLIMATE SUMMARY FOR AUGUST 16 2015...

CLIMATE NORMAL PERIOD 1981 TO 2010
CLIMATE RECORD PERIOD 1873 TO 2015


WEATHER ITEM   OBSERVED TIME   RECORD YEAR NORMAL DEPARTURE LAST
                VALUE   (LST)  VALUE       VALUE  FROM      YEAR
                                                  NORMAL
..................................................................
TEMPERATURE (F)
 YESTERDAY
  MAXIMUM         84    437 PM  94    1938  79      5       75
  MINIMUM         64    510 AM  47    1979  63      1       56
                                      1971
  AVERAGE         74                        71      3       66

PRECIPITATION (IN)
  YESTERDAY        0.00                      0.11  -0.11     0.11
  MONTH TO DATE    0.54                      1.83  -1.29     1.98
  SINCE JUN 1      8.61                      9.13  -0.52    10.22
  SINCE JAN 1     22.80                     24.19  -1.39    26.37

SNOWFALL (IN)
  YESTERDAY        0.0                       0.0    0.0      0.0
  MONTH TO DATE    0.0                       0.0    0.0      0.0
  SINCE JUN 1      0.0                       0.0    0.0      0.0
  SINCE JUL 1      0.0                       0.0    0.0      0.0
  SNOW DEPTH       0

DEGREE DAYS
 HEATING
  YESTERDAY        0                         0      0        0
  MONTH TO DATE    0                         0      0       11
  SINCE JUN 1     49                        68    -19       46
  SINCE JUL 1     12                         7      5       16

 COOLING
  YESTERDAY        9                         6      3        1
  MONTH TO DATE  108                       104      4       70
  SINCE JUN 1    407                       440    -33      380
  SINCE JAN 1    519                       479     40      419
..................................................................


WIND (MPH)
  HIGHEST WIND SPEED    15   HIGHEST WIND DIRECTION     W (280)
  HIGHEST GUST SPEED    20   HIGHEST GUST DIRECTION     W (270)
  AVERAGE WIND SPEED     5.6


SKY COVER
  POSSIBLE SUNSHINE  MM
  AVERAGE SKY COVER 0.0


WEATHER CONDITIONS
 THE FOLLOWING WEATHER WAS RECORDED YESTERDAY.
  NO SIGNIFICANT WEATHER WAS OBSERVED.


RELATIVE HUMIDITY (PERCENT)
 HIGHEST    84           600 AM
 LOWEST     51           400 PM
 AVERAGE    68

..........................................................


THE ERIE PA CLIMATE NORMALS FOR TODAY
                         NORMAL    RECORD    YEAR
 MAXIMUM TEMPERATURE (F)   79        92      1991
                                             1965
 MINIMUM TEMPERATURE (F)   63        48      1971


SUNRISE AND SUNSET
AUGUST 17 2015........SUNRISE   630 AM EDT   SUNSET   819 PM EDT
AUGUST 18 2015........SUNRISE   631 AM EDT   SUNSET   817 PM EDT


-  INDICATES NEGATIVE NUMBERS.
R  INDICATES RECORD WAS SET OR TIED.
MM INDICATES DATA IS MISSING.
T  INDICATES TRACE AMOUNT.




$$
