000
CDUS41 KCLE 270538
CLIERI


CLIMATE REPORT
NATIONAL WEATHER SERVICE CLEVELAND OH
127 AM EDT FRI OCT 27 2017


...................................

...THE ERIE PA CLIMATE SUMMARY FOR OCTOBER 26 2017...

CLIMATE NORMAL PERIOD 1981 TO 2010
CLIMATE RECORD PERIOD 1873 TO 2017


WEATHER ITEM   OBSERVED TIME   RECORD YEAR NORMAL DEPARTURE LAST
                VALUE   (LST)  VALUE       VALUE  FROM      YEAR
                                                  NORMAL
..................................................................
TEMPERATURE (F)
 YESTERDAY
  MAXIMUM         52   1050 AM  79    1991  58     -6       46
  MINIMUM         38    707 AM  26    1887  42     -4       35
  AVERAGE         45                        50     -5       41

PRECIPITATION (IN)
  YESTERDAY        0.02                      0.12  -0.10     0.09
  MONTH TO DATE    3.52                      3.43   0.09     4.11
  SINCE SEP 1      7.35                      8.04  -0.69    10.07
  SINCE JAN 1     38.72                     33.87   4.85    37.13

SNOWFALL (IN)
  YESTERDAY        0.0                       0.0    0.0      0.0
  MONTH TO DATE    0.0                       0.1   -0.1      0.0
  SINCE SEP 1      0.0                       0.1   -0.1      0.0
  SINCE JUL 1      0.0                       0.1   -0.1      0.0
  SNOW DEPTH       0

DEGREE DAYS
 HEATING
  YESTERDAY       20                        15      5       24
  MONTH TO DATE  135                       300   -165      183
  SINCE SEP 1    222                       406   -184      206
  SINCE JUL 1    232                       424   -192      206

 COOLING
  YESTERDAY        0                         0      0        0
  MONTH TO DATE   29                         7     22       30
  SINCE SEP 1    135                        78     57      166
  SINCE JAN 1    697                       636     61     1015
..................................................................


WIND (MPH)
  HIGHEST WIND SPEED    10   HIGHEST WIND DIRECTION    SW (220)
  HIGHEST GUST SPEED    13   HIGHEST GUST DIRECTION    SW (230)
  AVERAGE WIND SPEED     5.0


SKY COVER
  POSSIBLE SUNSHINE  MM
  AVERAGE SKY COVER 0.6


WEATHER CONDITIONS
 THE FOLLOWING WEATHER WAS RECORDED YESTERDAY.
  LIGHT RAIN
  FOG


RELATIVE HUMIDITY (PERCENT)
 HIGHEST    92           600 AM
 LOWEST     61           100 PM
 AVERAGE    77

..........................................................


THE ERIE PA CLIMATE NORMALS FOR TODAY
                         NORMAL    RECORD    YEAR
 MAXIMUM TEMPERATURE (F)   57        80      1947
 MINIMUM TEMPERATURE (F)   42        27      1942


SUNRISE AND SUNSET
OCTOBER 27 2017.......SUNRISE   748 AM EDT   SUNSET   621 PM EDT
OCTOBER 28 2017.......SUNRISE   749 AM EDT   SUNSET   619 PM EDT


-  INDICATES NEGATIVE NUMBERS.
R  INDICATES RECORD WAS SET OR TIED.
MM INDICATES DATA IS MISSING.
T  INDICATES TRACE AMOUNT.




$$
