000
CDUS41 KCLE 232111
CLIERI


CLIMATE REPORT
NATIONAL WEATHER SERVICE CLEVELAND OH
510 PM EDT SUN AUG 23 2015


...................................

...THE ERIE PA CLIMATE SUMMARY FOR AUGUST 23 2015...
VALID TODAY AS OF 0500 PM LOCAL TIME.

CLIMATE NORMAL PERIOD 1981 TO 2010
CLIMATE RECORD PERIOD 1873 TO 2015


WEATHER ITEM   OBSERVED TIME   RECORD YEAR NORMAL DEPARTURE LAST
                VALUE   (LST)  VALUE       VALUE  FROM      YEAR
                                                  NORMAL
..................................................................
TEMPERATURE (F)
 TODAY
  MAXIMUM         80   1144 AM  90    1936  78      2       75
                                      1914
  MINIMUM         60    607 AM  47    1973  62     -2       64
                                      1958
  AVERAGE         70                        70      0       70

PRECIPITATION (IN)
  TODAY            0.00                      0.11  -0.11     0.00
  MONTH TO DATE    0.97                      2.59  -1.62     2.68
  SINCE JUN 1      9.04                      9.89  -0.85    10.92
  SINCE JAN 1     23.23                     24.95  -1.72    27.07

SNOWFALL (IN)
  TODAY            0.0                       0.0    0.0      0.0
  MONTH TO DATE    0.0                       0.0    0.0      0.0
  SINCE JUN 1      0.0                       0.0    0.0      0.0
  SINCE JUL 1      0.0                       0.0    0.0      0.0
  SNOW DEPTH       0

DEGREE DAYS
 HEATING
  TODAY            0                         0      0        0
  MONTH TO DATE    0                         0      0       11
  SINCE JUN 1     49                        68    -19       46
  SINCE JUL 1     12                         7      5       16

 COOLING
  TODAY            5                         5      0        5
  MONTH TO DATE  167                       145     22      107
  SINCE JUN 1    466                       481    -15      417
  SINCE JAN 1    578                       520     58      456
..................................................................


WIND (MPH)
  HIGHEST WIND SPEED    12   HIGHEST WIND DIRECTION     N (360)
  HIGHEST GUST SPEED    16   HIGHEST GUST DIRECTION     S (160)


SKY COVER
  POSSIBLE SUNSHINE  MM
  AVERAGE SKY COVER 0.0


WEATHER CONDITIONS
 THE FOLLOWING WEATHER WAS RECORDED TODAY.
  NO SIGNIFICANT WEATHER WAS OBSERVED.


RELATIVE HUMIDITY (PERCENT)
 HIGHEST    72          1200 AM
 LOWEST     39          1100 AM
 AVERAGE    56

..........................................................


THE ERIE PA CLIMATE NORMALS FOR TOMORROW
                         NORMAL    RECORD    YEAR
 MAXIMUM TEMPERATURE (F)   78        89      1968
 MINIMUM TEMPERATURE (F)   62        41      1971


SUNRISE AND SUNSET
AUGUST 23 2015........SUNRISE   637 AM EDT   SUNSET   809 PM EDT
AUGUST 24 2015........SUNRISE   638 AM EDT   SUNSET   808 PM EDT


-  INDICATES NEGATIVE NUMBERS.
R  INDICATES RECORD WAS SET OR TIED.
MM INDICATES DATA IS MISSING.
T  INDICATES TRACE AMOUNT.




$$
