000
CDUS41 KCLE 150540
CLIERI


CLIMATE REPORT
NATIONAL WEATHER SERVICE CLEVELAND OH
128 AM EDT SUN MAR 15 2015


...................................

...THE ERIE PA CLIMATE SUMMARY FOR MARCH 14 2015...

CLIMATE NORMAL PERIOD 1981 TO 2010
CLIMATE RECORD PERIOD 1873 TO 2015


WEATHER ITEM   OBSERVED TIME   RECORD YEAR NORMAL DEPARTURE LAST
                VALUE   (LST)  VALUE       VALUE  FROM      YEAR
                                                  NORMAL
..................................................................
TEMPERATURE (F)
 YESTERDAY
  MAXIMUM         46   1207 PM  80    1990  43      3       55
  MINIMUM         36   1159 PM   2    1895  27      9       25
  AVERAGE         41                        35      6       40

PRECIPITATION (IN)
  YESTERDAY        0.09                      0.09   0.00     0.03
  MONTH TO DATE    0.81                      1.26  -0.45     1.34
  SINCE MAR 1      0.81                      1.26  -0.45     1.34
  SINCE JAN 1      6.57                      6.60  -0.03     7.25

SNOWFALL (IN)
  YESTERDAY        0.0                       0.5   -0.5      0.0
  MONTH TO DATE    4.6                       7.5   -2.9      9.8
  SINCE MAR 1      4.6                       7.5   -2.9      9.8
  SINCE JUL 1    104.0                      91.5   12.5    129.4
  SNOW DEPTH       3

DEGREE DAYS
 HEATING
  YESTERDAY       24                        30     -6       25
  MONTH TO DATE  499                       453     46      561
  SINCE MAR 1    499                       453     46      561
  SINCE JUL 1   5375                      4818    557     5382

 COOLING
  YESTERDAY        0                         0      0        0
  MONTH TO DATE    0                         0      0        0
  SINCE MAR 1      0                         0      0        0
  SINCE JAN 1      0                         0      0        0
..................................................................


WIND (MPH)
  HIGHEST WIND SPEED    20   HIGHEST WIND DIRECTION     S (160)
  HIGHEST GUST SPEED    25   HIGHEST GUST DIRECTION     S (160)
  AVERAGE WIND SPEED    11.8


SKY COVER
  POSSIBLE SUNSHINE  MM
  AVERAGE SKY COVER 1.0


WEATHER CONDITIONS
 THE FOLLOWING WEATHER WAS RECORDED YESTERDAY.
  LIGHT RAIN
  FOG
  FOG W/VISIBILITY <= 1/4 MILE
  HAZE


RELATIVE HUMIDITY (PERCENT)
 HIGHEST    93           100 PM
 LOWEST     64          1000 PM
 AVERAGE    79

..........................................................


THE ERIE PA CLIMATE NORMALS FOR TODAY
                         NORMAL    RECORD    YEAR
 MAXIMUM TEMPERATURE (F)   43        81      1990
 MINIMUM TEMPERATURE (F)   27         6      1993
                                             1960


SUNRISE AND SUNSET
MARCH 15 2015.........SUNRISE   733 AM EDT   SUNSET   727 PM EDT
MARCH 16 2015.........SUNRISE   731 AM EDT   SUNSET   728 PM EDT


-  INDICATES NEGATIVE NUMBERS.
R  INDICATES RECORD WAS SET OR TIED.
MM INDICATES DATA IS MISSING.
T  INDICATES TRACE AMOUNT.




$$
