000
CDUS41 KCLE 150534 CCA
CLIERI

CLIMATE REPORT...CORRECTED
NATIONAL WEATHER SERVICE CLEVELAND OH

1228 AM EST TUE NOV 15 2016


...................................

...THE ERIE PA CLIMATE SUMMARY FOR NOVEMBER 14 2016...

CLIMATE NORMAL PERIOD 1981 TO 2010
CLIMATE RECORD PERIOD 1873 TO 2016


WEATHER ITEM   OBSERVED TIME   RECORD YEAR NORMAL DEPARTURE LAST
                VALUE   (LST)  VALUE       VALUE  FROM      YEAR
                                                  NORMAL
..................................................................
TEMPERATURE (F)
 YESTERDAY
  MAXIMUM         58    446 PM  73    1994  51      7       45
  MINIMUM         38    914 PM  18    1905  37      1       38
  AVERAGE         48                        44      4       42

PRECIPITATION (IN)
  YESTERDAY        0.00                      0.14  -0.14     0.01
  MONTH TO DATE    0.93                      1.81  -0.88     1.79
  SINCE SEP 1     13.13                     10.47   2.66     9.18
  SINCE JAN 1     40.19                     36.30   3.89    32.89

SNOWFALL (IN)
  YESTERDAY        0.0                       0.3   -0.3      0.0
  MONTH TO DATE    0.0                       2.5   -2.5      0.0
  SINCE SEP 1      0.0                       2.7   -2.7       T
  SINCE JUL 1      0.0                       2.7   -2.7       T
  SNOW DEPTH       0

DEGREE DAYS
 HEATING
  YESTERDAY       17                        21     -4       23
  MONTH TO DATE  185                       264    -79      178
  SINCE SEP 1    461                       749   -288      547
  SINCE JUL 1    461                       767   -306      565

 COOLING
  YESTERDAY        0                         0      0        0
  MONTH TO DATE    2                         0      2        4
  SINCE SEP 1    168                        80     88      167
  SINCE JAN 1   1017                       638    379      773
..................................................................


WIND (MPH)
  HIGHEST WIND SPEED    17   HIGHEST WIND DIRECTION    SW (210)
  HIGHEST GUST SPEED    28   HIGHEST GUST DIRECTION    SW (240)
  AVERAGE WIND SPEED     7.4


SKY COVER
  POSSIBLE SUNSHINE  MM
  AVERAGE SKY COVER 0.0


WEATHER CONDITIONS
 THE FOLLOWING WEATHER WAS RECORDED YESTERDAY.
  NO SIGNIFICANT WEATHER WAS OBSERVED.


RELATIVE HUMIDITY (PERCENT)
 HIGHEST    76           900 PM
 LOWEST     32           100 PM
 AVERAGE    54

..........................................................


THE ERIE PA CLIMATE NORMALS FOR TODAY
                         NORMAL    RECORD    YEAR
 MAXIMUM TEMPERATURE (F)   50        73      1927
 MINIMUM TEMPERATURE (F)   37        16      1933


SUNRISE AND SUNSET
NOVEMBER 15 2016......SUNRISE   711 AM EST   SUNSET   459 PM EST
NOVEMBER 16 2016......SUNRISE   713 AM EST   SUNSET   458 PM EST


-  INDICATES NEGATIVE NUMBERS.
R  INDICATES RECORD WAS SET OR TIED.
MM INDICATES DATA IS MISSING.
T  INDICATES TRACE AMOUNT.
CORRECTED SNOW DEPTH TO 0.



$$
