000
CDUS41 KCLE 150533
CLIERI


CLIMATE REPORT
NATIONAL WEATHER SERVICE CLEVELAND OH
1232 AM EST THU JAN 15 2015


...................................

...THE ERIE PA CLIMATE SUMMARY FOR JANUARY 14 2015...

CLIMATE NORMAL PERIOD 1981 TO 2010
CLIMATE RECORD PERIOD 1873 TO 2015


WEATHER ITEM   OBSERVED TIME   RECORD YEAR NORMAL DEPARTURE LAST
                VALUE   (LST)  VALUE       VALUE  FROM      YEAR
                                                  NORMAL
..................................................................
TEMPERATURE (F)
 YESTERDAY
  MAXIMUM         23    129 PM  68    1995  34    -11       46
  MINIMUM          0   1202 AM  -5    1893  21    -21       28
  AVERAGE         12                        27    -15       37

PRECIPITATION (IN)
  YESTERDAY        0.00                      0.10  -0.10     0.02
  MONTH TO DATE    2.75                      1.46   1.29     1.91
  SINCE DEC 1      5.20                      5.20   0.00     7.87
  SINCE JAN 1      2.75                      1.46   1.29     1.91

SNOWFALL (IN)
  YESTERDAY        0.0                       1.0   -1.0      0.0
  MONTH TO DATE   27.7                      14.3   13.4     15.1
  SINCE DEC 1     33.2                      41.8   -8.6     63.1
  SINCE JUL 1     58.2                      50.5    7.7     78.7
  SNOW DEPTH       8

DEGREE DAYS
 HEATING
  YESTERDAY       53                        38     15       28
  MONTH TO DATE  616                       524     92      553
  SINCE DEC 1   1509                      1536    -27     1596
  SINCE JUL 1   2723                      2692     31     2795

 COOLING
  YESTERDAY        0                         0      0        0
  MONTH TO DATE    0                         0      0        0
  SINCE DEC 1      0                         0      0        0
  SINCE JAN 1      0                         0      0        0
..................................................................


WIND (MPH)
  HIGHEST WIND SPEED    17   HIGHEST WIND DIRECTION     S (160)
  HIGHEST GUST SPEED    21   HIGHEST GUST DIRECTION    SE (150)
  AVERAGE WIND SPEED     7.4


SKY COVER
  POSSIBLE SUNSHINE  MM
  AVERAGE SKY COVER 0.2


WEATHER CONDITIONS
 THE FOLLOWING WEATHER WAS RECORDED YESTERDAY.
  FOG


RELATIVE HUMIDITY (PERCENT)
 HIGHEST    84           700 PM
 LOWEST     44           100 PM
 AVERAGE    64

..........................................................


THE ERIE PA CLIMATE NORMALS FOR TODAY
                         NORMAL    RECORD    YEAR
 MAXIMUM TEMPERATURE (F)   34        65      1932
 MINIMUM TEMPERATURE (F)   21        -6      1984
                                             1970


SUNRISE AND SUNSET
JANUARY 15 2015.......SUNRISE   747 AM EST   SUNSET   514 PM EST
JANUARY 16 2015.......SUNRISE   746 AM EST   SUNSET   515 PM EST


-  INDICATES NEGATIVE NUMBERS.
R  INDICATES RECORD WAS SET OR TIED.
MM INDICATES DATA IS MISSING.
T  INDICATES TRACE AMOUNT.




$$
