000
CDUS41 KCLE 302114
CLIERI


CLIMATE REPORT
NATIONAL WEATHER SERVICE CLEVELAND OH
514 PM EDT WED AUG 30 2017


...................................

...THE ERIE PA CLIMATE SUMMARY FOR AUGUST 30 2017...
VALID TODAY AS OF 0500 PM LOCAL TIME.

CLIMATE NORMAL PERIOD 1981 TO 2010
CLIMATE RECORD PERIOD 1873 TO 2017


WEATHER ITEM   OBSERVED TIME   RECORD YEAR NORMAL DEPARTURE LAST
                VALUE   (LST)  VALUE       VALUE  FROM      YEAR
                                                  NORMAL
..................................................................
TEMPERATURE (F)
 TODAY
  MAXIMUM         75    355 PM  94    1953  77     -2       82
  MINIMUM         61    638 AM  44    1965  61      0       61
  AVERAGE         68                        69     -1       72

PRECIPITATION (IN)
  TODAY            0.00                      0.11  -0.11     0.00
  MONTH TO DATE    2.18                      3.36  -1.18     6.11
  SINCE JUN 1     11.38                     10.66   0.72    12.28
  SINCE JAN 1     31.37                     25.72   5.65    25.05

SNOWFALL (IN)
  TODAY            0.0                       0.0    0.0      0.0
  MONTH TO DATE    0.0                       0.0    0.0      0.0
  SINCE JUN 1      0.0                       0.0    0.0      0.0
  SINCE JUL 1      0.0                       0.0    0.0      0.0
  SNOW DEPTH       0

DEGREE DAYS
 HEATING
  TODAY            0                         1     -1        0
  MONTH TO DATE    8                         5      3        0
  SINCE JUN 1     56                        73    -17       40
  SINCE JUL 1      8                        12     -4        0

 COOLING
  TODAY            3                         5     -2        7
  MONTH TO DATE  169                       180    -11      329
  SINCE JUN 1    518                       516      2      767
  SINCE JAN 1    562                       555      7      842
..................................................................


WIND (MPH)
  HIGHEST WIND SPEED    12   HIGHEST WIND DIRECTION     S (160)
  HIGHEST GUST SPEED    15   HIGHEST GUST DIRECTION    NW (330)


SKY COVER
  POSSIBLE SUNSHINE  MM
  AVERAGE SKY COVER 0.6


WEATHER CONDITIONS
 THE FOLLOWING WEATHER WAS RECORDED TODAY.
  NO SIGNIFICANT WEATHER WAS OBSERVED.


RELATIVE HUMIDITY (PERCENT)
 HIGHEST    84           100 AM
 LOWEST     60           200 PM
 AVERAGE    72

..........................................................


THE ERIE PA CLIMATE NORMALS FOR TOMORROW
                         NORMAL    RECORD    YEAR
 MAXIMUM TEMPERATURE (F)   77        93      1881
 MINIMUM TEMPERATURE (F)   61        46      1976


SUNRISE AND SUNSET
AUGUST 30 2017........SUNRISE   644 AM EDT   SUNSET   757 PM EDT
AUGUST 31 2017........SUNRISE   645 AM EDT   SUNSET   756 PM EDT


-  INDICATES NEGATIVE NUMBERS.
R  INDICATES RECORD WAS SET OR TIED.
MM INDICATES DATA IS MISSING.
T  INDICATES TRACE AMOUNT.




$$
