000
CDUS41 KCLE 140528
CLIERI


CLIMATE REPORT
NATIONAL WEATHER SERVICE CLEVELAND OH
1227 AM EST SUN DEC 14 2014


...................................

...THE ERIE PA CLIMATE SUMMARY FOR DECEMBER 13 2014...

CLIMATE NORMAL PERIOD 1981 TO 2010
CLIMATE RECORD PERIOD 1873 TO 2014


WEATHER ITEM   OBSERVED TIME   RECORD YEAR NORMAL DEPARTURE LAST
                VALUE   (LST)  VALUE       VALUE  FROM      YEAR
                                                  NORMAL
..................................................................
TEMPERATURE (F)
 YESTERDAY
  MAXIMUM         39   1159 PM  65    1901  39      0       29
  MINIMUM         32    240 PM  -1    1962  27      5       19
  AVERAGE         36                        33      3       24

PRECIPITATION (IN)
  YESTERDAY        0.00                      0.13  -0.13     0.05
  MONTH TO DATE    1.10                      1.63  -0.53     0.71
  SINCE DEC 1      1.10                      1.63  -0.53     0.71
  SINCE JAN 1     39.33                     40.05  -0.72    49.21

SNOWFALL (IN)
  YESTERDAY        0.0                       0.9   -0.9      1.0
  MONTH TO DATE    3.3                       9.6   -6.3     10.0
  SINCE DEC 1      3.3                       9.6   -6.3     10.0
  SINCE JUL 1     28.3                      18.3   10.0     25.6
  SNOW DEPTH       0

DEGREE DAYS
 HEATING
  YESTERDAY       29                        32     -3       41
  MONTH TO DATE  395                       389      6      436
  SINCE DEC 1    395                       389      6      436
  SINCE JUL 1   1609                      1545     64     1635

 COOLING
  YESTERDAY        0                         0      0        0
  MONTH TO DATE    0                         0      0        0
  SINCE DEC 1      0                         0      0        0
  SINCE JAN 1    603                       638    -35      706
..................................................................


WIND (MPH)
  HIGHEST WIND SPEED    17   HIGHEST WIND DIRECTION    SW (210)
  HIGHEST GUST SPEED    22   HIGHEST GUST DIRECTION     W (270)
  AVERAGE WIND SPEED    10.9


SKY COVER
  POSSIBLE SUNSHINE  MM
  AVERAGE SKY COVER 1.0


WEATHER CONDITIONS
 THE FOLLOWING WEATHER WAS RECORDED YESTERDAY.
  FOG
  HAZE


RELATIVE HUMIDITY (PERCENT)
 HIGHEST    92           900 PM
 LOWEST     82          1200 AM
 AVERAGE    87

..........................................................


THE ERIE PA CLIMATE NORMALS FOR TODAY
                         NORMAL    RECORD    YEAR
 MAXIMUM TEMPERATURE (F)   38        64      1901
 MINIMUM TEMPERATURE (F)   27         3      1914


SUNRISE AND SUNSET
DECEMBER 14 2014......SUNRISE   741 AM EST   SUNSET   450 PM EST
DECEMBER 15 2014......SUNRISE   742 AM EST   SUNSET   450 PM EST


-  INDICATES NEGATIVE NUMBERS.
R  INDICATES RECORD WAS SET OR TIED.
MM INDICATES DATA IS MISSING.
T  INDICATES TRACE AMOUNT.




$$
