000
CDUS41 KCLE 270534
CLIERI


CLIMATE REPORT
NATIONAL WEATHER SERVICE CLEVELAND OH
1233 AM EST FRI JAN 27 2017


...................................

...THE ERIE PA CLIMATE SUMMARY FOR JANUARY 26 2017...

CLIMATE NORMAL PERIOD 1981 TO 2010
CLIMATE RECORD PERIOD 1873 TO 2017


WEATHER ITEM   OBSERVED TIME   RECORD YEAR NORMAL DEPARTURE LAST
                VALUE   (LST)  VALUE       VALUE  FROM      YEAR
                                                  NORMAL
..................................................................
TEMPERATURE (F)
 YESTERDAY
  MAXIMUM         44   1205 AM  70    1950  34     10       47
  MINIMUM         34   1159 PM  -3    1897  20     14       33
                                      1884
  AVERAGE         39                        27     12       40

PRECIPITATION (IN)
  YESTERDAY        0.14                      0.08   0.06     0.03
  MONTH TO DATE    4.03                      2.54   1.49     2.28
  SINCE DEC 1      7.91                      6.28   1.63     6.17
  SINCE JAN 1      4.03                      2.54   1.49     2.28

SNOWFALL (IN)
  YESTERDAY        T                         0.8   -0.8      0.0
  MONTH TO DATE   20.2                      25.4   -5.2     37.2
  SINCE DEC 1     42.4                      52.9  -10.5     42.1
  SINCE JUL 1     44.8                      61.6  -16.8     42.6
  SNOW DEPTH       0

DEGREE DAYS
 HEATING
  YESTERDAY       26                        38    -12       25
  MONTH TO DATE  794                       980   -186      974
  SINCE DEC 1   1787                      1992   -205     1618
  SINCE JUL 1   2567                      3148   -581     2509

 COOLING
  YESTERDAY        0                         0      0        0
  MONTH TO DATE    0                         0      0        0
  SINCE DEC 1      0                         0      0        0
  SINCE JAN 1      0                         0      0        0
..................................................................


WIND (MPH)
  HIGHEST WIND SPEED    25   HIGHEST WIND DIRECTION     W (250)
  HIGHEST GUST SPEED    35   HIGHEST GUST DIRECTION     W (250)
  AVERAGE WIND SPEED    14.8


SKY COVER
  POSSIBLE SUNSHINE  MM
  AVERAGE SKY COVER 1.0


WEATHER CONDITIONS
 THE FOLLOWING WEATHER WAS RECORDED YESTERDAY.
  LIGHT RAIN
  LIGHT SNOW
  FOG


RELATIVE HUMIDITY (PERCENT)
 HIGHEST    92           100 PM
 LOWEST     59           700 AM
 AVERAGE    76

..........................................................


THE ERIE PA CLIMATE NORMALS FOR TODAY
                         NORMAL    RECORD    YEAR
 MAXIMUM TEMPERATURE (F)   34        67      1916
 MINIMUM TEMPERATURE (F)   20        -5      1936


SUNRISE AND SUNSET
JANUARY 27 2017.......SUNRISE   738 AM EST   SUNSET   529 PM EST
JANUARY 28 2017.......SUNRISE   737 AM EST   SUNSET   531 PM EST


-  INDICATES NEGATIVE NUMBERS.
R  INDICATES RECORD WAS SET OR TIED.
MM INDICATES DATA IS MISSING.
T  INDICATES TRACE AMOUNT.




$$
