753
CDUS41 KCLE 090525
CLIERI


CLIMATE REPORT
NATIONAL WEATHER SERVICE CLEVELAND OH
1225 AM EST THU NOV 9 2017


...................................

...THE ERIE PA CLIMATE SUMMARY FOR NOVEMBER 8 2017...

CLIMATE NORMAL PERIOD 1981 TO 2010
CLIMATE RECORD PERIOD 1873 TO 2017


WEATHER ITEM   OBSERVED TIME   RECORD YEAR NORMAL DEPARTURE LAST
                VALUE   (LST)  VALUE       VALUE  FROM      YEAR
                                                  NORMAL
..................................................................
TEMPERATURE (F)
 YESTERDAY
  MAXIMUM         48    259 PM  75    1945  53     -5       64
  MINIMUM         33   1159 PM  25    1976  39     -6       51
  AVERAGE         41                        46     -5       58

PRECIPITATION (IN)
  YESTERDAY        0.00                      0.13  -0.13     0.24
  MONTH TO DATE    4.41                      1.04   3.37     0.86
  SINCE SEP 1     12.54                      9.70   2.84    13.06
  SINCE JAN 1     43.91                     35.53   8.38    40.12

SNOWFALL (IN)
  YESTERDAY        0.0                       0.2   -0.2      0.0
  MONTH TO DATE    0.0                       1.2   -1.2      0.0
  SINCE SEP 1      0.0                       1.4   -1.4      0.0
  SINCE JUL 1      0.0                       1.4   -1.4      0.0
  SNOW DEPTH       0

DEGREE DAYS
 HEATING
  YESTERDAY       24                        19      5        7
  MONTH TO DATE  119                       143    -24       77
  SINCE SEP 1    440                       628   -188      353
  SINCE JUL 1    450                       646   -196      353

 COOLING
  YESTERDAY        0                         0      0        0
  MONTH TO DATE    0                         0      0        2
  SINCE SEP 1    135                        80     55      168
  SINCE JAN 1    697                       638     59     1017
..................................................................


WIND (MPH)
  HIGHEST WIND SPEED     9   HIGHEST WIND DIRECTION    NW (310)
  HIGHEST GUST SPEED    11   HIGHEST GUST DIRECTION     W (290)
  AVERAGE WIND SPEED     3.9


SKY COVER
  POSSIBLE SUNSHINE  MM
  AVERAGE SKY COVER 0.3


WEATHER CONDITIONS
 THE FOLLOWING WEATHER WAS RECORDED YESTERDAY.
  NO SIGNIFICANT WEATHER WAS OBSERVED.


RELATIVE HUMIDITY (PERCENT)
 HIGHEST    82           700 AM
 LOWEST     49          1100 AM
 AVERAGE    66

..........................................................


THE ERIE PA CLIMATE NORMALS FOR TODAY
                         NORMAL    RECORD    YEAR
 MAXIMUM TEMPERATURE (F)   53        73      1999
                                             1891
 MINIMUM TEMPERATURE (F)   39        24      2003
                                             1971


SUNRISE AND SUNSET
NOVEMBER  9 2017......SUNRISE   704 AM EST   SUNSET   505 PM EST
NOVEMBER 10 2017......SUNRISE   705 AM EST   SUNSET   504 PM EST


-  INDICATES NEGATIVE NUMBERS.
R  INDICATES RECORD WAS SET OR TIED.
MM INDICATES DATA IS MISSING.
T  INDICATES TRACE AMOUNT.




$$
