000
CDUS41 KCLE 140528
CLIERI


CLIMATE REPORT
NATIONAL WEATHER SERVICE CLEVELAND OH
128 AM EDT THU MAY 14 2015


...................................

...THE ERIE PA CLIMATE SUMMARY FOR MAY 13 2015...

CLIMATE NORMAL PERIOD 1981 TO 2010
CLIMATE RECORD PERIOD 1873 TO 2015


WEATHER ITEM   OBSERVED TIME   RECORD YEAR NORMAL DEPARTURE LAST
                VALUE   (LST)  VALUE       VALUE  FROM      YEAR
                                                  NORMAL
..................................................................
TEMPERATURE (F)
 YESTERDAY
  MAXIMUM         50   1234 AM  88    2014  66    -16       88
  MINIMUM         40   1159 PM  32    1967  47     -7       66
                                      1895
  AVERAGE         45                        56    -11       77

PRECIPITATION (IN)
  YESTERDAY        0.00                      0.11  -0.11      T
  MONTH TO DATE    0.88                      1.40  -0.52     0.91
  SINCE MAR 1      5.85                      7.68  -1.83     7.90
  SINCE JAN 1     11.61                     13.02  -1.41    13.81

SNOWFALL (IN)
  YESTERDAY        0.0                       0.0    0.0      0.0
  MONTH TO DATE    0.0                       0.0    0.0      0.0
  SINCE MAR 1     10.9                      16.9   -6.0     18.8
  SINCE JUL 1    110.3                     100.9    9.4    138.4
  SNOW DEPTH       0

DEGREE DAYS
 HEATING
  YESTERDAY       20                         9     11        0
  MONTH TO DATE   71                       144    -73      119
  SINCE MAR 1   1647                      1598     49     1788
  SINCE JUL 1   6523                      5963    560     6609

 COOLING
  YESTERDAY        0                         1     -1       12
  MONTH TO DATE   42                         8     34       24
  SINCE MAR 1     42                        15     27       24
  SINCE JAN 1     42                        15     27       24
..................................................................


WIND (MPH)
  HIGHEST WIND SPEED    18   HIGHEST WIND DIRECTION     W (270)
  HIGHEST GUST SPEED    27   HIGHEST GUST DIRECTION     W (270)
  AVERAGE WIND SPEED     8.6


SKY COVER
  POSSIBLE SUNSHINE  MM
  AVERAGE SKY COVER 0.8


WEATHER CONDITIONS
 THE FOLLOWING WEATHER WAS RECORDED YESTERDAY.
  NO SIGNIFICANT WEATHER WAS OBSERVED.


RELATIVE HUMIDITY (PERCENT)
 HIGHEST    82           200 AM
 LOWEST     65           800 AM
 AVERAGE    74

..........................................................


THE ERIE PA CLIMATE NORMALS FOR TODAY
                         NORMAL    RECORD    YEAR
 MAXIMUM TEMPERATURE (F)   66        87      1962
 MINIMUM TEMPERATURE (F)   48        34      2013


SUNRISE AND SUNSET
MAY 14 2015...........SUNRISE   601 AM EDT   SUNSET   833 PM EDT
MAY 15 2015...........SUNRISE   600 AM EDT   SUNSET   834 PM EDT


-  INDICATES NEGATIVE NUMBERS.
R  INDICATES RECORD WAS SET OR TIED.
MM INDICATES DATA IS MISSING.
T  INDICATES TRACE AMOUNT.




$$
