000
CDUS41 KCLE 170533
CLIERI


CLIMATE REPORT
NATIONAL WEATHER SERVICE CLEVELAND OH
132 AM EDT SUN AUG 17 2014


...................................

...THE ERIE PA CLIMATE SUMMARY FOR AUGUST 16 2014...

CLIMATE NORMAL PERIOD 1981 TO 2010
CLIMATE RECORD PERIOD 1873 TO 2014


WEATHER ITEM   OBSERVED TIME   RECORD YEAR NORMAL DEPARTURE LAST
                VALUE   (LST)  VALUE       VALUE  FROM      YEAR
                                                  NORMAL
..................................................................
TEMPERATURE (F)
 YESTERDAY
  MAXIMUM         75    128 PM  94    1938  79     -4       75
  MINIMUM         56    201 AM  47    1979  63     -7       54
                                      1971
  AVERAGE         66                        71     -5       65

PRECIPITATION (IN)
  YESTERDAY        0.11                      0.11   0.00     0.00
  MONTH TO DATE    1.98                      1.83   0.15     2.23
  SINCE JUN 1     10.22                      9.13   1.09    15.13
  SINCE JAN 1     26.37                     24.19   2.18    32.36

SNOWFALL (IN)
  YESTERDAY        0.0                       0.0    0.0      0.0
  MONTH TO DATE    0.0                       0.0    0.0      0.0
  SINCE JUN 1      0.0                       0.0    0.0      0.0
  SINCE JUL 1      0.0                       0.0    0.0      0.0
  SNOW DEPTH       0

DEGREE DAYS
 HEATING
  YESTERDAY        0                         0      0        0
  MONTH TO DATE   11                         0     11        9
  SINCE JUN 1     46                        68    -22       80
  SINCE JUL 1     16                         7      9       12

 COOLING
  YESTERDAY        1                         6     -5        0
  MONTH TO DATE   70                       104    -34       56
  SINCE JUN 1    380                       440    -60      421
  SINCE JAN 1    419                       479    -60      506
..................................................................


WIND (MPH)
  HIGHEST WIND SPEED    17   HIGHEST WIND DIRECTION     W (260)
  HIGHEST GUST SPEED    25   HIGHEST GUST DIRECTION     W (260)
  AVERAGE WIND SPEED     8.9


SKY COVER
  POSSIBLE SUNSHINE  MM
  AVERAGE SKY COVER 0.3


WEATHER CONDITIONS
 THE FOLLOWING WEATHER WAS RECORDED YESTERDAY.
  LIGHT RAIN


RELATIVE HUMIDITY (PERCENT)
 HIGHEST    73           800 PM
 LOWEST     41           300 PM
 AVERAGE    57

..........................................................


THE ERIE PA CLIMATE NORMALS FOR TODAY
                         NORMAL    RECORD    YEAR
 MAXIMUM TEMPERATURE (F)   79        92      1991
                                             1965
 MINIMUM TEMPERATURE (F)   63        48      1971


SUNRISE AND SUNSET
AUGUST 17 2014........SUNRISE   631 AM EDT   SUNSET   818 PM EDT
AUGUST 18 2014........SUNRISE   632 AM EDT   SUNSET   817 PM EDT


-  INDICATES NEGATIVE NUMBERS.
R  INDICATES RECORD WAS SET OR TIED.
MM INDICATES DATA IS MISSING.
T  INDICATES TRACE AMOUNT.




$$
