000
CDUS41 KCLE 012216
CLIERI


CLIMATE REPORT
NATIONAL WEATHER SERVICE CLEVELAND OH
515 PM EST WED MAR 1 2017


...................................

...THE ERIE PA CLIMATE SUMMARY FOR MARCH 1 2017...
VALID TODAY AS OF 0500 PM LOCAL TIME.

CLIMATE NORMAL PERIOD 1981 TO 2010
CLIMATE RECORD PERIOD 1873 TO 2017


WEATHER ITEM   OBSERVED TIME   RECORD YEAR NORMAL DEPARTURE LAST
                VALUE   (LST)  VALUE       VALUE  FROM      YEAR
                                                  NORMAL
..................................................................
TEMPERATURE (F)
 TODAY
  MAXIMUM         63    204 PM  66    1997  39     24       39
  MINIMUM         50    645 AM  -4    1980  23     27       25
  AVERAGE         57                        31     26       32

PRECIPITATION (IN)
  TODAY            0.14                      0.09   0.05     0.21
  MONTH TO DATE    0.14                      0.09   0.05     0.21
  SINCE MAR 1      0.14                      0.09   0.05     0.21
  SINCE JAN 1      7.56                      5.43   2.13     6.42

SNOWFALL (IN)
  TODAY            0.0                       0.6   -0.6       T
  MONTH TO DATE    0.0                       0.6   -0.6       T
  SINCE MAR 1      0.0                       0.6   -0.6       T
  SINCE JUL 1     68.3                      84.6  -16.3     67.2
  SNOW DEPTH       0

DEGREE DAYS
 HEATING
  TODAY            8                        34    -26       33
  MONTH TO DATE    8                        34    -26       33
  SINCE MAR 1      8                        34    -26       33
  SINCE JUL 1   3512                      4399   -887     3631

 COOLING
  TODAY            0                         0      0        0
  MONTH TO DATE    0                         0      0        0
  SINCE MAR 1      0                         0      0        0
  SINCE JAN 1      0                         0      0        0
..................................................................


WIND (MPH)
  HIGHEST WIND SPEED    36   HIGHEST WIND DIRECTION     S (200)
  HIGHEST GUST SPEED    44   HIGHEST GUST DIRECTION     S (200)


SKY COVER
  POSSIBLE SUNSHINE  MM
  AVERAGE SKY COVER 0.9


WEATHER CONDITIONS
 THE FOLLOWING WEATHER WAS RECORDED TODAY.
  LIGHT RAIN
  FOG


RELATIVE HUMIDITY (PERCENT)
 HIGHEST    96           800 AM
 LOWEST     60           200 PM
 AVERAGE    78

..........................................................


THE ERIE PA CLIMATE NORMALS FOR TOMORROW
                         NORMAL    RECORD    YEAR
 MAXIMUM TEMPERATURE (F)   39        70      1991
 MINIMUM TEMPERATURE (F)   23        -9      1980


SUNRISE AND SUNSET
MARCH  1 2017.........SUNRISE   655 AM EST   SUNSET   611 PM EST
MARCH  2 2017.........SUNRISE   654 AM EST   SUNSET   612 PM EST


-  INDICATES NEGATIVE NUMBERS.
R  INDICATES RECORD WAS SET OR TIED.
MM INDICATES DATA IS MISSING.
T  INDICATES TRACE AMOUNT.




$$
