000
CDUS41 KCLE 270545
CLIERI


CLIMATE REPORT
NATIONAL WEATHER SERVICE CLEVELAND OH
145 AM EDT SUN AUG 27 2017


...................................

...THE ERIE PA CLIMATE SUMMARY FOR AUGUST 26 2017...

CLIMATE NORMAL PERIOD 1981 TO 2010
CLIMATE RECORD PERIOD 1873 TO 2017


WEATHER ITEM   OBSERVED TIME   RECORD YEAR NORMAL DEPARTURE LAST
                VALUE   (LST)  VALUE       VALUE  FROM      YEAR
                                                  NORMAL
..................................................................
TEMPERATURE (F)
 YESTERDAY
  MAXIMUM         73    210 PM  92    1948  78     -5       80
  MINIMUM         50    538 AM  47    1958  61    -11       66
                                      1923
  AVERAGE         62                        70     -8       73

PRECIPITATION (IN)
  YESTERDAY        0.00                      0.11  -0.11      T
  MONTH TO DATE    2.18                      2.92  -0.74     6.11
  SINCE JUN 1     11.38                     10.22   1.16    12.28
  SINCE JAN 1     31.37                     25.28   6.09    25.05

SNOWFALL (IN)
  YESTERDAY        0.0                       0.0    0.0      0.0
  MONTH TO DATE    0.0                       0.0    0.0      0.0
  SINCE JUN 1      0.0                       0.0    0.0      0.0
  SINCE JUL 1      0.0                       0.0    0.0      0.0
  SNOW DEPTH       0

DEGREE DAYS
 HEATING
  YESTERDAY        3                         1      2        0
  MONTH TO DATE    8                         1      7        0
  SINCE JUN 1     56                        69    -13       40
  SINCE JUL 1      8                         8      0        0

 COOLING
  YESTERDAY        0                         5     -5        8
  MONTH TO DATE  154                       160     -6      289
  SINCE JUN 1    503                       496      7      727
  SINCE JAN 1    547                       535     12      802
..................................................................


WIND (MPH)
  HIGHEST WIND SPEED    14   HIGHEST WIND DIRECTION    NE (30)
  HIGHEST GUST SPEED    18   HIGHEST GUST DIRECTION     N (20)
  AVERAGE WIND SPEED     6.2


SKY COVER
  POSSIBLE SUNSHINE  MM
  AVERAGE SKY COVER 0.2


WEATHER CONDITIONS
 THE FOLLOWING WEATHER WAS RECORDED YESTERDAY.
  NO SIGNIFICANT WEATHER WAS OBSERVED.


RELATIVE HUMIDITY (PERCENT)
 HIGHEST    83          1200 AM
 LOWEST     44          1100 AM
 AVERAGE    64

..........................................................


THE ERIE PA CLIMATE NORMALS FOR TODAY
                         NORMAL    RECORD    YEAR
 MAXIMUM TEMPERATURE (F)   78        92      1948
 MINIMUM TEMPERATURE (F)   61        47      1954


SUNRISE AND SUNSET
AUGUST 27 2017........SUNRISE   641 AM EDT   SUNSET   802 PM EDT
AUGUST 28 2017........SUNRISE   642 AM EDT   SUNSET   801 PM EDT


-  INDICATES NEGATIVE NUMBERS.
R  INDICATES RECORD WAS SET OR TIED.
MM INDICATES DATA IS MISSING.
T  INDICATES TRACE AMOUNT.




$$
