000
CDUS41 KCLE 290526
CLIERI


CLIMATE REPORT
NATIONAL WEATHER SERVICE CLEVELAND OH
1226 AM EST MON JAN 29 2018


...................................

...THE ERIE PA CLIMATE SUMMARY FOR JANUARY 28 2018...

CLIMATE NORMAL PERIOD 1981 TO 2010
CLIMATE RECORD PERIOD 1873 TO 2018


WEATHER ITEM   OBSERVED TIME   RECORD YEAR NORMAL DEPARTURE LAST
                VALUE   (LST)  VALUE       VALUE  FROM      YEAR
                                                  NORMAL
..................................................................
TEMPERATURE (F)
 YESTERDAY
  MAXIMUM         44   1157 AM  58    1949  34     10       30
                                      1887
  MINIMUM         27   1115 PM -10    1977  20      7       27
  AVERAGE         36                        27      9       29

PRECIPITATION (IN)
  YESTERDAY        0.00                      0.09  -0.09     0.15
  MONTH TO DATE    2.45                      2.71  -0.26     4.29
  SINCE DEC 1     10.00                      6.45   3.55     8.17
  SINCE JAN 1      2.45                      2.71  -0.26     4.29

SNOWFALL (IN)
  YESTERDAY        0.0                       0.8   -0.8      1.8
  MONTH TO DATE   18.2                      27.1   -8.9     23.5
  SINCE DEC 1    139.1                      54.6   84.5     45.7
  SINCE JUL 1    139.6                      63.3   76.3     48.1
  SNOW DEPTH       0

DEGREE DAYS
 HEATING
  YESTERDAY       29                        38     -9       36
  MONTH TO DATE 1087                      1056     31      863
  SINCE DEC 1   2216                      2068    148     1856
  SINCE JUL 1   3213                      3224    -11     2636

 COOLING
  YESTERDAY        0                         0      0        0
  MONTH TO DATE    0                         0      0        0
  SINCE DEC 1      0                         0      0        0
  SINCE JAN 1      0                         0      0        0
..................................................................


WIND (MPH)
  HIGHEST WIND SPEED    14   HIGHEST WIND DIRECTION     W (290)
  HIGHEST GUST SPEED    18   HIGHEST GUST DIRECTION     W (270)
  AVERAGE WIND SPEED     4.4


SKY COVER
  POSSIBLE SUNSHINE  MM
  AVERAGE SKY COVER 0.1


WEATHER CONDITIONS
 THE FOLLOWING WEATHER WAS RECORDED YESTERDAY.
  FOG
  HAZE


RELATIVE HUMIDITY (PERCENT)
 HIGHEST    85           500 AM
 LOWEST     49          1200 PM
 AVERAGE    67

..........................................................


THE ERIE PA CLIMATE NORMALS FOR TODAY
                         NORMAL    RECORD    YEAR
 MAXIMUM TEMPERATURE (F)   34        65      1914
 MINIMUM TEMPERATURE (F)   20       -10      1977


SUNRISE AND SUNSET
JANUARY 29 2018.......SUNRISE   737 AM EST   SUNSET   532 PM EST
JANUARY 30 2018.......SUNRISE   736 AM EST   SUNSET   533 PM EST


-  INDICATES NEGATIVE NUMBERS.
R  INDICATES RECORD WAS SET OR TIED.
MM INDICATES DATA IS MISSING.
T  INDICATES TRACE AMOUNT.




$$
