000
CDUS41 KCLE 302224
CLIERI


CLIMATE REPORT
NATIONAL WEATHER SERVICE CLEVELAND OH
524 PM EST MON JAN 30 2017


...................................

...THE ERIE PA CLIMATE SUMMARY FOR JANUARY 30 2017...
VALID TODAY AS OF 0500 PM LOCAL TIME.

CLIMATE NORMAL PERIOD 1981 TO 2010
CLIMATE RECORD PERIOD 1873 TO 2017


WEATHER ITEM   OBSERVED TIME   RECORD YEAR NORMAL DEPARTURE LAST
                VALUE   (LST)  VALUE       VALUE  FROM      YEAR
                                                  NORMAL
..................................................................
TEMPERATURE (F)
 TODAY
  MAXIMUM         26    301 PM  65    2013  34     -8       50
  MINIMUM         22   1233 PM  -4    1915  20      2       21
  AVERAGE         24                        27     -3       36

PRECIPITATION (IN)
  TODAY            0.21                      0.08   0.13     0.00
  MONTH TO DATE    4.63                      2.87   1.76     2.38
  SINCE DEC 1      8.51                      6.61   1.90     6.27
  SINCE JAN 1      4.63                      2.87   1.76     2.38

SNOWFALL (IN)
  TODAY            5.1                       0.8    4.3      0.0
  MONTH TO DATE   30.5                      28.8    1.7     38.4
  SINCE DEC 1     52.7                      56.3   -3.6     43.3
  SINCE JUL 1     55.1                      65.0   -9.9     43.8
  SNOW DEPTH       0

DEGREE DAYS
 HEATING
  TODAY           41                        38      3       29
  MONTH TO DATE  941                      1132   -191     1106
  SINCE DEC 1   1934                      2144   -210     1750
  SINCE JUL 1   2714                      3300   -586     2641

 COOLING
  TODAY            0                         0      0        0
  MONTH TO DATE    0                         0      0        0
  SINCE DEC 1      0                         0      0        0
  SINCE JAN 1      0                         0      0        0
..................................................................


WIND (MPH)
  HIGHEST WIND SPEED    16   HIGHEST WIND DIRECTION     W (290)
  HIGHEST GUST SPEED    22   HIGHEST GUST DIRECTION    NW (300)


SKY COVER
  POSSIBLE SUNSHINE  MM
  AVERAGE SKY COVER 1.0


WEATHER CONDITIONS
 THE FOLLOWING WEATHER WAS RECORDED TODAY.
  HEAVY SNOW
  SNOW
  LIGHT SNOW
  FOG
  FOG W/VISIBILITY <= 1/4 MILE
  HAZE


RELATIVE HUMIDITY (PERCENT)
 HIGHEST    88           300 AM
 LOWEST     46           400 PM
 AVERAGE    67

..........................................................


THE ERIE PA CLIMATE NORMALS FOR TOMORROW
                         NORMAL    RECORD    YEAR
 MAXIMUM TEMPERATURE (F)   34        63      1916
 MINIMUM TEMPERATURE (F)   20        -6      1899


SUNRISE AND SUNSET
JANUARY 30 2017.......SUNRISE   735 AM EST   SUNSET   533 PM EST
JANUARY 31 2017.......SUNRISE   734 AM EST   SUNSET   535 PM EST


-  INDICATES NEGATIVE NUMBERS.
R  INDICATES RECORD WAS SET OR TIED.
MM INDICATES DATA IS MISSING.
T  INDICATES TRACE AMOUNT.




$$
