000
CDUS41 KCLE 022114
CLIERI


CLIMATE REPORT
NATIONAL WEATHER SERVICE CLEVELAND OH
513 PM EDT TUE AUG 2 2016


...................................

...THE ERIE PA CLIMATE SUMMARY FOR AUGUST 2 2016...
VALID TODAY AS OF 0500 PM LOCAL TIME.

CLIMATE NORMAL PERIOD 1981 TO 2010
CLIMATE RECORD PERIOD 1873 TO 2016


WEATHER ITEM   OBSERVED TIME   RECORD YEAR NORMAL DEPARTURE LAST
                VALUE   (LST)  VALUE       VALUE  FROM      YEAR
                                                  NORMAL
..................................................................
TEMPERATURE (F)
 TODAY
  MAXIMUM         85    323 PM  93    2006  80      5       89
  MINIMUM         65    522 AM  51    1976  64      1       64
                                      1962
  AVERAGE         75                        72      3       77

PRECIPITATION (IN)
  TODAY            0.00                      0.12  -0.12      T
  MONTH TO DATE    0.02                      0.24  -0.22      T
  SINCE JUN 1      6.19                      7.54  -1.35     8.07
  SINCE JAN 1     18.96                     22.60  -3.64    22.26

SNOWFALL (IN)
  TODAY            0.0                       0.0    0.0      0.0
  MONTH TO DATE    0.0                       0.0    0.0      0.0
  SINCE JUN 1      0.0                       0.0    0.0      0.0
  SINCE JUL 1      0.0                       0.0    0.0      0.0
  SNOW DEPTH       0

DEGREE DAYS
 HEATING
  TODAY            0                         0      0        0
  MONTH TO DATE    0                         0      0        0
  SINCE JUN 1     40                        68    -28       49
  SINCE JUL 1      0                         7     -7       12

 COOLING
  TODAY           10                         7      3       12
  MONTH TO DATE   19                        14      5       19
  SINCE JUN 1    457                       350    107      318
  SINCE JAN 1    532                       389    143      430
..................................................................


WIND (MPH)
  HIGHEST WIND SPEED    17   HIGHEST WIND DIRECTION    NE (50)
  HIGHEST GUST SPEED    21   HIGHEST GUST DIRECTION    NE (30)


SKY COVER
  POSSIBLE SUNSHINE  MM
  AVERAGE SKY COVER 0.0


WEATHER CONDITIONS
 THE FOLLOWING WEATHER WAS RECORDED TODAY.
  NO SIGNIFICANT WEATHER WAS OBSERVED.


RELATIVE HUMIDITY (PERCENT)
 HIGHEST    93           300 AM
 LOWEST     40          1100 AM
 AVERAGE    67

..........................................................


THE ERIE PA CLIMATE NORMALS FOR TOMORROW
                         NORMAL    RECORD    YEAR
 MAXIMUM TEMPERATURE (F)   80        93      1944
 MINIMUM TEMPERATURE (F)   64        49      1976
                                             1956


SUNRISE AND SUNSET
AUGUST  2 2016........SUNRISE   615 AM EDT   SUNSET   838 PM EDT
AUGUST  3 2016........SUNRISE   617 AM EDT   SUNSET   837 PM EDT


-  INDICATES NEGATIVE NUMBERS.
R  INDICATES RECORD WAS SET OR TIED.
MM INDICATES DATA IS MISSING.
T  INDICATES TRACE AMOUNT.




$$
