000
CDUS41 KCLE 182111
CLIERI


CLIMATE REPORT
NATIONAL WEATHER SERVICE CLEVELAND OH
510 PM EDT MON APR 18 2016


...................................

...THE ERIE PA CLIMATE SUMMARY FOR APRIL 18 2016...
VALID TODAY AS OF 0500 PM LOCAL TIME.

CLIMATE NORMAL PERIOD 1981 TO 2010
CLIMATE RECORD PERIOD 1873 TO 2016


WEATHER ITEM   OBSERVED TIME   RECORD YEAR NORMAL DEPARTURE LAST
                VALUE   (LST)  VALUE       VALUE  FROM      YEAR
                                                  NORMAL
..................................................................
TEMPERATURE (F)
 TODAY
  MAXIMUM         70    359 PM  85    2013  57     13       68
  MINIMUM         42    443 AM  14    1875  39      3       49
  AVERAGE         56                        48      8       59

PRECIPITATION (IN)
  TODAY            0.00                      0.11  -0.11     0.00
  MONTH TO DATE    1.21                      2.08  -0.87     2.26
  SINCE MAR 1      4.37                      5.03  -0.66     4.26
  SINCE JAN 1     10.58                     10.37   0.21    10.02

SNOWFALL (IN)
  TODAY            0.0                       0.0    0.0      0.0
  MONTH TO DATE    2.9                       2.9    0.0      0.0
  SINCE MAR 1      4.0                      16.6  -12.6     10.9
  SINCE JUL 1     71.2                     100.6  -29.4    110.3
  SNOW DEPTH       0

DEGREE DAYS
 HEATING
  TODAY            9                        17     -8        6
  MONTH TO DATE  426                       364     62      281
  SINCE MAR 1   1102                      1275   -173     1327
  SINCE JUL 1   4700                      5640   -940     6203

 COOLING
  TODAY            0                         0      0        0
  MONTH TO DATE    0                         0      0        0
  SINCE MAR 1      0                         1     -1        0
  SINCE JAN 1      0                         1     -1        0
..................................................................


WIND (MPH)
  HIGHEST WIND SPEED    10   HIGHEST WIND DIRECTION     W (280)
  HIGHEST GUST SPEED    14   HIGHEST GUST DIRECTION     W (280)


SKY COVER
  POSSIBLE SUNSHINE  MM
  AVERAGE SKY COVER 0.0


WEATHER CONDITIONS
 THE FOLLOWING WEATHER WAS RECORDED TODAY.
  NO SIGNIFICANT WEATHER WAS OBSERVED.


RELATIVE HUMIDITY (PERCENT)
 HIGHEST    70           200 AM
 LOWEST     24           200 PM
 AVERAGE    47

..........................................................


THE ERIE PA CLIMATE NORMALS FOR TOMORROW
                         NORMAL    RECORD    YEAR
 MAXIMUM TEMPERATURE (F)   58        84      2008
 MINIMUM TEMPERATURE (F)   39        23      1904
                                             1897
                                             1875


SUNRISE AND SUNSET
APRIL 18 2016.........SUNRISE   635 AM EDT   SUNSET   806 PM EDT
APRIL 19 2016.........SUNRISE   633 AM EDT   SUNSET   807 PM EDT


-  INDICATES NEGATIVE NUMBERS.
R  INDICATES RECORD WAS SET OR TIED.
MM INDICATES DATA IS MISSING.
T  INDICATES TRACE AMOUNT.




$$
