000
CDUS41 KCLE 240533
CLIERI


CLIMATE REPORT
NATIONAL WEATHER SERVICE CLEVELAND OH
132 AM EDT MON MAR 24 2014


...................................

...THE ERIE PA CLIMATE SUMMARY FOR MARCH 23 2014...

CLIMATE NORMAL PERIOD 1981 TO 2010
CLIMATE RECORD PERIOD 1873 TO 2014


WEATHER ITEM   OBSERVED TIME   RECORD YEAR NORMAL DEPARTURE LAST
                VALUE   (LST)  VALUE       VALUE  FROM      YEAR
                                                  NORMAL
..................................................................
TEMPERATURE (F)
 YESTERDAY
  MAXIMUM         30   1239 AM  78    1966  46    -16       35
  MINIMUM         17   1159 PM   4    1885  30    -13       28
  AVERAGE         24                        38    -14       32

PRECIPITATION (IN)
  YESTERDAY        0.05                      0.10  -0.05     0.00
  MONTH TO DATE    1.79                      2.13  -0.34     2.12
  SINCE MAR 1      1.79                      2.13  -0.34     2.12
  SINCE JAN 1      7.70                      7.47   0.23     8.63

SNOWFALL (IN)
  YESTERDAY        0.8                       0.4    0.4      0.0
  MONTH TO DATE   11.1                      11.2   -0.1     20.7
  SINCE MAR 1     11.1                      11.2   -0.1     20.7
  SINCE JUL 1    130.7                      95.2   35.5    100.0
  SNOW DEPTH       T

DEGREE DAYS
 HEATING
  YESTERDAY       41                        27     14       33
  MONTH TO DATE  862                       709    153      768
  SINCE MAR 1    862                       709    153      768
  SINCE JUL 1   5683                      5074    609     4862

 COOLING
  YESTERDAY        0                         0      0        0
  MONTH TO DATE    0                         0      0        0
  SINCE MAR 1      0                         0      0        0
  SINCE JAN 1      0                         0      0        0
..................................................................


WIND (MPH)
  HIGHEST WIND SPEED    15   HIGHEST WIND DIRECTION     N (340)
  HIGHEST GUST SPEED    21   HIGHEST GUST DIRECTION     N (340)
  AVERAGE WIND SPEED     8.4


SKY COVER
  POSSIBLE SUNSHINE  MM
  AVERAGE SKY COVER 0.8


WEATHER CONDITIONS
 THE FOLLOWING WEATHER WAS RECORDED YESTERDAY.
  LIGHT SNOW
  HAZE


RELATIVE HUMIDITY (PERCENT)
 HIGHEST    78           100 AM
 LOWEST     52           200 PM
 AVERAGE    65

..........................................................


THE ERIE PA CLIMATE NORMALS FOR TODAY
                         NORMAL    RECORD    YEAR
 MAXIMUM TEMPERATURE (F)   47        82      1910
 MINIMUM TEMPERATURE (F)   30         3      1888


SUNRISE AND SUNSET
MARCH 24 2014.........SUNRISE   717 AM EDT   SUNSET   737 PM EDT
MARCH 25 2014.........SUNRISE   715 AM EDT   SUNSET   739 PM EDT


-  INDICATES NEGATIVE NUMBERS.
R  INDICATES RECORD WAS SET OR TIED.
MM INDICATES DATA IS MISSING.
T  INDICATES TRACE AMOUNT.




$$
