000
CDUS41 KCLE 140609
CLIERI


CLIMATE REPORT...CORRECTED
NATIONAL WEATHER SERVICE CLEVELAND OH
108 AM EST FRI NOV 14 2014


...................................

...THE ERIE PA CLIMATE SUMMARY FOR NOVEMBER 13 2014...

CLIMATE NORMAL PERIOD 1981 TO 2010
CLIMATE RECORD PERIOD 1873 TO 2014


WEATHER ITEM   OBSERVED TIME   RECORD YEAR NORMAL DEPARTURE LAST
                VALUE   (LST)  VALUE       VALUE  FROM      YEAR
                                                  NORMAL
..................................................................
TEMPERATURE (F)
 YESTERDAY
  MAXIMUM         36    344 AM  71    1989  51    -15       36
  MINIMUM         30   1158 PM  16    1911  38     -8       31
  AVERAGE         33                        44    -11       34

PRECIPITATION (IN)
  YESTERDAY        1.29                      0.13   1.16      T
  MONTH TO DATE    1.83                      1.67   0.16     2.69
  SINCE SEP 1      8.91                     10.33  -1.42    12.88
  SINCE JAN 1     36.62                     36.16   0.46    46.75

SNOWFALL (IN)
  YESTERDAY       12.6                       0.2   12.4       T
  MONTH TO DATE   12.6                       2.2   10.4      3.1
  SINCE SEP 1     12.6                       2.4   10.2      3.4
  SINCE JUL 1     12.6                       2.4   10.2      3.4
  SNOW DEPTH       1

DEGREE DAYS
 HEATING
  YESTERDAY       32                        21     11       31
  MONTH TO DATE  244                       243      1      277
  SINCE SEP 1    673                       728    -55      709
  SINCE JUL 1    691                       746    -55      721

 COOLING
  YESTERDAY        0                         0      0        0
  MONTH TO DATE    0                         0      0        0
  SINCE SEP 1     87                        80      7       85
  SINCE JAN 1    603                       638    -35      706
..................................................................


WIND (MPH)
  HIGHEST WIND SPEED    17   HIGHEST WIND DIRECTION     W (280)
  HIGHEST GUST SPEED    24   HIGHEST GUST DIRECTION     W (290)
  AVERAGE WIND SPEED     8.2


SKY COVER
  POSSIBLE SUNSHINE  MM
  AVERAGE SKY COVER 1.0


WEATHER CONDITIONS
 THE FOLLOWING WEATHER WAS RECORDED YESTERDAY.
  HEAVY SNOW
  SNOW
  LIGHT SNOW
  FOG
  FOG W/VISIBILITY <= 1/4 MILE


RELATIVE HUMIDITY (PERCENT)
 HIGHEST    89           900 AM
 LOWEST     51           900 PM
 AVERAGE    70

..........................................................


THE ERIE PA CLIMATE NORMALS FOR TODAY
                         NORMAL    RECORD    YEAR
 MAXIMUM TEMPERATURE (F)   51        73      1994
 MINIMUM TEMPERATURE (F)   37        18      1905


SUNRISE AND SUNSET
NOVEMBER 14 2014......SUNRISE   710 AM EST   SUNSET   500 PM EST
NOVEMBER 15 2014......SUNRISE   711 AM EST   SUNSET   459 PM EST


-  INDICATES NEGATIVE NUMBERS.
R  INDICATES RECORD WAS SET OR TIED.
MM INDICATES DATA IS MISSING.
T  INDICATES TRACE AMOUNT.




$$
...CORRECTED PRECIPITATION...
