358
CDUS41 KCLE 200545
CLIERI


CLIMATE REPORT
NATIONAL WEATHER SERVICE CLEVELAND OH
145 AM EDT WED MAY 20 2015


...................................

...THE ERIE PA CLIMATE SUMMARY FOR MAY 19 2015...

CLIMATE NORMAL PERIOD 1981 TO 2010
CLIMATE RECORD PERIOD 1873 TO 2015


WEATHER ITEM   OBSERVED TIME   RECORD YEAR NORMAL DEPARTURE LAST
                VALUE   (LST)  VALUE       VALUE  FROM      YEAR
                                                  NORMAL
..................................................................
TEMPERATURE (F)
 YESTERDAY
  MAXIMUM         70    104 AM  90    1996  68      2       66
  MINIMUM         49   1159 PM  35    2002  49      0       47
                                      1954
  AVERAGE         60                        58      2       57

PRECIPITATION (IN)
  YESTERDAY        0.00                      0.11  -0.11     0.00
  MONTH TO DATE    1.55                      2.06  -0.51     2.26
  SINCE MAR 1      6.52                      8.34  -1.82     9.25
  SINCE JAN 1     12.28                     13.68  -1.40    15.16

SNOWFALL (IN)
  YESTERDAY        0.0                       0.0    0.0      0.0
  MONTH TO DATE    0.0                       0.0    0.0      0.0
  SINCE MAR 1     10.9                      16.9   -6.0     18.8
  SINCE JUL 1    110.3                     100.9    9.4    138.4
  SNOW DEPTH       0

DEGREE DAYS
 HEATING
  YESTERDAY        5                         8     -3        8
  MONTH TO DATE   95                       195   -100      186
  SINCE MAR 1   1671                      1649     22     1855
  SINCE JUL 1   6547                      6014    533     6676

 COOLING
  YESTERDAY        0                         1     -1        0
  MONTH TO DATE   60                        14     46       26
  SINCE MAR 1     60                        21     39       26
  SINCE JAN 1     60                        21     39       26
..................................................................


WIND (MPH)
  HIGHEST WIND SPEED    20   HIGHEST WIND DIRECTION     W (260)
  HIGHEST GUST SPEED    26   HIGHEST GUST DIRECTION     W (270)
  AVERAGE WIND SPEED    10.9


SKY COVER
  POSSIBLE SUNSHINE  MM
  AVERAGE SKY COVER 0.7


WEATHER CONDITIONS
 THE FOLLOWING WEATHER WAS RECORDED YESTERDAY.
  NO SIGNIFICANT WEATHER WAS OBSERVED.


RELATIVE HUMIDITY (PERCENT)
 HIGHEST    84          1200 AM
 LOWEST     61           200 PM
 AVERAGE    73

..........................................................


THE ERIE PA CLIMATE NORMALS FOR TODAY
                         NORMAL    RECORD    YEAR
 MAXIMUM TEMPERATURE (F)   68        88      2013
                                             1962
 MINIMUM TEMPERATURE (F)   50        30      2002


SUNRISE AND SUNSET
MAY 20 2015...........SUNRISE   556 AM EDT   SUNSET   839 PM EDT
MAY 21 2015...........SUNRISE   555 AM EDT   SUNSET   840 PM EDT


-  INDICATES NEGATIVE NUMBERS.
R  INDICATES RECORD WAS SET OR TIED.
MM INDICATES DATA IS MISSING.
T  INDICATES TRACE AMOUNT.




$$
