000
CDUS41 KCLE 040527
CLIERI


CLIMATE REPORT
NATIONAL WEATHER SERVICE CLEVELAND OH
1227 AM EST WED MAR 4 2015


...................................

...THE ERIE PA CLIMATE SUMMARY FOR MARCH 3 2015...

CLIMATE NORMAL PERIOD 1981 TO 2010
CLIMATE RECORD PERIOD 1873 TO 2015


WEATHER ITEM   OBSERVED TIME   RECORD YEAR NORMAL DEPARTURE LAST
                VALUE   (LST)  VALUE       VALUE  FROM      YEAR
                                                  NORMAL
..................................................................
TEMPERATURE (F)
 YESTERDAY
  MAXIMUM         41    609 PM  75    1974  39      2        6
  MINIMUM         11   1206 AM  -4    2014  24    -13       -4
  AVERAGE         26                        31     -5        1

PRECIPITATION (IN)
  YESTERDAY        0.34                      0.10   0.24     0.00
  MONTH TO DATE    0.71                      0.28   0.43     0.32
  SINCE MAR 1      0.71                      0.28   0.43     0.32
  SINCE JAN 1      6.47                      5.62   0.85     6.23

SNOWFALL (IN)
  YESTERDAY        0.9                       0.6    0.3      0.0
  MONTH TO DATE    4.4                       1.7    2.7      3.3
  SINCE MAR 1      4.4                       1.7    2.7      3.3
  SINCE JUL 1    104.0                      85.7   18.3    122.9
  SNOW DEPTH      17

DEGREE DAYS
 HEATING
  YESTERDAY       39                        34      5       64
  MONTH TO DATE  130                       102     28      152
  SINCE MAR 1    130                       102     28      152
  SINCE JUL 1   5006                      4467    539     4973

 COOLING
  YESTERDAY        0                         0      0        0
  MONTH TO DATE    0                         0      0        0
  SINCE MAR 1      0                         0      0        0
  SINCE JAN 1      0                         0      0        0
..................................................................


WIND (MPH)
  HIGHEST WIND SPEED    30   HIGHEST WIND DIRECTION     S (180)
  HIGHEST GUST SPEED    40   HIGHEST GUST DIRECTION     S (180)
  AVERAGE WIND SPEED    14.0


SKY COVER
  POSSIBLE SUNSHINE  MM
  AVERAGE SKY COVER 0.8


WEATHER CONDITIONS
 THE FOLLOWING WEATHER WAS RECORDED YESTERDAY.
  LT FREEZING RAIN
  HEAVY SNOW
  SNOW
  LIGHT SNOW
  FOG
  HAZE


RELATIVE HUMIDITY (PERCENT)
 HIGHEST    85           700 PM
 LOWEST     57           900 AM
 AVERAGE    71

..........................................................


THE ERIE PA CLIMATE NORMALS FOR TODAY
                         NORMAL    RECORD    YEAR
 MAXIMUM TEMPERATURE (F)   39        70      1966
 MINIMUM TEMPERATURE (F)   24        -4      2014


SUNRISE AND SUNSET
MARCH  4 2015.........SUNRISE   651 AM EST   SUNSET   614 PM EST
MARCH  5 2015.........SUNRISE   650 AM EST   SUNSET   615 PM EST


-  INDICATES NEGATIVE NUMBERS.
R  INDICATES RECORD WAS SET OR TIED.
MM INDICATES DATA IS MISSING.
T  INDICATES TRACE AMOUNT.




$$
