000
CDUS41 KCLE 270531
CLIERI


CLIMATE REPORT
NATIONAL WEATHER SERVICE CLEVELAND OH
131 AM EDT FRI MAY 27 2016


...................................

...THE ERIE PA CLIMATE SUMMARY FOR MAY 26 2016...

CLIMATE NORMAL PERIOD 1981 TO 2010
CLIMATE RECORD PERIOD 1873 TO 2016


WEATHER ITEM   OBSERVED TIME   RECORD YEAR NORMAL DEPARTURE LAST
                VALUE   (LST)  VALUE       VALUE  FROM      YEAR
                                                  NORMAL
..................................................................
TEMPERATURE (F)
 YESTERDAY
  MAXIMUM         87   1259 PM  90    1944  70     17       84
  MINIMUM         69    600 AM  34    1969  52     17       68
  AVERAGE         78                        61     17       76

PRECIPITATION (IN)
  YESTERDAY        T                         0.11  -0.11     0.06
  MONTH TO DATE    1.56                      2.87  -1.31     1.66
  SINCE MAR 1      6.55                      9.15  -2.60     6.63
  SINCE JAN 1     12.76                     14.49  -1.73    12.39

SNOWFALL (IN)
  YESTERDAY        0.0                       0.0    0.0      0.0
  MONTH TO DATE    T                         0.0    0.0      0.0
  SINCE MAR 1      4.0                      16.9  -12.9     10.9
  SINCE JUL 1     71.2                     100.9  -29.7    110.3
  SNOW DEPTH       0

DEGREE DAYS
 HEATING
  YESTERDAY        0                         6     -6        0
  MONTH TO DATE  269                       241     28      154
  SINCE MAR 1   1572                      1695   -123     1730
  SINCE JUL 1   5170                      6060   -890     6606

 COOLING
  YESTERDAY       13                         2     11       11
  MONTH TO DATE   24                        23      1       82
  SINCE MAR 1     24                        30     -6       82
  SINCE JAN 1     24                        30     -6       82
..................................................................


WIND (MPH)
  HIGHEST WIND SPEED    21   HIGHEST WIND DIRECTION    SW (220)
  HIGHEST GUST SPEED    27   HIGHEST GUST DIRECTION    SW (230)
  AVERAGE WIND SPEED     8.2


SKY COVER
  POSSIBLE SUNSHINE  MM
  AVERAGE SKY COVER 0.3


WEATHER CONDITIONS
 THE FOLLOWING WEATHER WAS RECORDED YESTERDAY.
  LIGHT RAIN


RELATIVE HUMIDITY (PERCENT)
 HIGHEST    73           900 PM
 LOWEST     48          1200 PM
 AVERAGE    61

..........................................................


THE ERIE PA CLIMATE NORMALS FOR TODAY
                         NORMAL    RECORD    YEAR
 MAXIMUM TEMPERATURE (F)   70        87      1955
 MINIMUM TEMPERATURE (F)   52        35      1969


SUNRISE AND SUNSET
MAY 27 2016...........SUNRISE   550 AM EDT   SUNSET   846 PM EDT
MAY 28 2016...........SUNRISE   549 AM EDT   SUNSET   847 PM EDT


-  INDICATES NEGATIVE NUMBERS.
R  INDICATES RECORD WAS SET OR TIED.
MM INDICATES DATA IS MISSING.
T  INDICATES TRACE AMOUNT.




$$
