000
CDUS41 KCLE 282215
CLIERI


CLIMATE REPORT
NATIONAL WEATHER SERVICE CLEVELAND OH
514 PM EST THU DEC 28 2017


...................................

...THE ERIE PA CLIMATE SUMMARY FOR DECEMBER 28 2017...
VALID TODAY AS OF 0500 PM LOCAL TIME.

CLIMATE NORMAL PERIOD 1981 TO 2010
CLIMATE RECORD PERIOD 1873 TO 2017


WEATHER ITEM   OBSERVED TIME   RECORD YEAR NORMAL DEPARTURE LAST
                VALUE   (LST)  VALUE       VALUE  FROM      YEAR
                                                  NORMAL
..................................................................
TEMPERATURE (F)
 TODAY
  MAXIMUM         16    152 PM  70    1982  35    -19       37
  MINIMUM         10    911 AM   1    1924  23    -13       30
  AVERAGE         13                        29    -16       34

PRECIPITATION (IN)
  TODAY            T                         0.11  -0.11     0.00
  MONTH TO DATE    6.57                      3.40   3.17     3.74
  SINCE DEC 1      6.57                      3.40   3.17     3.74
  SINCE JAN 1     52.54                     41.82  10.72    45.52

SNOWFALL (IN)
  TODAY            T                         1.1   -1.1      0.0
  MONTH TO DATE  103.1                      24.3   78.8     20.8
  SINCE DEC 1    103.1                      24.3   78.8     20.8
  SINCE JUL 1    103.6                      33.0   70.6     23.2
  SNOW DEPTH      15

DEGREE DAYS
 HEATING
  TODAY           52                        36     16       31
  MONTH TO DATE  977                       904     73      900
  SINCE DEC 1    977                       904     73      900
  SINCE JUL 1   1974                      2060    -86     1680

 COOLING
  TODAY            0                         0      0        0
  MONTH TO DATE    0                         0      0        0
  SINCE DEC 1      0                         0      0        0
  SINCE JAN 1    697                       638     59     1017
..................................................................


WIND (MPH)
  HIGHEST WIND SPEED    14   HIGHEST WIND DIRECTION     N (360)
  HIGHEST GUST SPEED    22   HIGHEST GUST DIRECTION     N (350)


SKY COVER
  POSSIBLE SUNSHINE  MM
  AVERAGE SKY COVER 0.8


WEATHER CONDITIONS
 THE FOLLOWING WEATHER WAS RECORDED TODAY.
  LIGHT SNOW
  HAZE


RELATIVE HUMIDITY (PERCENT)
 HIGHEST    73           900 AM
 LOWEST     59           100 PM
 AVERAGE    66

..........................................................


THE ERIE PA CLIMATE NORMALS FOR TOMORROW
                         NORMAL    RECORD    YEAR
 MAXIMUM TEMPERATURE (F)   35        70      1889
 MINIMUM TEMPERATURE (F)   23        -8      1880


SUNRISE AND SUNSET
DECEMBER 28 2017......SUNRISE   748 AM EST   SUNSET   457 PM EST
DECEMBER 29 2017......SUNRISE   749 AM EST   SUNSET   457 PM EST


-  INDICATES NEGATIVE NUMBERS.
R  INDICATES RECORD WAS SET OR TIED.
MM INDICATES DATA IS MISSING.
T  INDICATES TRACE AMOUNT.




$$
