000
CDUS41 KCLE 130533
CLIERI


CLIMATE REPORT
NATIONAL WEATHER SERVICE CLEVELAND OH
1232 AM EST TUE JAN 13 2015


...................................

...THE ERIE PA CLIMATE SUMMARY FOR JANUARY 12 2015...

CLIMATE NORMAL PERIOD 1981 TO 2010
CLIMATE RECORD PERIOD 1873 TO 2015


WEATHER ITEM   OBSERVED TIME   RECORD YEAR NORMAL DEPARTURE LAST
                VALUE   (LST)  VALUE       VALUE  FROM      YEAR
                                                  NORMAL
..................................................................
TEMPERATURE (F)
 YESTERDAY
  MAXIMUM         33    251 AM  68    1890  34     -1       40
  MINIMUM         21   1159 PM  -8    1918  21      0       32
  AVERAGE         27                        27      0       36

PRECIPITATION (IN)
  YESTERDAY        0.43                      0.10   0.33      T
  MONTH TO DATE    2.75                      1.27   1.48     1.67
  SINCE DEC 1      5.20                      5.01   0.19     7.63
  SINCE JAN 1      2.75                      1.27   1.48     1.67

SNOWFALL (IN)
  YESTERDAY        4.1                       1.1    3.0      0.0
  MONTH TO DATE   27.1                      12.3   14.8     15.1
  SINCE DEC 1     32.6                      39.8   -7.2     63.1
  SINCE JUL 1     57.6                      48.5    9.1     78.7
  SNOW DEPTH       7

DEGREE DAYS
 HEATING
  YESTERDAY       38                        38      0       29
  MONTH TO DATE  508                       448     60      505
  SINCE DEC 1   1401                      1460    -59     1548
  SINCE JUL 1   2615                      2616     -1     2747

 COOLING
  YESTERDAY        0                         0      0        0
  MONTH TO DATE    0                         0      0        0
  SINCE DEC 1      0                         0      0        0
  SINCE JAN 1      0                         0      0        0
..................................................................


WIND (MPH)
  HIGHEST WIND SPEED    20   HIGHEST WIND DIRECTION    NE (30)
  HIGHEST GUST SPEED    26   HIGHEST GUST DIRECTION    NE (30)
  AVERAGE WIND SPEED     9.1


SKY COVER
  POSSIBLE SUNSHINE  MM
  AVERAGE SKY COVER 1.0


WEATHER CONDITIONS
 THE FOLLOWING WEATHER WAS RECORDED YESTERDAY.
  SNOW
  LIGHT SNOW
  FOG
  FOG W/VISIBILITY <= 1/4 MILE
  HAZE


RELATIVE HUMIDITY (PERCENT)
 HIGHEST    92           700 AM
 LOWEST     65          1000 PM
 AVERAGE    79

..........................................................


THE ERIE PA CLIMATE NORMALS FOR TODAY
                         NORMAL    RECORD    YEAR
 MAXIMUM TEMPERATURE (F)   34        70      2005
 MINIMUM TEMPERATURE (F)   21        -9      1912


SUNRISE AND SUNSET
JANUARY 13 2015.......SUNRISE   747 AM EST   SUNSET   512 PM EST
JANUARY 14 2015.......SUNRISE   747 AM EST   SUNSET   513 PM EST


-  INDICATES NEGATIVE NUMBERS.
R  INDICATES RECORD WAS SET OR TIED.
MM INDICATES DATA IS MISSING.
T  INDICATES TRACE AMOUNT.




$$
