000
CDUS41 KCLE 242216
CLIERI


CLIMATE REPORT
NATIONAL WEATHER SERVICE CLEVELAND OH
515 PM EST SAT DEC 24 2016


...................................

...THE ERIE PA CLIMATE SUMMARY FOR DECEMBER 24 2016...
VALID TODAY AS OF 0500 PM LOCAL TIME.

CLIMATE NORMAL PERIOD 1981 TO 2010
CLIMATE RECORD PERIOD 1873 TO 2016


WEATHER ITEM   OBSERVED TIME   RECORD YEAR NORMAL DEPARTURE LAST
                VALUE   (LST)  VALUE       VALUE  FROM      YEAR
                                                  NORMAL
..................................................................
TEMPERATURE (F)
 TODAY
  MAXIMUM         43    427 AM  66    1964  36      7       62
  MINIMUM         37    359 PM  -3    1983  24     13       37
  AVERAGE         40                        30     10       50

PRECIPITATION (IN)
  TODAY            0.12                      0.12   0.00     0.04
  MONTH TO DATE    3.41                      2.94   0.47     1.93
  SINCE DEC 1      3.41                      2.94   0.47     1.93
  SINCE JAN 1     45.19                     41.36   3.83    35.41

SNOWFALL (IN)
  TODAY            0.0                       1.0   -1.0      0.0
  MONTH TO DATE   20.8                      20.1    0.7      4.3
  SINCE DEC 1     20.8                      20.1    0.7      4.3
  SINCE JUL 1     23.2                      28.8   -5.6      4.8
  SNOW DEPTH       1

DEGREE DAYS
 HEATING
  TODAY           25                        35    -10       15
  MONTH TO DATE  796                       761     35      476
  SINCE DEC 1    796                       761     35      476
  SINCE JUL 1   1576                      1917   -341     1367

 COOLING
  TODAY            0                         0      0        0
  MONTH TO DATE    0                         0      0        0
  SINCE DEC 1      0                         0      0        0
  SINCE JAN 1   1017                       638    379      773
..................................................................


WIND (MPH)
  HIGHEST WIND SPEED    23   HIGHEST WIND DIRECTION     S (180)
  HIGHEST GUST SPEED    31   HIGHEST GUST DIRECTION     S (180)


SKY COVER
  POSSIBLE SUNSHINE  MM
  AVERAGE SKY COVER 1.0


WEATHER CONDITIONS
 THE FOLLOWING WEATHER WAS RECORDED TODAY.
  LIGHT RAIN
  FOG


RELATIVE HUMIDITY (PERCENT)
 HIGHEST    92           900 AM
 LOWEST     46          1200 AM
 AVERAGE    69

..........................................................


THE ERIE PA CLIMATE NORMALS FOR TOMORROW
                         NORMAL    RECORD    YEAR
 MAXIMUM TEMPERATURE (F)   36        66      1964
 MINIMUM TEMPERATURE (F)   24        -3      1983


SUNRISE AND SUNSET
DECEMBER 24 2016......SUNRISE   747 AM EST   SUNSET   454 PM EST
DECEMBER 25 2016......SUNRISE   748 AM EST   SUNSET   455 PM EST


-  INDICATES NEGATIVE NUMBERS.
R  INDICATES RECORD WAS SET OR TIED.
MM INDICATES DATA IS MISSING.
T  INDICATES TRACE AMOUNT.




$$
