000
CDUS41 KCLE 282125
CLIERI


CLIMATE REPORT
NATIONAL WEATHER SERVICE CLEVELAND OH
525 PM EDT SAT JUN 28 2014


...................................

...THE ERIE PA CLIMATE SUMMARY FOR JUNE 28 2014...
VALID TODAY AS OF 0500 PM LOCAL TIME.

CLIMATE NORMAL PERIOD 1981 TO 2010
CLIMATE RECORD PERIOD 1873 TO 2014


WEATHER ITEM   OBSERVED TIME   RECORD YEAR NORMAL DEPARTURE LAST
                VALUE   (LST)  VALUE       VALUE  FROM      YEAR
                                                  NORMAL
..................................................................
TEMPERATURE (F)
 TODAY
  MAXIMUM         85    157 PM  94    1944  79      6       75
                                      1934
  MINIMUM         69    539 AM  46    1970  62      7       64
  AVERAGE         77                        70      7       70

PRECIPITATION (IN)
  TODAY            0.00                      0.12  -0.12     0.10
  MONTH TO DATE    4.19                      3.51   0.68     6.50
  SINCE JUN 1      4.19                      3.51   0.68     6.50
  SINCE JAN 1     20.34                     18.57   1.77    23.73

SNOWFALL (IN)
  TODAY            0.0                       0.0    0.0      0.0
  MONTH TO DATE    0.0                       0.0    0.0      0.0
  SINCE JUN 1      0.0                       0.0    0.0      0.0
  SINCE JUL 1    138.4                     100.9   37.5    105.5
  SNOW DEPTH       0

DEGREE DAYS
 HEATING
  TODAY            0                         1     -1        0
  MONTH TO DATE   30                        60    -30       68
  SINCE JUN 1     30                        60    -30       68
  SINCE JUL 1   6757                      6146    611     5880

 COOLING
  TODAY           12                         6      6        5
  MONTH TO DATE  136                       111     25      110
  SINCE JUN 1    136                       111     25      110
  SINCE JAN 1    175                       150     25      195
..................................................................


WIND (MPH)
  HIGHEST WIND SPEED    14   HIGHEST WIND DIRECTION     S (170)
  HIGHEST GUST SPEED    21   HIGHEST GUST DIRECTION     S (170)


SKY COVER
  POSSIBLE SUNSHINE  MM
  AVERAGE SKY COVER 0.1


WEATHER CONDITIONS
 THE FOLLOWING WEATHER WAS RECORDED TODAY.
  NO SIGNIFICANT WEATHER WAS OBSERVED.


RELATIVE HUMIDITY (PERCENT)
 HIGHEST    78          1200 AM
 LOWEST     55          1100 AM
 AVERAGE    67

..........................................................


THE ERIE PA CLIMATE NORMALS FOR TOMORROW
                         NORMAL    RECORD    YEAR
 MAXIMUM TEMPERATURE (F)   79        90      1948
                                             1947
                                             1934
 MINIMUM TEMPERATURE (F)   62        49      1919
                                             1885


SUNRISE AND SUNSET
JUNE 28 2014..........SUNRISE   547 AM EDT   SUNSET   901 PM EDT
JUNE 29 2014..........SUNRISE   548 AM EDT   SUNSET   901 PM EDT


-  INDICATES NEGATIVE NUMBERS.
R  INDICATES RECORD WAS SET OR TIED.
MM INDICATES DATA IS MISSING.
T  INDICATES TRACE AMOUNT.




$$
