000
CDUS41 KCLE 150531
CLIERI


CLIMATE REPORT
NATIONAL WEATHER SERVICE CLEVELAND OH
129 AM EDT TUE APR 15 2014


...................................

...THE ERIE PA CLIMATE SUMMARY FOR APRIL 14 2014...

CLIMATE NORMAL PERIOD 1981 TO 2010
CLIMATE RECORD PERIOD 1873 TO 2014


WEATHER ITEM   OBSERVED TIME   RECORD YEAR NORMAL DEPARTURE LAST
                VALUE   (LST)  VALUE       VALUE  FROM      YEAR
                                                  NORMAL
..................................................................
TEMPERATURE (F)
 YESTERDAY
  MAXIMUM         74    953 AM  86    1883  56     18       44
  MINIMUM         40   1124 PM  21    1975  38      2       36
                                      1950
  AVERAGE         57                        47     10       40

PRECIPITATION (IN)
  YESTERDAY        0.35                      0.12   0.23     0.00
  MONTH TO DATE    2.00                      1.64   0.36     1.23
  SINCE MAR 1      5.17                      4.59   0.58     3.83
  SINCE JAN 1     11.08                      9.93   1.15    10.34

SNOWFALL (IN)
  YESTERDAY        0.0                       0.1   -0.1      0.0
  MONTH TO DATE    T                         2.5   -2.5       T
  SINCE MAR 1     17.6                      16.2    1.4     25.2
  SINCE JUL 1    137.2                     100.2   37.0    104.5
  SNOW DEPTH       0

DEGREE DAYS
 HEATING
  YESTERDAY        8                        18    -10       25
  MONTH TO DATE  249                       294    -45      335
  SINCE MAR 1   1388                      1205    183     1330
  SINCE JUL 1   6209                      5570    639     5424

 COOLING
  YESTERDAY        0                         0      0        0
  MONTH TO DATE    0                         0      0        0
  SINCE MAR 1      0                         1     -1        0
  SINCE JAN 1      0                         1     -1        0
..................................................................


WIND (MPH)
  HIGHEST WIND SPEED    31   HIGHEST WIND DIRECTION    SW (210)
  HIGHEST GUST SPEED    45   HIGHEST GUST DIRECTION    SW (210)
  AVERAGE WIND SPEED    14.2


SKY COVER
  POSSIBLE SUNSHINE  MM
  AVERAGE SKY COVER 0.5


WEATHER CONDITIONS
 THE FOLLOWING WEATHER WAS RECORDED YESTERDAY.
  HEAVY RAIN
  RAIN
  LIGHT RAIN
  FOG


RELATIVE HUMIDITY (PERCENT)
 HIGHEST    86           400 PM
 LOWEST     33           200 AM
 AVERAGE    60

..........................................................


THE ERIE PA CLIMATE NORMALS FOR TODAY
                         NORMAL    RECORD    YEAR
 MAXIMUM TEMPERATURE (F)   56        85      1993
 MINIMUM TEMPERATURE (F)   38        20      1926


SUNRISE AND SUNSET
APRIL 15 2014.........SUNRISE   640 AM EDT   SUNSET   802 PM EDT
APRIL 16 2014.........SUNRISE   639 AM EDT   SUNSET   803 PM EDT


-  INDICATES NEGATIVE NUMBERS.
R  INDICATES RECORD WAS SET OR TIED.
MM INDICATES DATA IS MISSING.
T  INDICATES TRACE AMOUNT.




$$
