000
CDUS41 KCLE 210537
CLIERI


CLIMATE REPORT
NATIONAL WEATHER SERVICE CLEVELAND OH
125 AM EDT FRI APR 21 2017


...................................

...THE ERIE PA CLIMATE SUMMARY FOR APRIL 20 2017...

CLIMATE NORMAL PERIOD 1981 TO 2010
CLIMATE RECORD PERIOD 1873 TO 2017


WEATHER ITEM   OBSERVED TIME   RECORD YEAR NORMAL DEPARTURE LAST
                VALUE   (LST)  VALUE       VALUE  FROM      YEAR
                                                  NORMAL
..................................................................
TEMPERATURE (F)
 YESTERDAY
  MAXIMUM         63   1058 AM  82    1992  58      5       61
                                      1941
  MINIMUM         45    634 PM  23    1904  40      5       37
  AVERAGE         54                        49      5       49

PRECIPITATION (IN)
  YESTERDAY        1.01                      0.10   0.91     0.00
  MONTH TO DATE    2.94                      2.29   0.65     1.21
  SINCE MAR 1      7.03                      5.24   1.79     4.37
  SINCE JAN 1     14.45                     10.58   3.87    10.58

SNOWFALL (IN)
  YESTERDAY        0.0                       0.0    0.0      0.0
  MONTH TO DATE    0.5                       3.0   -2.5      2.9
  SINCE MAR 1     10.3                      16.7   -6.4      4.0
  SINCE JUL 1     78.6                     100.7  -22.1     71.2
  SNOW DEPTH       0

DEGREE DAYS
 HEATING
  YESTERDAY       11                        16     -5       16
  MONTH TO DATE  271                       397   -126      456
  SINCE MAR 1   1167                      1308   -141     1132
  SINCE JUL 1   4671                      5673  -1002     4730

 COOLING
  YESTERDAY        0                         0      0        0
  MONTH TO DATE    4                         0      4        0
  SINCE MAR 1      4                         1      3        0
  SINCE JAN 1      4                         1      3        0
..................................................................


WIND (MPH)
  HIGHEST WIND SPEED    23   HIGHEST WIND DIRECTION     N (340)
  HIGHEST GUST SPEED    31   HIGHEST GUST DIRECTION     N (350)
  AVERAGE WIND SPEED     7.4


SKY COVER
  POSSIBLE SUNSHINE  MM
  AVERAGE SKY COVER 0.7


WEATHER CONDITIONS
 THE FOLLOWING WEATHER WAS RECORDED YESTERDAY.
  THUNDERSTORM
  HEAVY RAIN
  RAIN
  LIGHT RAIN
  FOG
  HAZE


RELATIVE HUMIDITY (PERCENT)
 HIGHEST   100          1200 AM
 LOWEST     80           300 PM
 AVERAGE    90

..........................................................


THE ERIE PA CLIMATE NORMALS FOR TODAY
                         NORMAL    RECORD    YEAR
 MAXIMUM TEMPERATURE (F)   58        80      1954
                                             1923
 MINIMUM TEMPERATURE (F)   40        22      1981


SUNRISE AND SUNSET
APRIL 21 2017.........SUNRISE   630 AM EDT   SUNSET   809 PM EDT
APRIL 22 2017.........SUNRISE   629 AM EDT   SUNSET   810 PM EDT


-  INDICATES NEGATIVE NUMBERS.
R  INDICATES RECORD WAS SET OR TIED.
MM INDICATES DATA IS MISSING.
T  INDICATES TRACE AMOUNT.




$$
