000
CDUS41 KCLE 290537
CLIERI


CLIMATE REPORT
NATIONAL WEATHER SERVICE CLEVELAND OH
136 AM EDT FRI MAY 29 2015


...................................

...THE ERIE PA CLIMATE SUMMARY FOR MAY 28 2015...

CLIMATE NORMAL PERIOD 1981 TO 2010
CLIMATE RECORD PERIOD 1873 TO 2015


WEATHER ITEM   OBSERVED TIME   RECORD YEAR NORMAL DEPARTURE LAST
                VALUE   (LST)  VALUE       VALUE  FROM      YEAR
                                                  NORMAL
..................................................................
TEMPERATURE (F)
 YESTERDAY
  MAXIMUM         76    359 PM  90    1911  70      6       69
  MINIMUM         59    616 AM  39    1974  52      7       56
                                      1970
                                      1907
  AVERAGE         68                        61      7       63

PRECIPITATION (IN)
  YESTERDAY        T                         0.11  -0.11     0.05
  MONTH TO DATE    2.03                      3.09  -1.06     3.25
  SINCE MAR 1      7.00                      9.37  -2.37    10.24
  SINCE JAN 1     12.76                     14.71  -1.95    16.15

SNOWFALL (IN)
  YESTERDAY        0.0                       0.0    0.0      0.0
  MONTH TO DATE    0.0                       0.0    0.0      0.0
  SINCE MAR 1     10.9                      16.9   -6.0     18.8
  SINCE JUL 1    110.3                     100.9    9.4    138.4
  SNOW DEPTH       0

DEGREE DAYS
 HEATING
  YESTERDAY        0                         5     -5        2
  MONTH TO DATE  154                       252    -98      224
  SINCE MAR 1   1730                      1706     24     1893
  SINCE JUL 1   6606                      6071    535     6714

 COOLING
  YESTERDAY        3                         2      1        0
  MONTH TO DATE   94                        27     67       39
  SINCE MAR 1     94                        34     60       39
  SINCE JAN 1     94                        34     60       39
..................................................................


WIND (MPH)
  HIGHEST WIND SPEED    12   HIGHEST WIND DIRECTION     S (190)
  HIGHEST GUST SPEED    MM   HIGHEST GUST DIRECTION    MM
  AVERAGE WIND SPEED     5.6


SKY COVER
  POSSIBLE SUNSHINE  MM
  AVERAGE SKY COVER 0.2


WEATHER CONDITIONS
 THE FOLLOWING WEATHER WAS RECORDED YESTERDAY.
  LIGHT RAIN


RELATIVE HUMIDITY (PERCENT)
 HIGHEST    90           400 AM
 LOWEST     38           400 PM
 AVERAGE    64

..........................................................


THE ERIE PA CLIMATE NORMALS FOR TODAY
                         NORMAL    RECORD    YEAR
 MAXIMUM TEMPERATURE (F)   71        87      1987
                                             1942
 MINIMUM TEMPERATURE (F)   53        35      1889


SUNRISE AND SUNSET
MAY 29 2015...........SUNRISE   549 AM EDT   SUNSET   848 PM EDT
MAY 30 2015...........SUNRISE   549 AM EDT   SUNSET   848 PM EDT


-  INDICATES NEGATIVE NUMBERS.
R  INDICATES RECORD WAS SET OR TIED.
MM INDICATES DATA IS MISSING.
T  INDICATES TRACE AMOUNT.




$$
