000
CDUS41 KCLE 280530
CLIERI


CLIMATE REPORT
NATIONAL WEATHER SERVICE CLEVELAND OH
129 AM EDT SAT MAR 28 2015


...................................

...THE ERIE PA CLIMATE SUMMARY FOR MARCH 27 2015...

CLIMATE NORMAL PERIOD 1981 TO 2010
CLIMATE RECORD PERIOD 1873 TO 2015


WEATHER ITEM   OBSERVED TIME   RECORD YEAR NORMAL DEPARTURE LAST
                VALUE   (LST)  VALUE       VALUE  FROM      YEAR
                                                  NORMAL
..................................................................
TEMPERATURE (F)
 YESTERDAY
  MAXIMUM         34    138 AM  80    1998  48    -14       47
  MINIMUM         18   1159 PM  13    1982  31    -13       16
  AVERAGE         26                        40    -14       32

PRECIPITATION (IN)
  YESTERDAY        0.02                      0.10  -0.08     0.21
  MONTH TO DATE    1.50                      2.53  -1.03     2.13
  SINCE MAR 1      1.50                      2.53  -1.03     2.13
  SINCE JAN 1      7.26                      7.87  -0.61     8.04

SNOWFALL (IN)
  YESTERDAY        0.3                       0.4   -0.1      0.0
  MONTH TO DATE    5.5                      12.6   -7.1     13.4
  SINCE MAR 1      5.5                      12.6   -7.1     13.4
  SINCE JUL 1    104.9                      96.6    8.3    133.0
  SNOW DEPTH       T

DEGREE DAYS
 HEATING
  YESTERDAY       39                        25     14       33
  MONTH TO DATE  911                       813     98     1025
  SINCE MAR 1    911                       813     98     1025
  SINCE JUL 1   5787                      5178    609     5846

 COOLING
  YESTERDAY        0                         0      0        0
  MONTH TO DATE    0                         0      0        0
  SINCE MAR 1      0                         0      0        0
  SINCE JAN 1      0                         0      0        0
..................................................................


WIND (MPH)
  HIGHEST WIND SPEED    15   HIGHEST WIND DIRECTION    NW (300)
  HIGHEST GUST SPEED    21   HIGHEST GUST DIRECTION    NW (320)
  AVERAGE WIND SPEED     9.8


SKY COVER
  POSSIBLE SUNSHINE  MM
  AVERAGE SKY COVER 1.0


WEATHER CONDITIONS
 THE FOLLOWING WEATHER WAS RECORDED YESTERDAY.
  LIGHT SNOW
  FOG
  HAZE


RELATIVE HUMIDITY (PERCENT)
 HIGHEST    89          1200 AM
 LOWEST     65           700 PM
 AVERAGE    77

..........................................................


THE ERIE PA CLIMATE NORMALS FOR TODAY
                         NORMAL    RECORD    YEAR
 MAXIMUM TEMPERATURE (F)   49        82      1945
 MINIMUM TEMPERATURE (F)   32        10      1923


SUNRISE AND SUNSET
MARCH 28 2015.........SUNRISE   711 AM EDT   SUNSET   742 PM EDT
MARCH 29 2015.........SUNRISE   709 AM EDT   SUNSET   743 PM EDT


-  INDICATES NEGATIVE NUMBERS.
R  INDICATES RECORD WAS SET OR TIED.
MM INDICATES DATA IS MISSING.
T  INDICATES TRACE AMOUNT.




$$
