000
CDUS41 KCLE 130532
CLIERI


CLIMATE REPORT
NATIONAL WEATHER SERVICE CLEVELAND OH
1231 AM EST SAT FEB 13 2016


...................................

...THE ERIE PA CLIMATE SUMMARY FOR FEBRUARY 12 2016...

CLIMATE NORMAL PERIOD 1981 TO 2010
CLIMATE RECORD PERIOD 1873 TO 2016


WEATHER ITEM   OBSERVED TIME   RECORD YEAR NORMAL DEPARTURE LAST
                VALUE   (LST)  VALUE       VALUE  FROM      YEAR
                                                  NORMAL
..................................................................
TEMPERATURE (F)
 YESTERDAY
  MAXIMUM         23    210 PM  69    1999  35    -12       30
  MINIMUM         12    241 AM -10    1917  21     -9        6
  AVERAGE         18                        28    -10       18

PRECIPITATION (IN)
  YESTERDAY        0.12                      0.08   0.04     0.07
  MONTH TO DATE    1.52                      0.99   0.53     1.28
  SINCE DEC 1      7.79                      7.68   0.11     7.47
  SINCE JAN 1      3.90                      3.94  -0.04     5.02

SNOWFALL (IN)
  YESTERDAY        3.8                       0.6    3.2      1.0
  MONTH TO DATE   12.5                       8.4    4.1     19.0
  SINCE DEC 1     55.8                      65.5   -9.7     61.9
  SINCE JUL 1     56.3                      74.2  -17.9     86.9
  SNOW DEPTH       3

DEGREE DAYS
 HEATING
  YESTERDAY       47                        37     10       47
  MONTH TO DATE  379                       453    -74      523
  SINCE DEC 1   2142                      2635   -493     2739
  SINCE JUL 1   3033                      3791   -758     3953

 COOLING
  YESTERDAY        0                         0      0        0
  MONTH TO DATE    0                         0      0        0
  SINCE DEC 1      0                         0      0        0
  SINCE JAN 1      0                         0      0        0
..................................................................


WIND (MPH)
  HIGHEST WIND SPEED    25   HIGHEST WIND DIRECTION     N (350)
  HIGHEST GUST SPEED    37   HIGHEST GUST DIRECTION     N (350)
  AVERAGE WIND SPEED    14.6


SKY COVER
  POSSIBLE SUNSHINE  MM
  AVERAGE SKY COVER 1.0


WEATHER CONDITIONS
 THE FOLLOWING WEATHER WAS RECORDED YESTERDAY.
  HEAVY SNOW
  SNOW
  LIGHT SNOW
  FOG
  HAZE


RELATIVE HUMIDITY (PERCENT)
 HIGHEST    84           600 PM
 LOWEST     47           200 PM
 AVERAGE    66

..........................................................


THE ERIE PA CLIMATE NORMALS FOR TODAY
                         NORMAL    RECORD    YEAR
 MAXIMUM TEMPERATURE (F)   35        63      1990
 MINIMUM TEMPERATURE (F)   21       -10      1914


SUNRISE AND SUNSET
FEBRUARY 13 2016......SUNRISE   720 AM EST   SUNSET   550 PM EST
FEBRUARY 14 2016......SUNRISE   719 AM EST   SUNSET   552 PM EST


-  INDICATES NEGATIVE NUMBERS.
R  INDICATES RECORD WAS SET OR TIED.
MM INDICATES DATA IS MISSING.
T  INDICATES TRACE AMOUNT.




$$
