000
CXUS51 KCLE 041429
CLMERI
CLIMATE REPORT
NATIONAL WEATHER SERVICE CLEVELAND, OH
929 AM EST MON MAR 04 2024
...................................
...THE ERIE PA CLIMATE SUMMARY FOR THE MONTH OF FEBRUARY 2024...
CLIMATE NORMAL PERIOD 1991 TO 2020
CLIMATE RECORD PERIOD 1873 TO 2024
WEATHER OBSERVED NORMAL DEPART LAST YEAR`S
VALUE DATE(S) VALUE FROM VALUE
NORMAL
..............................................................
TEMPERATURE (F)
RECORD
HIGH 77 02/24/2017
LOW -18 02/16/2015
HIGHEST 66 02/27
LOWEST 18 02/18
AVG. MAXIMUM 43.7 36.5 7.2 44.2
AVG. MINIMUM 28.7 21.4 7.3 26.1
MEAN 36.2 28.9 7.3 35.2
DAYS MAX >= 90 0 0.0 0.0 0
DAYS MAX <= 32 4 12.1 -8.1 2
DAYS MIN <= 32 20 23.8 -3.8 24
DAYS MIN <= 0 0 0.9 -0.9 0
PRECIPITATION (INCHES)
RECORD
MAXIMUM 5.73 1990
MINIMUM 0.56 1902
TOTALS 1.30 2.52 -1.22 3.13
DAYS >= .01 9 15.4 -6.4 11
DAYS >= .10 3 7.5 -4.5 4
DAYS >= .50 0 1.1 -1.1 3
DAYS >= 1.00 0 0.1 -0.1 1
GREATEST
24 HR. TOTAL 0.47 02/22 TO 02/22 1.24
SNOWFALL (INCHES)
RECORDS
TOTAL 36.9 1947
TOTALS 0.8 19.4 -18.6 1.7
SINCE 7/1 22.3 87.2 -64.9 42.2
DAYS >= 1.0 0 5.8 -5.8 1
GREATEST
24 HR TOTAL 0.7 02/16 TO 02/16
DEGREE DAYS
HEATING TOTAL 827 1009 -182 826
SINCE 7/1 MM 4190 MM MM
COOLING TOTAL 0 0 0 0
SINCE 1/1 0 0 0 0
..............................................................
WIND (MPH)
AVERAGE WIND SPEED 9.9
HIGHEST WIND SPEED/DIRECTION 35/250 DATE 02/28
HIGHEST GUST SPEED/DIRECTION 58/260 DATE 02/28
SKY COVER
AVERAGE SKY COVER 0.54
AVERAGE RH (PERCENT) 67
WEATHER CONDITIONS. NUMBER OF DAYS WITH
THUNDERSTORM 2 MIXED PRECIP 0
HEAVY RAIN 1 RAIN 3
LIGHT RAIN 7 FREEZING RAIN 0
LT FREEZING RAIN 0 HAIL 1
HEAVY SNOW 0 SNOW 0
LIGHT SNOW 8 SLEET 0
FOG 14 FOG W/VIS <= 1/4 MILE 2
HAZE 6
- INDICATES NEGATIVE NUMBERS.
R INDICATES RECORD WAS SET OR TIED.
MM INDICATES DATA IS MISSING.
T INDICATES TRACE AMOUNT.
$$