000
CXUS51 KCLE 011535
CLMERI


CLIMATE REPORT
NATIONAL WEATHER SERVICE CLEVELAND OH
1114 AM EDT SAT NOV 1 2014

...................................

...THE ERIE PA CLIMATE SUMMARY FOR THE MONTH OF OCTOBER 2014...

CLIMATE NORMAL PERIOD 1981 TO 2010
CLIMATE RECORD PERIOD 1873 TO 2014

WEATHER         OBSERVED          NORMAL  DEPART  LAST YEAR`S
                 VALUE   DATE(S)  VALUE   FROM    VALUE  DATE(S)
                                          NORMAL
................................................................
TEMPERATURE (F)
RECORD
 HIGH              89   10/04/1951
 LOW               23   10/28/1895
HIGHEST            81   10/14
LOWEST             38   10/24
                        10/12
AVG. MAXIMUM     61.7              60.8     0.9     62.9
AVG. MINIMUM     46.9              45.3     1.6     47.8
MEAN             54.3              53.0     1.3     55.4
DAYS MAX >= 90      0               0.0     0.0        0
DAYS MAX <= 32      0               0.0     0.0        0
DAYS MIN <= 32      0               0.8    -0.8        1
DAYS MIN <= 0       0               0.0     0.0        0

PRECIPITATION (INCHES)
RECORD
 MAXIMUM         9.87   1954
 MINIMUM         0.02   1924
TOTALS           4.29              4.05    0.24     6.21
DAYS >= .01        18              13.4     4.6       18
DAYS >= .10        13               8.7     4.3       13
DAYS >= .50         2               2.7    -0.7        7
DAYS >= 1.00        0               0.7    -0.7        0
GREATEST
 24 HR. TOTAL    0.65   10/14 TO 10/15              1.21

SNOWFALL (INCHES)
RECORDS
 TOTAL           14.7   1925
TOTALS            0.0               0.2    -0.2      0.3
SINCE 7/1         0.0               0.2    -0.2      0.3
DAYS >= 1.0         0               0.1    -0.1        0

DEGREE_DAYS
HEATING TOTAL     330               379     -49      312
 SINCE 7/1        447               503     -56      444
COOLING TOTAL       7                 9      -2       20
 SINCE 1/1        603               638     -35      706
.................................................................

WIND (MPH)
AVERAGE WIND SPEED              10.0
HIGHEST WIND SPEED/DIRECTION    30/210    DATE  10/28
HIGHEST GUST SPEED/DIRECTION    40/220    DATE  10/03

SKY COVER
AVERAGE SKY COVER           0.60

AVERAGE RH (PERCENT)     69

WEATHER CONDITIONS. NUMBER OF DAYS WITH
THUNDERSTORM              0     MIXED PRECIP               0
HEAVY RAIN                3     RAIN                      10
LIGHT RAIN               19     FREEZING RAIN              0
LT FREEZING RAIN          0     HAIL                       0
HEAVY SNOW                0     SNOW                       0
LIGHT SNOW                0     SLEET                      0
FOG                      18     FOG W/VIS <= 1/4 MILE      0
HAZE                      5

-  INDICATES NEGATIVE NUMBERS.
R  INDICATES RECORD WAS SET OR TIED.
MM INDICATES DATA IS MISSING.
T  INDICATES TRACE AMOUNT.

$$
