000
CXUS51 KCLE 011753
CLMERI


CLIMATE REPORT
NATIONAL WEATHER SERVICE CLEVELAND OH
151 PM EDT MON JUN 1 2015

...................................

...THE ERIE PA CLIMATE SUMMARY FOR THE MONTH OF MAY 2015...

CLIMATE NORMAL PERIOD 1981 TO 2010
CLIMATE RECORD PERIOD 1873 TO 2015

WEATHER         OBSERVED          NORMAL  DEPART  LAST YEAR`S
                 VALUE   DATE(S)  VALUE   FROM    VALUE  DATE(S)
                                          NORMAL
................................................................
TEMPERATURE (F)
RECORD
 HIGH              91   05/30/1879
 LOW               26   05/07/1970
HIGHEST            87   05/09
LOWEST             36   05/23
                        05/14
AVG. MAXIMUM     72.9              66.6     6.3     66.9
AVG. MINIMUM     53.4              48.2     5.2     49.9
MEAN             63.1              57.4     5.7     58.4
DAYS MAX >= 90      0               0.1    -0.1        0
DAYS MAX <= 32      0               0.0     0.0        0
DAYS MIN <= 32      0               0.4    -0.4        0
DAYS MIN <= 0       0               0.0     0.0        0

PRECIPITATION (INCHES)
RECORD
 MAXIMUM         8.54   2011
 MINIMUM         0.55   1934
TOTALS           3.46              3.44    0.02     3.25
DAYS >= .01        15              12.8     2.2       14
DAYS >= .10         9               7.9     1.1        9
DAYS >= .50         1               2.4    -1.4        2
DAYS >= 1.00        1               0.4     0.6        0
GREATEST
 24 HR. TOTAL    1.38   05/30 TO 05/31              0.94

SNOWFALL (INCHES)
RECORDS
 TOTAL            1.7   5
                        0
                        -26215
TOTALS            0.0                 T     0.0      0.0
SINCE 7/1       110.3             100.9     9.4    138.4
SNOWDEPTH AVG.      0                MM      MM        0
DAYS >= 1.0         0               0.0     0.0        0
GREATEST
 SNOW DEPTH         0   MM                             0  MM
 24 HR TOTAL      0.0   05/31 TO 05/31

DEGREE_DAYS
HEATING TOTAL     162               267    -105      237
 SINCE 7/1       6614              6086     528     6727
COOLING TOTAL     112                32      80       39
 SINCE 1/1        112                39      73       39
.................................................................

WIND (MPH)
AVERAGE WIND SPEED              8.3
HIGHEST WIND SPEED/DIRECTION    33/050    DATE  05/31
HIGHEST GUST SPEED/DIRECTION    52/260    DATE  05/11

SKY COVER
AVERAGE SKY COVER           0.40

AVERAGE RH (PERCENT)     64

WEATHER CONDITIONS. NUMBER OF DAYS WITH
THUNDERSTORM              0     MIXED PRECIP               0
HEAVY RAIN                1     RAIN                       7
LIGHT RAIN               15     FREEZING RAIN              0
LT FREEZING RAIN          0     HAIL                       0
HEAVY SNOW                0     SNOW                       0
LIGHT SNOW                0     SLEET                      0
FOG                      12     FOG W/VIS <= 1/4 MILE      1
HAZE                      5

-  INDICATES NEGATIVE NUMBERS.
R  INDICATES RECORD WAS SET OR TIED.
MM INDICATES DATA IS MISSING.
T  INDICATES TRACE AMOUNT.

$$
