000
CXUS51 KCLE 022020
CLMERI


CLIMATE REPORT
NATIONAL WEATHER SERVICE CLEVELAND OH
314 PM EST MON JAN 2 2017

...................................

...THE ERIE PA CLIMATE SUMMARY FOR THE MONTH OF DECEMBER 2016...

CLIMATE NORMAL PERIOD 1981 TO 2010
CLIMATE RECORD PERIOD 1873 TO 2017

WEATHER         OBSERVED          NORMAL  DEPART  LAST YEAR`S
                 VALUE   DATE(S)  VALUE   FROM    VALUE
                                          NORMAL
.............................................................
TEMPERATURE (F)
RECORD
 HIGH              75   12/03/1982
 LOW              -11   12/30/1880
HIGHEST            63   12/26
LOWEST             12   12/19
                        12/16
AVG. MAXIMUM     38.0              38.1    -0.1     51.0
AVG. MINIMUM     27.5              26.6     0.9     36.9
MEAN             32.8              32.4     0.4     44.0
DAYS MAX >= 90      0               0.0     0.0        0
DAYS MAX <= 32      5               8.8    -3.8        0
DAYS MIN <= 32     21              22.5    -1.5        9
DAYS MIN <= 0       0               0.1    -0.1        0

PRECIPITATION (INCHES)
RECORD
 MAXIMUM         7.36   2008
 MINIMUM         0.66   1928
TOTALS           3.88              3.74    0.14     3.89
DAYS >= .01        19              19.2    -0.2       20
DAYS >= .10        13              10.5     2.5       13
DAYS >= .50         1               2.1    -1.1        1
DAYS >= 1.00        0               0.3    -0.3        0
GREATEST
 24 HR. TOTAL    1.71   12/13 TO 12/14              1.27

SNOWFALL (INCHES)
RECORDS
 TOTAL           66.9   1989
TOTALS           22.2              27.5    -5.3      4.9
SINCE 7/1        24.6              36.2   -11.6      5.4
DAYS >= 1.0         6               7.2    -1.2        2
GREATEST
 24 HR TOTAL      5.6   12/19 TO 12/19

DEGREE_DAYS
HEATING TOTAL     993              1012     -19      644
 SINCE 7/1       1773              2168    -395     1535
COOLING TOTAL       0                 0       0        0
 SINCE 1/1       1017               638     379      773
..............................................................

WIND (MPH)
AVERAGE WIND SPEED              13.1
HIGHEST WIND SPEED/DIRECTION    35/170    DATE  12/26
HIGHEST GUST SPEED/DIRECTION    46/180    DATE  12/31

SKY COVER
AVERAGE SKY COVER           0.80

AVERAGE RH (PERCENT)     70

WEATHER CONDITIONS. NUMBER OF DAYS WITH
THUNDERSTORM              0     MIXED PRECIP               0
HEAVY RAIN                1     RAIN                       4
LIGHT RAIN               11     FREEZING RAIN              0
LT FREEZING RAIN          1     HAIL                       0
HEAVY SNOW                0     SNOW                       7
LIGHT SNOW               20     SLEET                      0
FOG                      19     FOG W/VIS <= 1/4 MILE      3
HAZE                     16

-  INDICATES NEGATIVE NUMBERS.
R  INDICATES RECORD WAS SET OR TIED.
MM INDICATES DATA IS MISSING.
T  INDICATES TRACE AMOUNT.

$$
