000
CXUS51 KCLE 021924
CLMERI


CLIMATE REPORT
NATIONAL WEATHER SERVICE CLEVELAND OH
322 PM EDT TUE JUL 2 2013

...................................

...THE ERIE PA CLIMATE SUMMARY FOR THE MONTH OF JUNE 2013...

CLIMATE NORMAL PERIOD 1981 TO 2010
CLIMATE RECORD PERIOD 1873 TO 2013

WEATHER         OBSERVED          NORMAL  DEPART  LAST YEAR`S
                 VALUE   DATE(S)  VALUE   FROM    VALUE  DATE(S)
                                          NORMAL
................................................................
TEMPERATURE (F)
RECORD
 HIGH             100   06/25/1988
 LOW               32   06/11/1972
HIGHEST            88   06/22
LOWEST             44   06/04
AVG. MAXIMUM     73.6              75.7    -2.1     78.1
AVG. MINIMUM     59.2              58.4     0.8     60.9
MEAN             66.4              67.1    -0.7     69.5
DAYS MAX >= 90      0               0.5    -0.5        1
DAYS MAX <= 32      0               0.0     0.0        0
DAYS MIN <= 32      0               0.0     0.0        0
DAYS MIN <= 0       0               0.0     0.0        0

PRECIPITATION (INCHES)
RECORD
 MAXIMUM         8.35   1996
 MINIMUM         0.75   1991
TOTALS           7.28              3.76    3.52     1.56
DAYS >= .01        16              11.1     4.9        8
DAYS >= .10        12               7.2     4.8        4
DAYS >= .50         6               2.0     4.0        1
DAYS >= 1.00        2               0.9     1.1        0
GREATEST
 24 HR. TOTAL    1.79   06/01 TO 06/02              0.89

SNOWFALL (INCHES)
RECORDS
 TOTAL             MM   5
TOTALS            0.0               0.0     0.0      0.0
SINCE 7/1       105.5             100.9     4.6     47.6
SNOWDEPTH AVG.      0                MM      MM        0
DAYS >= 1.0         0               0.0     0.0        0
GREATEST
 SNOW DEPTH         0   MM                             0  MM
 24 HR TOTAL      0.0   06/30 TO 06/30

DEGREE_DAYS
HEATING TOTAL      68                61       7       43
 SINCE 7/1       5880              6147    -267     4948
COOLING TOTAL     118               123      -5      184
 SINCE 1/1        203               162      41      279
.................................................................

WIND (MPH)
AVERAGE WIND SPEED              7.3
HIGHEST WIND SPEED/DIRECTION    28/210    DATE  06/01
HIGHEST GUST SPEED/DIRECTION    40/260    DATE  06/16

SKY COVER
AVERAGE SKY COVER           0.40

AVERAGE RH (PERCENT)     73

WEATHER CONDITIONS. NUMBER OF DAYS WITH
THUNDERSTORM              0     MIXED PRECIP               0
HEAVY RAIN               10     RAIN                      12
LIGHT RAIN               17     FREEZING RAIN              0
LT FREEZING RAIN          0     HAIL                       0
HEAVY SNOW                0     SNOW                       0
LIGHT SNOW                0     SLEET                      0
FOG                      17     FOG W/VIS <= 1/4 MILE      3
HAZE                      7

-  INDICATES NEGATIVE NUMBERS.
R  INDICATES RECORD WAS SET OR TIED.
MM INDICATES DATA IS MISSING.
T  INDICATES TRACE AMOUNT.

$$
