000
CXUS51 KCLE 042341
CLMERI


CLIMATE REPORT
NATIONAL WEATHER SERVICE CLEVELAND OH
735 PM EDT MON JUL 4 2016

...................................

...THE ERIE PA CLIMATE SUMMARY FOR THE MONTH OF JUNE 2016...

CLIMATE NORMAL PERIOD 1981 TO 2010
CLIMATE RECORD PERIOD 1873 TO 2016

WEATHER         OBSERVED          NORMAL  DEPART  LAST YEAR`S
                 VALUE   DATE(S)  VALUE   FROM    VALUE
                                          NORMAL
.............................................................
TEMPERATURE (F)
RECORD
 HIGH             100   06/25/1988
 LOW               32   06/11/1972
HIGHEST            92   06/26
                        06/20
LOWEST             42   06/09
AVG. MAXIMUM     78.2              75.7     2.5     75.0
AVG. MINIMUM     58.8              58.4     0.4     58.7
MEAN             68.5              67.1     1.4     66.9
DAYS MAX >= 90      2               0.5     1.5        1
DAYS MAX <= 32      0               0.0     0.0        0
DAYS MIN <= 32      0               0.0     0.0        0
DAYS MIN <= 0       0               0.0     0.0        0

PRECIPITATION (INCHES)
RECORD
 MAXIMUM         8.35   1996
 MINIMUM         0.75   1991
TOTALS           1.84              3.76   -1.92     5.28
DAYS >= .01        10              11.1    -1.1       15
DAYS >= .10         4               7.2    -3.2       10
DAYS >= .50         2               2.0     0.0        4
DAYS >= 1.00        0               0.9    -0.9        2
GREATEST
 24 HR. TOTAL    0.77   06/26 TO 06/27              1.22

SNOWFALL (INCHES)
RECORDS
 TOTAL              T   1990
                        1933
TOTALS            0.0               0.0     0.0      0.0
SINCE 7/1        71.2             100.9   -29.7    110.3
DAYS >= 1.0         0               0.0     0.0        0
GREATEST
 24 HR TOTAL      0.0   06/30 TO 06/30

DEGREE_DAYS
HEATING TOTAL      40                61     -21       37
 SINCE 7/1       5210              6147    -937     6651
COOLING TOTAL     151               123      28      100
 SINCE 1/1        226               162      64      212
..............................................................

WIND (MPH)
AVERAGE WIND SPEED              8.1
HIGHEST WIND SPEED/DIRECTION    30/250    DATE  06/05
HIGHEST GUST SPEED/DIRECTION    45/260    DATE  06/05

SKY COVER
AVERAGE SKY COVER           0.20

AVERAGE RH (PERCENT)     61

WEATHER CONDITIONS. NUMBER OF DAYS WITH
THUNDERSTORM              0     MIXED PRECIP               0
HEAVY RAIN                4     RAIN                       2
LIGHT RAIN                8     FREEZING RAIN              0
LT FREEZING RAIN          0     HAIL                       0
HEAVY SNOW                0     SNOW                       0
LIGHT SNOW                0     SLEET                      0
FOG                       8     FOG W/VIS <= 1/4 MILE      0
HAZE                      2

-  INDICATES NEGATIVE NUMBERS.
R  INDICATES RECORD WAS SET OR TIED.
MM INDICATES DATA IS MISSING.
T  INDICATES TRACE AMOUNT.

$$
