000
CXUS51 KCLE 021423
CLMERI


CLIMATE REPORT
NATIONAL WEATHER SERVICE CLEVELAND OH
1023 AM EDT FRI MAY 2 2014

...................................

...THE ERIE PA CLIMATE SUMMARY FOR THE MONTH OF APRIL 2014...

CLIMATE NORMAL PERIOD 1981 TO 2010
CLIMATE RECORD PERIOD 1873 TO 2014

WEATHER         OBSERVED          NORMAL  DEPART  LAST YEAR`S
                 VALUE   DATE(S)  VALUE   FROM    VALUE  DATE(S)
                                          NORMAL
................................................................
TEMPERATURE (F)
RECORD
 HIGH              89   04/28/1990
 LOW               12   04/08/1982
                        04/01/1954
HIGHEST            80   04/13
LOWEST             21   04/16
AVG. MAXIMUM     56.9              56.1     0.8     56.1
AVG. MINIMUM     37.4              38.1    -0.7     37.3
MEAN             47.1              47.1     0.0     46.7
DAYS MAX >= 90      0               0.0     0.0        0
DAYS MAX <= 32      0               0.3    -0.3        0
DAYS MIN <= 32      8               8.2    -0.2        7
DAYS MIN <= 0       0               0.0     0.0        0

PRECIPITATION (INCHES)
RECORD
 MAXIMUM         8.88   1947
 MINIMUM         0.74   1915
TOTALS           3.82              3.33    0.49     2.46
DAYS >= .01        12              13.9    -1.9       14
DAYS >= .10        11               8.5     2.5        6
DAYS >= .50         2               2.3    -0.3        1
DAYS >= 1.00        0               0.3    -0.3        0
GREATEST
 24 HR. TOTAL    0.86   04/07 TO 04/08              0.73

SNOWFALL (INCHES)
RECORDS
 TOTAL           19.3   5
                        0
                        -26215
TOTALS            1.2               3.2    -2.0      1.0
SINCE 7/1       138.4             100.9    37.5    105.5
SNOWDEPTH AVG.      0                MM      MM        0
DAYS >= 1.0         1               1.0     0.0        1
GREATEST
 SNOW DEPTH         1   04/16                          0  MM
 24 HR TOTAL      1.2   MM

DEGREE_DAYS
HEATING TOTAL     530               543     -13      538
 SINCE 7/1       6490              5819     671     5627
COOLING TOTAL       0                 6      -6        0
 SINCE 1/1          0                 7      -7        0
.................................................................

WIND (MPH)
AVERAGE WIND SPEED              10.9
HIGHEST WIND SPEED/DIRECTION    39/140    DATE  04/29
HIGHEST GUST SPEED/DIRECTION    58/130    DATE  04/29

SKY COVER
AVERAGE SKY COVER           0.40

AVERAGE RH (PERCENT)     61

WEATHER CONDITIONS. NUMBER OF DAYS WITH
THUNDERSTORM              0     MIXED PRECIP               0
HEAVY RAIN                8     RAIN                      10
LIGHT RAIN               14     FREEZING RAIN              0
LT FREEZING RAIN          1     HAIL                       0
HEAVY SNOW                0     SNOW                       1
LIGHT SNOW                2     SLEET                      0
FOG                      13     FOG W/VIS <= 1/4 MILE      3
HAZE                      6

-  INDICATES NEGATIVE NUMBERS.
R  INDICATES RECORD WAS SET OR TIED.
MM INDICATES DATA IS MISSING.
T  INDICATES TRACE AMOUNT.

$$
