000
CXUS51 KCLE 082206
CLMERI


CLIMATE REPORT...CORRECTED
NATIONAL WEATHER SERVICE CLEVELAND OH
502 PM EST FRI JAN 8 2016

...................................

...THE ERIE PA CLIMATE SUMMARY FOR THE MONTH OF DECEMBER 2015...

CLIMATE NORMAL PERIOD 1981 TO 2010
CLIMATE RECORD PERIOD 1873 TO 2016

WEATHER         OBSERVED          NORMAL  DEPART  LAST YEAR`S
                 VALUE   DATE(S)  VALUE   FROM    VALUE
                                          NORMAL
.............................................................
TEMPERATURE (F)
RECORD
 HIGH              75   12/03/1982
 LOW              -11   12/30/1880
HIGHEST            69   12/14
LOWEST             24   12/20
AVG. MAXIMUM     51.0              38.1    12.9     40.8
AVG. MINIMUM     36.9              26.6    10.3     31.2
MEAN             44.0              32.4    11.6     36.0
DAYS MAX >= 90      0               0.0     0.0        0
DAYS MAX <= 32      0               8.8    -8.8        4
DAYS MIN <= 32      9              22.5   -13.5       18
DAYS MIN <= 0       0               0.1    -0.1        0

PRECIPITATION (INCHES)
RECORD
 MAXIMUM         7.36   2008
 MINIMUM         0.66   1928
TOTALS           3.89              3.74    0.15     2.45
DAYS >= .01        20              19.2     0.8       16
DAYS >= .10        13              10.5     2.5        8
DAYS >= .50         1               2.1    -1.1        1
DAYS >= 1.00        0               0.3    -0.3        0
GREATEST
 24 HR. TOTAL    1.27   12/26 TO 12/27              0.59

SNOWFALL (INCHES)
RECORDS
 TOTAL           66.9   1989
TOTALS            4.9              27.5   -22.6      5.5
SINCE 7/1         5.4              36.2   -30.8     30.5
DAYS >= 1.0         2               7.2    -5.2        2
GREATEST
 24 HR TOTAL      2.0   12/18 TO 12/18

DEGREE_DAYS
HEATING TOTAL     644              1012    -368      893
 SINCE 7/1       1535              2168    -633     2107
COOLING TOTAL       0                 0       0        0
 SINCE 1/1        773               638     135      603
..............................................................

WIND (MPH)
AVERAGE WIND SPEED              11.1
HIGHEST WIND SPEED/DIRECTION    40/140    DATE  12/28
HIGHEST GUST SPEED/DIRECTION    54/130    DATE  12/28

SKY COVER
AVERAGE SKY COVER           0.60

AVERAGE RH (PERCENT)     71

WEATHER CONDITIONS. NUMBER OF DAYS WITH
THUNDERSTORM              0     MIXED PRECIP               0
HEAVY RAIN                0     RAIN                       3
LIGHT RAIN               17     FREEZING RAIN              1
LT FREEZING RAIN          1     HAIL                       0
HEAVY SNOW                0     SNOW                       2
LIGHT SNOW                5     SLEET                      0
FOG                      20     FOG W/VIS <= 1/4 MILE      1
HAZE                     12

-  INDICATES NEGATIVE NUMBERS.
R  INDICATES RECORD WAS SET OR TIED.
MM INDICATES DATA IS MISSING.
T  INDICATES TRACE AMOUNT.

$$
...ADDED SNOWFALL DATA...
