000
CXUS51 KCLE 022344
CLMERI


CLIMATE REPORT
NATIONAL WEATHER SERVICE CLEVELAND OH
739 PM EDT MON SEP 2 2013

...................................

...THE ERIE PA CLIMATE SUMMARY FOR THE MONTH OF AUGUST 2013...

CLIMATE NORMAL PERIOD 1981 TO 2010
CLIMATE RECORD PERIOD 1873 TO 2013

WEATHER         OBSERVED          NORMAL  DEPART  LAST YEAR`S
                 VALUE   DATE(S)  VALUE   FROM    VALUE  DATE(S)
                                          NORMAL
................................................................
TEMPERATURE (F)
RECORD
 HIGH              96   08/06/1918
 LOW               37   08/29/1982
HIGHEST            85   08/30
                        08/26
LOWEST             53   08/15
                        08/05
AVG. MAXIMUM     77.3              78.6    -1.3     79.6
AVG. MINIMUM     62.5              62.5     0.0     62.8
MEAN             69.9              70.5    -0.6     71.2
DAYS MAX >= 90      0               0.6    -0.6        3
DAYS MAX <= 32      0               0.0     0.0        0
DAYS MIN <= 32      0               0.0     0.0        0
DAYS MIN <= 0       0               0.0     0.0        0

PRECIPITATION (INCHES)
RECORD
 MAXIMUM        11.06   1977
 MINIMUM         0.29   1929
TOTALS           3.74              3.47    0.27     2.41
DAYS >= .01        11              10.3     0.7        8
DAYS >= .10         7               6.1     0.9        7
DAYS >= .50         4               2.1     1.9        1
DAYS >= 1.00        1               0.9     0.1        0
GREATEST
 24 HR. TOTAL    1.45   08/12 TO 08/13              0.84

SNOWFALL (INCHES)
RECORDS
 TOTAL             MM   5
TOTALS            0.0               0.0     0.0      0.0
SINCE 7/1         0.0               0.0     0.0      0.0
SNOWDEPTH AVG.      0                 0       0        0
DAYS >= 1.0         0               0.0     0.0        0
GREATEST
 SNOW DEPTH         0   MM                             0  MM
 24 HR TOTAL      0.0   08/31 TO 08/31

DEGREE_DAYS
HEATING TOTAL       9                11      -2        3
 SINCE 7/1         12                18      -6        3
COOLING TOTAL     171               183     -12      203
 SINCE 1/1        621               558      63      805
.................................................................

WIND (MPH)
AVERAGE WIND SPEED              6.6
HIGHEST WIND SPEED/DIRECTION    28/310    DATE  08/26
HIGHEST GUST SPEED/DIRECTION    43/330    DATE  08/26

SKY COVER
AVERAGE SKY COVER           0.30

AVERAGE RH (PERCENT)     69

WEATHER CONDITIONS. NUMBER OF DAYS WITH
THUNDERSTORM              0     MIXED PRECIP               0
HEAVY RAIN                7     RAIN                       6
LIGHT RAIN               13     FREEZING RAIN              0
LT FREEZING RAIN          0     HAIL                       0
HEAVY SNOW                0     SNOW                       0
LIGHT SNOW                0     SLEET                      0
FOG                      13     FOG W/VIS <= 1/4 MILE      0
HAZE                     10

-  INDICATES NEGATIVE NUMBERS.
R  INDICATES RECORD WAS SET OR TIED.
MM INDICATES DATA IS MISSING.
T  INDICATES TRACE AMOUNT.

$$
