605
CXUS51 KCLE 021848
CLMERI


CLIMATE REPORT
NATIONAL WEATHER SERVICE CLEVELAND OH
245 PM EDT THU JUN 2 2016

...................................

...THE ERIE PA CLIMATE SUMMARY FOR THE MONTH OF MAY 2016...

CLIMATE NORMAL PERIOD 1981 TO 2010
CLIMATE RECORD PERIOD 1873 TO 2016

WEATHER         OBSERVED          NORMAL  DEPART  LAST YEAR`S
                 VALUE   DATE(S)  VALUE   FROM    VALUE
                                          NORMAL
.............................................................
TEMPERATURE (F)
RECORD
 HIGH              91   05/30/1879
 LOW               26   05/07/1970
HIGHEST            90   05/28
LOWEST             36   05/15
AVG. MAXIMUM     67.6              66.6     1.0     72.9
AVG. MINIMUM     49.4              48.2     1.2     53.4
MEAN             58.5              57.4     1.1     63.1
DAYS MAX >= 90      1               0.1     0.9        0
DAYS MAX <= 32      0               0.0     0.0        0
DAYS MIN <= 32      0               0.4    -0.4        0
DAYS MIN <= 0       0               0.0     0.0        0

PRECIPITATION (INCHES)
RECORD
 MAXIMUM         8.54   2011
 MINIMUM         0.55   1934
TOTALS           1.57              3.44   -1.87     3.46
DAYS >= .01        11              12.8    -1.8       15
DAYS >= .10         5               7.9    -2.9        9
DAYS >= .50         0               2.4    -2.4        1
DAYS >= 1.00        0               0.4    -0.4        1
GREATEST
 24 HR. TOTAL    0.49   04/30 TO 05/01              1.38

SNOWFALL (INCHES)
RECORDS
 TOTAL            1.7   1923
TOTALS              T                 T     0.0      0.0
SINCE 7/1        71.2             100.9   -29.7    110.3
DAYS >= 1.0         0               0.0     0.0        0
GREATEST
 24 HR TOTAL        T   05/15 TO 05/15

DEGREE_DAYS
HEATING TOTAL     269               267       2      162
 SINCE 7/1       5170              6086    -916     6614
COOLING TOTAL      75                32      43      112
 SINCE 1/1         75                39      36      112
..............................................................

WIND (MPH)
AVERAGE WIND SPEED              7.3
HIGHEST WIND SPEED/DIRECTION    30/250    DATE  05/14
HIGHEST GUST SPEED/DIRECTION    43/240    DATE  05/14

SKY COVER
AVERAGE SKY COVER           0.30

AVERAGE RH (PERCENT)     67

WEATHER CONDITIONS. NUMBER OF DAYS WITH
THUNDERSTORM              0     MIXED PRECIP               0
HEAVY RAIN                1     RAIN                       3
LIGHT RAIN               11     FREEZING RAIN              0
LT FREEZING RAIN          0     HAIL                       0
HEAVY SNOW                0     SNOW                       0
LIGHT SNOW                1     SLEET                      0
FOG                       8     FOG W/VIS <= 1/4 MILE      1
HAZE                      3

-  INDICATES NEGATIVE NUMBERS.
R  INDICATES RECORD WAS SET OR TIED.
MM INDICATES DATA IS MISSING.
T  INDICATES TRACE AMOUNT.

$$
