000
CXUS51 KCLE 011743
CLMERI


CLIMATE REPORT
NATIONAL WEATHER SERVICE CLEVELAND OH
141 PM EDT WED MAY 1 2013

...................................

...THE ERIE PA CLIMATE SUMMARY FOR THE MONTH OF APRIL 2013...

CLIMATE NORMAL PERIOD 1981 TO 2010
CLIMATE RECORD PERIOD 1873 TO 2013

WEATHER         OBSERVED          NORMAL  DEPART  LAST YEAR`S
                 VALUE   DATE(S)  VALUE   FROM    VALUE  DATE(S)
                                          NORMAL
................................................................
TEMPERATURE (F)
RECORD
 HIGH              89   04/28/1990
 LOW               12   04/08/1982
                        04/01/1954
HIGHEST            85   04/18
LOWEST             22   04/06
AVG. MAXIMUM     56.1              56.1     0.0     55.2
AVG. MINIMUM     37.3              38.1    -0.8     36.0
MEAN             46.7              47.1    -0.4     45.6
DAYS MAX >= 90      0               0.0     0.0        0
DAYS MAX <= 32      0               0.3    -0.3        0
DAYS MIN <= 32      7               8.2    -1.2       11
DAYS MIN <= 0       0               0.0     0.0        0

PRECIPITATION (INCHES)
RECORD
 MAXIMUM         8.88   1947
 MINIMUM         0.74   1915
TOTALS           2.46              3.33   -0.87     2.17
DAYS >= .01        14              13.9     0.1       12
DAYS >= .10         6               8.5    -2.5        4
DAYS >= .50         1               2.3    -1.3        2
DAYS >= 1.00        0               0.3    -0.3        0
GREATEST
 24 HR. TOTAL    0.73   04/09 TO 04/10              0.71

SNOWFALL (INCHES)
RECORDS
 TOTAL           19.3   5
                        0
                        -26215
TOTALS            1.0               3.2    -2.2      0.5
SINCE 7/1       105.5             100.9     4.6     47.6
SNOWDEPTH AVG.      0                MM      MM        0
DAYS >= 1.0         1               1.0     0.0        0
GREATEST
 SNOW DEPTH         0   MM                             0  MM
 24 HR TOTAL      1.0   04/20 TO 04/20

DEGREE_DAYS
HEATING TOTAL     538               543      -5      578
 SINCE 7/1       5627              5819    -192     4775
COOLING TOTAL       0                 6      -6        4
 SINCE 1/1          0                 7      -7       11
.................................................................

WIND (MPH)
AVERAGE WIND SPEED              10.9
HIGHEST WIND SPEED/DIRECTION    35/270    DATE  04/19
HIGHEST GUST SPEED/DIRECTION    49/190    DATE  04/07

SKY COVER
AVERAGE SKY COVER           0.50

AVERAGE RH (PERCENT)     64

WEATHER CONDITIONS. NUMBER OF DAYS WITH
THUNDERSTORM              0     MIXED PRECIP               0
HEAVY RAIN                5     RAIN                       6
LIGHT RAIN               13     FREEZING RAIN              0
LT FREEZING RAIN          0     HAIL                       0
HEAVY SNOW                0     SNOW                       1
LIGHT SNOW                4     SLEET                      0
FOG                      14     FOG W/VIS <= 1/4 MILE      3
HAZE                      4

-  INDICATES NEGATIVE NUMBERS.
R  INDICATES RECORD WAS SET OR TIED.
MM INDICATES DATA IS MISSING.
T  INDICATES TRACE AMOUNT.

$$
