000
CXUS51 KCLE 010530
CLMERI


CLIMATE REPORT
NATIONAL WEATHER SERVICE CLEVELAND OH
1230 AM EST SAT MAR 1 2014

...................................

...THE ERIE PA CLIMATE SUMMARY FOR THE MONTH OF FEBRUARY 2014...

CLIMATE NORMAL PERIOD 1981 TO 2010
CLIMATE RECORD PERIOD 1873 TO 2014

WEATHER         OBSERVED          NORMAL  DEPART  LAST YEAR`S
                 VALUE   DATE(S)  VALUE   FROM    VALUE  DATE(S)
                                          NORMAL
................................................................
TEMPERATURE (F)
RECORD
 HIGH              75   02/26/2000
 LOW              -17   02/11/1979
HIGHEST            55   02/21
LOWEST             -7   02/28
                        02/17
AVG. MAXIMUM     28.3              35.5    -7.2     33.4
AVG. MINIMUM     12.5              21.1    -8.6     20.6
MEAN             20.4              28.3    -7.9     27.0
DAYS MAX >= 90      0               0.0     0.0        0
DAYS MAX <= 32     20              11.5     8.5       12
DAYS MIN <= 32     26              24.2     1.8       26
DAYS MIN <= 0       4               0.5     3.5        0

PRECIPITATION (INCHES)
RECORD
 MAXIMUM         5.73   1990
 MINIMUM         0.56   1902
TOTALS           3.43              2.39    1.04     3.19
DAYS >= .01        17              15.0     2.0       15
DAYS >= .10        11               6.7     4.3       10
DAYS >= .50         3               0.9     2.1        1
DAYS >= 1.00        0               0.2    -0.2        0
GREATEST
 24 HR. TOTAL    0.86   02/01 TO 02/02              0.84

SNOWFALL (INCHES)
RECORDS
 TOTAL           36.9   5
                        0
                        -26215
TOTALS           28.9              18.2    10.7     26.7
SINCE 7/1       120.6              84.0    36.6     79.2
SNOWDEPTH AVG.      4                 4       0        1
DAYS >= 1.0        10               5.2     4.8        8
GREATEST
 SNOW DEPTH         9   02/11                          7  02/04
                        02/10
                        02/06
 24 HR TOTAL      8.1   MM

DEGREE_DAYS
HEATING TOTAL    1240              1027     213     1054
 SINCE 7/1       4821              4365     456     4094
COOLING TOTAL       0                 0       0        0
 SINCE 1/1          0                 0       0        0
.................................................................

WIND (MPH)
AVERAGE WIND SPEED              9.0
HIGHEST WIND SPEED/DIRECTION    36/150    DATE  02/17
HIGHEST GUST SPEED/DIRECTION    52/150    DATE  02/17

SKY COVER
AVERAGE SKY COVER           0.60

AVERAGE RH (PERCENT)     70

WEATHER CONDITIONS. NUMBER OF DAYS WITH
THUNDERSTORM              0     MIXED PRECIP               0
HEAVY RAIN                1     RAIN                       3
LIGHT RAIN                4     FREEZING RAIN              0
LT FREEZING RAIN          0     HAIL                       0
HEAVY SNOW                1     SNOW                       9
LIGHT SNOW               19     SLEET                      0
FOG                      23     FOG W/VIS <= 1/4 MILE      3
HAZE                     20

-  INDICATES NEGATIVE NUMBERS.
R  INDICATES RECORD WAS SET OR TIED.
MM INDICATES DATA IS MISSING.
T  INDICATES TRACE AMOUNT.

$$
