000
CXUS51 KCLE 011757
CLMERI


CLIMATE REPORT
NATIONAL WEATHER SERVICE CLEVELAND OH
1248 PM EST SUN NOV 1 2015

...................................

...THE ERIE PA CLIMATE SUMMARY FOR THE MONTH OF OCTOBER 2015...

CLIMATE NORMAL PERIOD 1981 TO 2010
CLIMATE RECORD PERIOD 1873 TO 2015

WEATHER         OBSERVED          NORMAL  DEPART  LAST YEAR`S
                 VALUE   DATE(S)  VALUE   FROM    VALUE
                                          NORMAL
.............................................................
TEMPERATURE (F)
RECORD
 HIGH              89   10/04/1951
 LOW               23   10/28/1895
HIGHEST            76   10/12
LOWEST             33   10/19
                        10/18
AVG. MAXIMUM     61.2              60.8     0.4     61.7
AVG. MINIMUM     46.6              45.3     1.3     46.9
MEAN             53.9              53.0     0.9     54.3
DAYS MAX >= 90      0               0.0     0.0        0
DAYS MAX <= 32      0               0.0     0.0        0
DAYS MIN <= 32      0               0.8    -0.8        0
DAYS MIN <= 0       0               0.0     0.0        0

PRECIPITATION (INCHES)
RECORD
 MAXIMUM         9.87   1954
 MINIMUM         0.02   1924
TOTALS           2.21              4.05   -1.84     4.29
DAYS >= .01        14              13.4     0.6       18
DAYS >= .10         6               8.7    -2.7       13
DAYS >= .50         1               2.7    -1.7        2
DAYS >= 1.00        0               0.7    -0.7        0
GREATEST
 24 HR. TOTAL    0.68   10/28 TO 10/28              0.65

SNOWFALL (INCHES)
RECORDS
 TOTAL           14.7   5
                        0

TOTALS              T               0.2    -0.2      0.0
SINCE 7/1           T               0.2    -0.2      0.0
DAYS >= 1.0         0               0.1    -0.1        0
GREATEST
 24 HR TOTAL        T   10/18 TO 10/18

DEGREE_DAYS
HEATING TOTAL     336               379     -43      330
 SINCE 7/1        387               503    -116      447
COOLING TOTAL       1                 9      -8        7
 SINCE 1/1        769               638     131      603
..............................................................

WIND (MPH)
AVERAGE WIND SPEED              11.0
HIGHEST WIND SPEED/DIRECTION    39/150    DATE  10/28
HIGHEST GUST SPEED/DIRECTION    54/150    DATE  10/28

SKY COVER
AVERAGE SKY COVER           0.50

AVERAGE RH (PERCENT)     64

WEATHER CONDITIONS. NUMBER OF DAYS WITH
THUNDERSTORM              0     MIXED PRECIP               0
HEAVY RAIN                1     RAIN                       2
LIGHT RAIN               17     FREEZING RAIN              0
LT FREEZING RAIN          0     HAIL                       0
HEAVY SNOW                0     SNOW                       0
LIGHT SNOW                2     SLEET                      0
FOG                       9     FOG W/VIS <= 1/4 MILE      1
HAZE                      5

-  INDICATES NEGATIVE NUMBERS.
R  INDICATES RECORD WAS SET OR TIED.
MM INDICATES DATA IS MISSING.
T  INDICATES TRACE AMOUNT.

$$
