801
CXUS51 KCLE 021325
CLMERI


CLIMATE REPORT
NATIONAL WEATHER SERVICE CLEVELAND OH
821 AM EST WED DEC 2 2015

...................................

...THE ERIE PA CLIMATE SUMMARY FOR THE SEASON, FROM
9/1/2015 TO 11/30/2015...

CLIMATE NORMAL PERIOD 1981 TO 2010
CLIMATE RECORD PERIOD 1873 TO 2015

WEATHER         OBSERVED          NORMAL  DEPART
                 VALUE   DATE(S)  VALUE   FROM
                                          NORMAL
................................................
TEMPERATURE (F)
RECORD
 HIGH              99   09/03/1953
 LOW                6   11/30/1929
                        11/22/1880
HIGHEST            90   09/07
LOWEST             23   11/30
AVG. MAXIMUM     64.8              60.9     3.9
AVG. MINIMUM     49.2              45.9     3.3
MEAN             57.0              53.4     3.6
DAYS MAX >= 90      1               0.1
DAYS MAX <= 32      0               0.9
DAYS MIN <= 32      5               9.6
DAYS MIN <= 0       0               0.0

PRECIPITATION (INCHES)
RECORD
 MAXIMUM        20.91   1979
 MINIMUM         4.52   1908
TOTALS           9.77             12.59   -2.82
DAYS >= .01        32              40.0
DAYS >= .10        18              26.0
DAYS >= .50         6               8.0
DAYS >= 1.00        2               2.4

SNOWFALL (INCHES)
RECORDS
 TOTAL           46.9   1950
TOTALS            0.5               8.7
DAYS >= TRACE       4
DAYS >= 1.0         0               2.2

DEGREE_DAYS
HEATING TOTAL     873              1138    -265
COOLING TOTAL     167                80      87
.................................................

WIND (MPH)
HIGHEST GUST SPEED/DIRECTION    54/150    DATE  10/28

SKY COVER
POSSIBLE SUNSHINE (PERCENT)   MM
NUMBER OF DAYS FAIR           44
NUMBER OF DAYS PC             20
NUMBER OF DAYS CLOUDY         27


WEATHER CONDITIONS. NUMBER OF DAYS WITH
THUNDERSTORM              0     MIXED PRECIP               0
HEAVY RAIN                5     RAIN                       7
LIGHT RAIN               37     FREEZING RAIN              0
LT FREEZING RAIN          0     HAIL                       0
HEAVY SNOW                0     SNOW                       0
LIGHT SNOW                4     SLEET                      0
FOG                      27     FOG W/VIS <= 1/4 MILE      1
HAZE                     20

-  INDICATES NEGATIVE NUMBERS.
R  INDICATES RECORD WAS SET OR TIED.
MM INDICATES DATA IS MISSING.
T  INDICATES TRACE AMOUNT.

$$
